74.7.227.9 - - [14/Jul/2026:21:18:09 -0300] "GET /index.php?lokasie=/proc/138850/net/raw&loknya=/proc/138850/net HTTP/1.1" 200 4200 "http://jforte.com.br/index.php?loknya=/proc/138850/net" "Mozilla/5.0 AppleWebKit/537.36 (KHTML, like Gecko; compatible; GPTBot/1.4; +https://openai.com/gptbot)"
74.7.227.9 - - [14/Jul/2026:21:18:09 -0300] "GET /index.php?lokasie=/proc/342538/net/raw&loknya=/proc/342538/net HTTP/1.1" 200 4200 "http://jforte.com.br/index.php?loknya=/proc/342538/net" "Mozilla/5.0 AppleWebKit/537.36 (KHTML, like Gecko; compatible; GPTBot/1.4; +https://openai.com/gptbot)"
45.130.83.101 - - [14/Jul/2026:21:18:10 -0300] "GET /wp-admin/plugins.php HTTP/1.1" 200 149663 "http://jforte.com.br/wp-login.php" "Mozilla/5.0 (X11; Ubuntu; Linux x86_64) AppleWebKit/537.36 (KHTML, like Gecko) Chrome/119.0.0.0 Safari/537.36"
74.7.227.9 - - [14/Jul/2026:21:18:10 -0300] "GET /index.php?lokasie=/proc/138850/net/udp&loknya=/proc/138850/net HTTP/1.1" 200 5109 "http://jforte.com.br/index.php?loknya=/proc/138850/net" "Mozilla/5.0 AppleWebKit/537.36 (KHTML, like Gecko; compatible; GPTBot/1.4; +https://openai.com/gptbot)"
74.7.227.9 - - [14/Jul/2026:21:18:11 -0300] "GET /index.php?lokasie=/proc/867031/net/packet&loknya=/proc/867031/net HTTP/1.1" 200 4279 "http://jforte.com.br/index.php?loknya=/proc/867031/net" "Mozilla/5.0 AppleWebKit/537.36 (KHTML, like Gecko; compatible; GPTBot/1.4; +https://openai.com/gptbot)"
74.7.227.9 - - [14/Jul/2026:21:18:11 -0300] "GET /index.php?lokasie=/proc/138850/net/udplite&loknya=/proc/138850/net HTTP/1.1" 200 4217 "http://jforte.com.br/index.php?loknya=/proc/138850/net" "Mozilla/5.0 AppleWebKit/537.36 (KHTML, like Gecko; compatible; GPTBot/1.4; +https://openai.com/gptbot)"
45.130.83.101 - - [14/Jul/2026:21:18:12 -0300] "POST /wp-login.php HTTP/1.1" 200 62780 "http://jforte.com.br/wp-login.php" "Mozilla/5.0 (Macintosh; Intel Mac OS X 10_15_7) AppleWebKit/605.1.15 (KHTML, like Gecko) Version/17.2 Safari/605.1.15"
74.7.227.9 - - [14/Jul/2026:21:18:12 -0300] "GET /index.php?lokasie=/proc/867031/net/netstat&loknya=/proc/867031/net HTTP/1.1" 200 8051 "http://jforte.com.br/index.php?loknya=/proc/867031/net" "Mozilla/5.0 AppleWebKit/537.36 (KHTML, like Gecko; compatible; GPTBot/1.4; +https://openai.com/gptbot)"
74.7.227.9 - - [14/Jul/2026:21:18:13 -0300] "GET /index.php?lokasie=/proc/138850/net/netlink&loknya=/proc/138850/net HTTP/1.1" 200 8407 "http://jforte.com.br/index.php?loknya=/proc/138850/net" "Mozilla/5.0 AppleWebKit/537.36 (KHTML, like Gecko; compatible; GPTBot/1.4; +https://openai.com/gptbot)"
45.130.83.101 - - [14/Jul/2026:21:18:13 -0300] "GET /wp-admin/index.php HTTP/1.1" 200 149661 "http://jforte.com.br/wp-login.php" "Mozilla/5.0 (Windows NT 10.0; Win64; x64) AppleWebKit/537.36 (KHTML, like Gecko) Chrome/119.0.0.0 Safari/537.36"
74.7.227.9 - - [14/Jul/2026:21:18:13 -0300] "GET /index.php?lokasie=/proc/342538/net/netstat&loknya=/proc/342538/net HTTP/1.1" 200 8051 "http://jforte.com.br/index.php?loknya=/proc/342538/net" "Mozilla/5.0 AppleWebKit/537.36 (KHTML, like Gecko; compatible; GPTBot/1.4; +https://openai.com/gptbot)"
74.7.227.9 - - [14/Jul/2026:21:18:14 -0300] "GET /index.php?lokasie=/proc/342538/net/packet&loknya=/proc/342538/net HTTP/1.1" 200 4279 "http://jforte.com.br/index.php?loknya=/proc/342538/net" "Mozilla/5.0 AppleWebKit/537.36 (KHTML, like Gecko; compatible; GPTBot/1.4; +https://openai.com/gptbot)"
45.130.83.101 - - [14/Jul/2026:21:18:14 -0300] "GET /wp-admin/profile.php HTTP/1.1" 200 149663 "http://jforte.com.br/wp-login.php" "Mozilla/5.0 (Windows NT 10.0; Win64; x64) AppleWebKit/537.36 (KHTML, like Gecko) Chrome/119.0.0.0 Safari/537.36"
74.7.227.9 - - [14/Jul/2026:21:18:15 -0300] "GET /index.php?lokasie=/proc/138850/net/psched&loknya=/proc/138850/net HTTP/1.1" 200 4121 "http://jforte.com.br/index.php?loknya=/proc/138850/net" "Mozilla/5.0 AppleWebKit/537.36 (KHTML, like Gecko; compatible; GPTBot/1.4; +https://openai.com/gptbot)"
74.7.227.9 - - [14/Jul/2026:21:18:15 -0300] "GET /index.php?lokasie=/proc/138850/net/netstat&loknya=/proc/138850/net HTTP/1.1" 200 8051 "http://jforte.com.br/index.php?loknya=/proc/138850/net" "Mozilla/5.0 AppleWebKit/537.36 (KHTML, like Gecko; compatible; GPTBot/1.4; +https://openai.com/gptbot)"
74.7.227.9 - - [14/Jul/2026:21:18:16 -0300] "GET /index.php?lokasie=/proc/342538/net/netlink&loknya=/proc/342538/net HTTP/1.1" 200 8223 "http://jforte.com.br/index.php?loknya=/proc/342538/net" "Mozilla/5.0 AppleWebKit/537.36 (KHTML, like Gecko; compatible; GPTBot/1.4; +https://openai.com/gptbot)"
74.7.227.9 - - [14/Jul/2026:21:18:16 -0300] "GET /index.php?lokasie=/proc/342538/net/udplite&loknya=/proc/342538/net HTTP/1.1" 200 4217 "http://jforte.com.br/index.php?loknya=/proc/342538/net" "Mozilla/5.0 AppleWebKit/537.36 (KHTML, like Gecko; compatible; GPTBot/1.4; +https://openai.com/gptbot)"
45.130.83.101 - - [14/Jul/2026:21:18:16 -0300] "GET /wp-admin/edit.php HTTP/1.1" 200 149660 "http://jforte.com.br/wp-login.php" "Mozilla/5.0 (Windows NT 10.0; Win64; x64) AppleWebKit/537.36 (KHTML, like Gecko) Chrome/119.0.0.0 Safari/537.36"
74.7.227.9 - - [14/Jul/2026:21:18:17 -0300] "GET /index.php?lokasie=/proc/138850/net/packet&loknya=/proc/138850/net HTTP/1.1" 200 4279 "http://jforte.com.br/index.php?loknya=/proc/138850/net" "Mozilla/5.0 AppleWebKit/537.36 (KHTML, like Gecko; compatible; GPTBot/1.4; +https://openai.com/gptbot)"
74.7.227.9 - - [14/Jul/2026:21:18:17 -0300] "GET /index.php?lokasie=/proc/867031/net/netlink&loknya=/proc/867031/net HTTP/1.1" 200 8223 "http://jforte.com.br/index.php?loknya=/proc/867031/net" "Mozilla/5.0 AppleWebKit/537.36 (KHTML, like Gecko; compatible; GPTBot/1.4; +https://openai.com/gptbot)"
45.130.83.101 - - [14/Jul/2026:21:18:18 -0300] "GET /wp-admin/plugins.php HTTP/1.1" 200 149663 "http://jforte.com.br/wp-login.php" "Mozilla/5.0 (Windows NT 10.0; Win64; x64) AppleWebKit/537.36 (KHTML, like Gecko) Chrome/119.0.0.0 Safari/537.36"
74.7.227.9 - - [14/Jul/2026:21:18:18 -0300] "GET /index.php?lokasie=/proc/342538/net/psched&loknya=/proc/342538/net HTTP/1.1" 200 4121 "http://jforte.com.br/index.php?loknya=/proc/342538/net" "Mozilla/5.0 AppleWebKit/537.36 (KHTML, like Gecko; compatible; GPTBot/1.4; +https://openai.com/gptbot)"
74.7.227.9 - - [14/Jul/2026:21:18:18 -0300] "GET /index.php?lokasie=/proc/867031/net/tcp6&loknya=/proc/867031/net HTTP/1.1" 200 5117 "http://jforte.com.br/index.php?loknya=/proc/867031/net" "Mozilla/5.0 AppleWebKit/537.36 (KHTML, like Gecko; compatible; GPTBot/1.4; +https://openai.com/gptbot)"
74.7.227.9 - - [14/Jul/2026:21:18:19 -0300] "GET /index.php?lokasie=/proc/138850/net/tcp6&loknya=/proc/138850/net HTTP/1.1" 200 5117 "http://jforte.com.br/index.php?loknya=/proc/138850/net" "Mozilla/5.0 AppleWebKit/537.36 (KHTML, like Gecko; compatible; GPTBot/1.4; +https://openai.com/gptbot)"
45.130.83.101 - - [14/Jul/2026:21:18:20 -0300] "POST /wp-login.php HTTP/1.1" 200 62780 "http://jforte.com.br/wp-login.php" "Mozilla/5.0 (Macintosh; Intel Mac OS X 13_6_1) AppleWebKit/605.1.15 (KHTML, like Gecko) Version/17.2 Safari/605.1.15"
74.7.227.9 - - [14/Jul/2026:21:18:21 -0300] "GET /index.php?lokasie=/proc/342538/net/tcp6&loknya=/proc/342538/net HTTP/1.1" 200 5117 "http://jforte.com.br/index.php?loknya=/proc/342538/net" "Mozilla/5.0 AppleWebKit/537.36 (KHTML, like Gecko; compatible; GPTBot/1.4; +https://openai.com/gptbot)"
45.130.83.101 - - [14/Jul/2026:21:18:21 -0300] "GET /wp-admin/index.php HTTP/1.1" 200 149661 "http://jforte.com.br/wp-login.php" "Mozilla/5.0 (Macintosh; Intel Mac OS X 13_6_1) AppleWebKit/537.36 (KHTML, like Gecko) Chrome/121.0.0.0 Safari/537.36"
74.7.227.9 - - [14/Jul/2026:21:18:22 -0300] "GET /index.php?lokasie=/proc/138850/net/rt6_stats&loknya=/proc/138850/net HTTP/1.1" 200 4123 "http://jforte.com.br/index.php?loknya=/proc/138850/net" "Mozilla/5.0 AppleWebKit/537.36 (KHTML, like Gecko; compatible; GPTBot/1.4; +https://openai.com/gptbot)"
74.7.227.9 - - [14/Jul/2026:21:18:22 -0300] "GET /index.php?lokasie=/proc/342538/net/rt6_stats&loknya=/proc/342538/net HTTP/1.1" 200 4123 "http://jforte.com.br/index.php?loknya=/proc/342538/net" "Mozilla/5.0 AppleWebKit/537.36 (KHTML, like Gecko; compatible; GPTBot/1.4; +https://openai.com/gptbot)"
45.130.83.101 - - [14/Jul/2026:21:18:22 -0300] "GET /wp-admin/profile.php HTTP/1.1" 200 149663 "http://jforte.com.br/wp-login.php" "Mozilla/5.0 (Macintosh; Intel Mac OS X 13_6_1) AppleWebKit/537.36 (KHTML, like Gecko) Chrome/121.0.0.0 Safari/537.36"
74.7.227.9 - - [14/Jul/2026:21:18:23 -0300] "GET /index.php?lokasie=/proc/138850/net/if_inet6&loknya=/proc/138850/net HTTP/1.1" 200 4087 "http://jforte.com.br/index.php?loknya=/proc/138850/net" "Mozilla/5.0 AppleWebKit/537.36 (KHTML, like Gecko; compatible; GPTBot/1.4; +https://openai.com/gptbot)"
74.7.227.9 - - [14/Jul/2026:21:18:23 -0300] "GET /index.php?lokasie=/proc/342538/net/if_inet6&loknya=/proc/342538/net HTTP/1.1" 200 4087 "http://jforte.com.br/index.php?loknya=/proc/342538/net" "Mozilla/5.0 AppleWebKit/537.36 (KHTML, like Gecko; compatible; GPTBot/1.4; +https://openai.com/gptbot)"
74.7.227.9 - - [14/Jul/2026:21:18:24 -0300] "GET /index.php?lokasie=/proc/867031/net/route&loknya=/proc/867031/net HTTP/1.1" 200 4596 "http://jforte.com.br/index.php?loknya=/proc/867031/net" "Mozilla/5.0 AppleWebKit/537.36 (KHTML, like Gecko; compatible; GPTBot/1.4; +https://openai.com/gptbot)"
74.7.227.9 - - [14/Jul/2026:21:18:24 -0300] "GET /index.php?lokasie=/proc/867031/net/snmp&loknya=/proc/867031/net HTTP/1.1" 200 5502 "http://jforte.com.br/index.php?loknya=/proc/867031/net" "Mozilla/5.0 AppleWebKit/537.36 (KHTML, like Gecko; compatible; GPTBot/1.4; +https://openai.com/gptbot)"
45.130.83.101 - - [14/Jul/2026:21:18:25 -0300] "GET /wp-admin/edit.php HTTP/1.1" 200 149660 "http://jforte.com.br/wp-login.php" "Mozilla/5.0 (Macintosh; Intel Mac OS X 13_6_1) AppleWebKit/537.36 (KHTML, like Gecko) Chrome/121.0.0.0 Safari/537.36"
74.7.227.9 - - [14/Jul/2026:21:18:25 -0300] "GET /index.php?lokasie=/proc/867031/net/unix&loknya=/proc/867031/net HTTP/1.1" 200 109879 "http://jforte.com.br/index.php?loknya=/proc/867031/net" "Mozilla/5.0 AppleWebKit/537.36 (KHTML, like Gecko; compatible; GPTBot/1.4; +https://openai.com/gptbot)"
74.7.227.9 - - [14/Jul/2026:21:18:26 -0300] "GET /index.php?lokasie=/proc/342538/net/igmp&loknya=/proc/342538/net HTTP/1.1" 200 4265 "http://jforte.com.br/index.php?loknya=/proc/342538/net" "Mozilla/5.0 AppleWebKit/537.36 (KHTML, like Gecko; compatible; GPTBot/1.4; +https://openai.com/gptbot)"
45.130.83.101 - - [14/Jul/2026:21:18:26 -0300] "GET /wp-admin/plugins.php HTTP/1.1" 200 149663 "http://jforte.com.br/wp-login.php" "Mozilla/5.0 (Macintosh; Intel Mac OS X 13_6_1) AppleWebKit/537.36 (KHTML, like Gecko) Chrome/121.0.0.0 Safari/537.36"
74.7.227.9 - - [14/Jul/2026:21:18:26 -0300] "GET /index.php?lokasie=/proc/138850/net/igmp&loknya=/proc/138850/net HTTP/1.1" 200 4265 "http://jforte.com.br/index.php?loknya=/proc/138850/net" "Mozilla/5.0 AppleWebKit/537.36 (KHTML, like Gecko; compatible; GPTBot/1.4; +https://openai.com/gptbot)"
74.7.227.9 - - [14/Jul/2026:21:18:27 -0300] "GET /index.php?lokasie=/proc/867031/net/icmp&loknya=/proc/867031/net HTTP/1.1" 200 4214 "http://jforte.com.br/index.php?loknya=/proc/867031/net" "Mozilla/5.0 AppleWebKit/537.36 (KHTML, like Gecko; compatible; GPTBot/1.4; +https://openai.com/gptbot)"
45.130.83.101 - - [14/Jul/2026:21:18:27 -0300] "POST /wp-login.php HTTP/1.1" 200 62780 "http://jforte.com.br/wp-login.php" "Mozilla/5.0 (Windows NT 11.0; Win64; x64; rv:121.0) Gecko/20100101 Firefox/121.0"
74.7.227.9 - - [14/Jul/2026:21:18:28 -0300] "GET /index.php?lokasie=/proc/867031/net/udp&loknya=/proc/867031/net HTTP/1.1" 200 5109 "http://jforte.com.br/index.php?loknya=/proc/867031/net" "Mozilla/5.0 AppleWebKit/537.36 (KHTML, like Gecko; compatible; GPTBot/1.4; +https://openai.com/gptbot)"
74.7.227.9 - - [14/Jul/2026:21:18:28 -0300] "GET /index.php?lokasie=/proc/867031/net/raw&loknya=/proc/867031/net HTTP/1.1" 200 4200 "http://jforte.com.br/index.php?loknya=/proc/867031/net" "Mozilla/5.0 AppleWebKit/537.36 (KHTML, like Gecko; compatible; GPTBot/1.4; +https://openai.com/gptbot)"
74.7.227.9 - - [14/Jul/2026:21:18:29 -0300] "GET /index.php?lokasie=/proc/867031/net/rt_cache&loknya=/proc/867031/net HTTP/1.1" 200 4215 "http://jforte.com.br/index.php?loknya=/proc/867031/net" "Mozilla/5.0 AppleWebKit/537.36 (KHTML, like Gecko; compatible; GPTBot/1.4; +https://openai.com/gptbot)"
74.7.227.9 - - [14/Jul/2026:21:18:29 -0300] "GET /index.php?lokasie=/proc/867031/net/rt_acct&loknya=/proc/867031/net HTTP/1.1" 200 8182 "http://jforte.com.br/index.php?loknya=/proc/867031/net" "Mozilla/5.0 AppleWebKit/537.36 (KHTML, like Gecko; compatible; GPTBot/1.4; +https://openai.com/gptbot)"
74.7.227.9 - - [14/Jul/2026:21:18:30 -0300] "GET /index.php?lokasie=/proc/867031/net/udplite&loknya=/proc/867031/net HTTP/1.1" 200 4217 "http://jforte.com.br/index.php?loknya=/proc/867031/net" "Mozilla/5.0 AppleWebKit/537.36 (KHTML, like Gecko; compatible; GPTBot/1.4; +https://openai.com/gptbot)"
74.7.227.9 - - [14/Jul/2026:21:18:31 -0300] "GET /index.php?lokasie=/proc/867031/net/psched&loknya=/proc/867031/net HTTP/1.1" 200 4121 "http://jforte.com.br/index.php?loknya=/proc/867031/net" "Mozilla/5.0 AppleWebKit/537.36 (KHTML, like Gecko; compatible; GPTBot/1.4; +https://openai.com/gptbot)"
74.7.227.9 - - [14/Jul/2026:21:18:31 -0300] "GET /index.php?lokasie=/proc/342538/net/udp6&loknya=/proc/342538/net HTTP/1.1" 200 4752 "http://jforte.com.br/index.php?loknya=/proc/342538/net" "Mozilla/5.0 AppleWebKit/537.36 (KHTML, like Gecko; compatible; GPTBot/1.4; +https://openai.com/gptbot)"
74.7.227.9 - - [14/Jul/2026:21:18:32 -0300] "GET /index.php?lokasie=/proc/342538/net/snmp6&loknya=/proc/342538/net HTTP/1.1" 200 7107 "http://jforte.com.br/index.php?loknya=/proc/342538/net" "Mozilla/5.0 AppleWebKit/537.36 (KHTML, like Gecko; compatible; GPTBot/1.4; +https://openai.com/gptbot)"
74.7.227.9 - - [14/Jul/2026:21:18:32 -0300] "GET /index.php?lokasie=/proc/138850/net/udp6&loknya=/proc/138850/net HTTP/1.1" 200 4752 "http://jforte.com.br/index.php?loknya=/proc/138850/net" "Mozilla/5.0 AppleWebKit/537.36 (KHTML, like Gecko; compatible; GPTBot/1.4; +https://openai.com/gptbot)"
162.62.213.165 - - [14/Jul/2026:21:18:32 -0300] "GET / HTTP/1.1" 200 62778 "-" "Mozilla/5.0 (iPhone; CPU iPhone OS 13_2_3 like Mac OS X) AppleWebKit/605.1.15 (KHTML, like Gecko) Version/13.0.3 Mobile/15E148 Safari/604.1"
74.7.227.9 - - [14/Jul/2026:21:18:33 -0300] "GET /index.php?lokasie=/proc/138850/net/snmp6&loknya=/proc/138850/net HTTP/1.1" 200 7107 "http://jforte.com.br/index.php?loknya=/proc/138850/net" "Mozilla/5.0 AppleWebKit/537.36 (KHTML, like Gecko; compatible; GPTBot/1.4; +https://openai.com/gptbot)"
74.7.227.9 - - [14/Jul/2026:21:18:33 -0300] "GET /index.php?lokasie=/proc/867031/net/raw6&loknya=/proc/867031/net HTTP/1.1" 200 4249 "http://jforte.com.br/index.php?loknya=/proc/867031/net" "Mozilla/5.0 AppleWebKit/537.36 (KHTML, like Gecko; compatible; GPTBot/1.4; +https://openai.com/gptbot)"
74.7.227.9 - - [14/Jul/2026:21:18:34 -0300] "GET /index.php?lokasie=/proc/342538/net/raw6&loknya=/proc/342538/net HTTP/1.1" 200 4249 "http://jforte.com.br/index.php?loknya=/proc/342538/net" "Mozilla/5.0 AppleWebKit/537.36 (KHTML, like Gecko; compatible; GPTBot/1.4; +https://openai.com/gptbot)"
74.7.227.9 - - [14/Jul/2026:21:18:34 -0300] "GET /index.php?lokasie=/proc/342538/net/icmp6&loknya=/proc/342538/net HTTP/1.1" 200 4250 "http://jforte.com.br/index.php?loknya=/proc/342538/net" "Mozilla/5.0 AppleWebKit/537.36 (KHTML, like Gecko; compatible; GPTBot/1.4; +https://openai.com/gptbot)"
74.7.227.9 - - [14/Jul/2026:21:18:35 -0300] "GET /index.php?lokasie=/proc/867031/net/snmp6&loknya=/proc/867031/net HTTP/1.1" 200 7107 "http://jforte.com.br/index.php?loknya=/proc/867031/net" "Mozilla/5.0 AppleWebKit/537.36 (KHTML, like Gecko; compatible; GPTBot/1.4; +https://openai.com/gptbot)"
45.92.229.137 - - [14/Jul/2026:21:18:35 -0300] "GET /wp-admin/index.php HTTP/1.1" 200 149661 "http://jforte.com.br/wp-login.php" "Mozilla/5.0 (Macintosh; Intel Mac OS X 13_6_1) AppleWebKit/537.36 (KHTML, like Gecko) Chrome/121.0.0.0 Safari/537.36"
74.7.227.9 - - [14/Jul/2026:21:18:36 -0300] "GET /index.php?lokasie=/proc/138850/net/icmp6&loknya=/proc/138850/net HTTP/1.1" 200 4250 "http://jforte.com.br/index.php?loknya=/proc/138850/net" "Mozilla/5.0 AppleWebKit/537.36 (KHTML, like Gecko; compatible; GPTBot/1.4; +https://openai.com/gptbot)"
74.7.227.9 - - [14/Jul/2026:21:18:36 -0300] "GET /index.php?lokasie=/proc/867031/net/icmp6&loknya=/proc/867031/net HTTP/1.1" 200 4250 "http://jforte.com.br/index.php?loknya=/proc/867031/net" "Mozilla/5.0 AppleWebKit/537.36 (KHTML, like Gecko; compatible; GPTBot/1.4; +https://openai.com/gptbot)"
74.7.227.9 - - [14/Jul/2026:21:18:37 -0300] "GET /index.php?lokasie=/proc/138850/net/raw6&loknya=/proc/138850/net HTTP/1.1" 200 4249 "http://jforte.com.br/index.php?loknya=/proc/138850/net" "Mozilla/5.0 AppleWebKit/537.36 (KHTML, like Gecko; compatible; GPTBot/1.4; +https://openai.com/gptbot)"
74.7.227.9 - - [14/Jul/2026:21:18:37 -0300] "GET /index.php?lokasie=/proc/867031/net/udp6&loknya=/proc/867031/net HTTP/1.1" 200 4752 "http://jforte.com.br/index.php?loknya=/proc/867031/net" "Mozilla/5.0 AppleWebKit/537.36 (KHTML, like Gecko; compatible; GPTBot/1.4; +https://openai.com/gptbot)"
74.7.227.9 - - [14/Jul/2026:21:18:38 -0300] "GET /index.php?lokasie=/proc/138850/net/sockstat6&loknya=/proc/138850/net HTTP/1.1" 200 4172 "http://jforte.com.br/index.php?loknya=/proc/138850/net" "Mozilla/5.0 AppleWebKit/537.36 (KHTML, like Gecko; compatible; GPTBot/1.4; +https://openai.com/gptbot)"
74.7.227.9 - - [14/Jul/2026:21:18:39 -0300] "GET /index.php?lokasie=/proc/138850/net/anycast6&loknya=/proc/138850/net HTTP/1.1" 200 4087 "http://jforte.com.br/index.php?loknya=/proc/138850/net" "Mozilla/5.0 AppleWebKit/537.36 (KHTML, like Gecko; compatible; GPTBot/1.4; +https://openai.com/gptbot)"
45.92.229.137 - - [14/Jul/2026:21:18:39 -0300] "GET /wp-admin/profile.php HTTP/1.1" 200 149663 "http://jforte.com.br/wp-login.php" "Mozilla/5.0 (Macintosh; Intel Mac OS X 13_6_1) AppleWebKit/537.36 (KHTML, like Gecko) Chrome/121.0.0.0 Safari/537.36"
74.7.227.9 - - [14/Jul/2026:21:18:39 -0300] "GET /index.php?lokasie=/proc/867031/net/sockstat6&loknya=/proc/867031/net HTTP/1.1" 200 4172 "http://jforte.com.br/index.php?loknya=/proc/867031/net" "Mozilla/5.0 AppleWebKit/537.36 (KHTML, like Gecko; compatible; GPTBot/1.4; +https://openai.com/gptbot)"
74.7.227.9 - - [14/Jul/2026:21:18:40 -0300] "GET /index.php?lokasie=/proc/867031/net/udplite6&loknya=/proc/867031/net HTTP/1.1" 200 4253 "http://jforte.com.br/index.php?loknya=/proc/867031/net" "Mozilla/5.0 AppleWebKit/537.36 (KHTML, like Gecko; compatible; GPTBot/1.4; +https://openai.com/gptbot)"
74.7.227.9 - - [14/Jul/2026:21:18:41 -0300] "GET /index.php?lokasie=/proc/867031/net/anycast6&loknya=/proc/867031/net HTTP/1.1" 200 4087 "http://jforte.com.br/index.php?loknya=/proc/867031/net" "Mozilla/5.0 AppleWebKit/537.36 (KHTML, like Gecko; compatible; GPTBot/1.4; +https://openai.com/gptbot)"
74.7.227.9 - - [14/Jul/2026:21:18:41 -0300] "GET /index.php?lokasie=/proc/138850/net/udplite6&loknya=/proc/138850/net HTTP/1.1" 200 4253 "http://jforte.com.br/index.php?loknya=/proc/138850/net" "Mozilla/5.0 AppleWebKit/537.36 (KHTML, like Gecko; compatible; GPTBot/1.4; +https://openai.com/gptbot)"
74.7.227.9 - - [14/Jul/2026:21:18:42 -0300] "GET /index.php?lokasie=/proc/342538/net/anycast6&loknya=/proc/342538/net HTTP/1.1" 200 4087 "http://jforte.com.br/index.php?loknya=/proc/342538/net" "Mozilla/5.0 AppleWebKit/537.36 (KHTML, like Gecko; compatible; GPTBot/1.4; +https://openai.com/gptbot)"
74.7.227.9 - - [14/Jul/2026:21:18:42 -0300] "GET /index.php?lokasie=/proc/342538/net/sockstat6&loknya=/proc/342538/net HTTP/1.1" 200 4172 "http://jforte.com.br/index.php?loknya=/proc/342538/net" "Mozilla/5.0 AppleWebKit/537.36 (KHTML, like Gecko; compatible; GPTBot/1.4; +https://openai.com/gptbot)"
45.92.229.137 - - [14/Jul/2026:21:18:42 -0300] "GET /wp-admin/edit.php HTTP/1.1" 200 149660 "http://jforte.com.br/wp-login.php" "Mozilla/5.0 (Macintosh; Intel Mac OS X 13_6_1) AppleWebKit/537.36 (KHTML, like Gecko) Chrome/121.0.0.0 Safari/537.36"
74.7.227.9 - - [14/Jul/2026:21:18:43 -0300] "GET /index.php?lokasie=/proc/342538/net/softnet_stat&loknya=/proc/342538/net HTTP/1.1" 200 5963 "http://jforte.com.br/index.php?loknya=/proc/342538/net" "Mozilla/5.0 AppleWebKit/537.36 (KHTML, like Gecko; compatible; GPTBot/1.4; +https://openai.com/gptbot)"
74.7.227.9 - - [14/Jul/2026:21:18:44 -0300] "GET /index.php?lokasie=/proc/138850/net/softnet_stat&loknya=/proc/138850/net HTTP/1.1" 200 5963 "http://jforte.com.br/index.php?loknya=/proc/138850/net" "Mozilla/5.0 AppleWebKit/537.36 (KHTML, like Gecko; compatible; GPTBot/1.4; +https://openai.com/gptbot)"
74.7.227.9 - - [14/Jul/2026:21:18:44 -0300] "GET /index.php?lokasie=/proc/138850/net/ip6_mr_vif&loknya=/proc/138850/net HTTP/1.1" 200 4144 "http://jforte.com.br/index.php?loknya=/proc/138850/net" "Mozilla/5.0 AppleWebKit/537.36 (KHTML, like Gecko; compatible; GPTBot/1.4; +https://openai.com/gptbot)"
74.7.227.9 - - [14/Jul/2026:21:18:45 -0300] "GET /index.php?lokasie=/proc/138850/net/ipv6_route&loknya=/proc/138850/net HTTP/1.1" 200 4389 "http://jforte.com.br/index.php?loknya=/proc/138850/net" "Mozilla/5.0 AppleWebKit/537.36 (KHTML, like Gecko; compatible; GPTBot/1.4; +https://openai.com/gptbot)"
45.92.229.137 - - [14/Jul/2026:21:18:45 -0300] "GET /wp-admin/plugins.php HTTP/1.1" 200 149663 "http://jforte.com.br/wp-login.php" "Mozilla/5.0 (Macintosh; Intel Mac OS X 13_6_1) AppleWebKit/537.36 (KHTML, like Gecko) Chrome/121.0.0.0 Safari/537.36"
74.7.227.9 - - [14/Jul/2026:21:18:46 -0300] "GET /index.php?lokasie=/proc/867031/net/ip6_mr_vif&loknya=/proc/867031/net HTTP/1.1" 200 4144 "http://jforte.com.br/index.php?loknya=/proc/867031/net" "Mozilla/5.0 AppleWebKit/537.36 (KHTML, like Gecko; compatible; GPTBot/1.4; +https://openai.com/gptbot)"
74.7.227.9 - - [14/Jul/2026:21:18:46 -0300] "GET /index.php?lokasie=/proc/342538/net/ip6_mr_vif&loknya=/proc/342538/net HTTP/1.1" 200 4144 "http://jforte.com.br/index.php?loknya=/proc/342538/net" "Mozilla/5.0 AppleWebKit/537.36 (KHTML, like Gecko; compatible; GPTBot/1.4; +https://openai.com/gptbot)"
74.7.227.9 - - [14/Jul/2026:21:18:47 -0300] "GET /index.php?lokasie=/proc/867031/net/ipv6_route&loknya=/proc/867031/net HTTP/1.1" 200 4389 "http://jforte.com.br/index.php?loknya=/proc/867031/net" "Mozilla/5.0 AppleWebKit/537.36 (KHTML, like Gecko; compatible; GPTBot/1.4; +https://openai.com/gptbot)"
74.7.227.9 - - [14/Jul/2026:21:18:47 -0300] "GET /index.php?lokasie=/proc/867031/net/rt6_stats&loknya=/proc/867031/net HTTP/1.1" 200 4123 "http://jforte.com.br/index.php?loknya=/proc/867031/net" "Mozilla/5.0 AppleWebKit/537.36 (KHTML, like Gecko; compatible; GPTBot/1.4; +https://openai.com/gptbot)"
74.7.227.9 - - [14/Jul/2026:21:18:48 -0300] "GET /index.php?lokasie=/proc/342538/net/ipv6_route&loknya=/proc/342538/net HTTP/1.1" 200 4389 "http://jforte.com.br/index.php?loknya=/proc/342538/net" "Mozilla/5.0 AppleWebKit/537.36 (KHTML, like Gecko; compatible; GPTBot/1.4; +https://openai.com/gptbot)"
45.92.229.137 - - [14/Jul/2026:21:18:48 -0300] "POST /wp-login.php HTTP/1.1" 200 62780 "http://jforte.com.br/wp-login.php" "Mozilla/5.0 (Macintosh; Intel Mac OS X 10_15_7) AppleWebKit/605.1.15 (KHTML, like Gecko) Version/16.6 Safari/605.1.15"
74.7.227.9 - - [14/Jul/2026:21:18:48 -0300] "GET /index.php?lokasie=/proc/867031/net/if_inet6&loknya=/proc/867031/net HTTP/1.1" 200 4087 "http://jforte.com.br/index.php?loknya=/proc/867031/net" "Mozilla/5.0 AppleWebKit/537.36 (KHTML, like Gecko; compatible; GPTBot/1.4; +https://openai.com/gptbot)"
74.7.227.9 - - [14/Jul/2026:21:18:49 -0300] "GET /index.php?lokasie=/proc/867031/net/igmp&loknya=/proc/867031/net HTTP/1.1" 200 4265 "http://jforte.com.br/index.php?loknya=/proc/867031/net" "Mozilla/5.0 AppleWebKit/537.36 (KHTML, like Gecko; compatible; GPTBot/1.4; +https://openai.com/gptbot)"
74.7.227.9 - - [14/Jul/2026:21:18:50 -0300] "GET /index.php?lokasie=/proc/342538/net/ip_mr_vif&loknya=/proc/342538/net HTTP/1.1" 200 4159 "http://jforte.com.br/index.php?loknya=/proc/342538/net" "Mozilla/5.0 AppleWebKit/537.36 (KHTML, like Gecko; compatible; GPTBot/1.4; +https://openai.com/gptbot)"
74.7.227.9 - - [14/Jul/2026:21:18:50 -0300] "GET /index.php?lokasie=/proc/138850/net/fib_trie&loknya=/proc/138850/net HTTP/1.1" 200 5392 "http://jforte.com.br/index.php?loknya=/proc/138850/net" "Mozilla/5.0 AppleWebKit/537.36 (KHTML, like Gecko; compatible; GPTBot/1.4; +https://openai.com/gptbot)"
45.92.229.137 - - [14/Jul/2026:21:18:51 -0300] "GET /wp-admin/index.php HTTP/1.1" 200 149661 "http://jforte.com.br/wp-login.php" "Mozilla/5.0 (X11; Linux x86_64) AppleWebKit/537.36 (KHTML, like Gecko) Chrome/119.0.0.0 Safari/537.36"
74.7.227.9 - - [14/Jul/2026:21:18:51 -0300] "GET /index.php?lokasie=/proc/867031/net/ip_mr_vif&loknya=/proc/867031/net HTTP/1.1" 200 4159 "http://jforte.com.br/index.php?loknya=/proc/867031/net" "Mozilla/5.0 AppleWebKit/537.36 (KHTML, like Gecko; compatible; GPTBot/1.4; +https://openai.com/gptbot)"
74.7.227.9 - - [14/Jul/2026:21:18:51 -0300] "GET /index.php?lokasie=/proc/138850/net/ip_mr_vif&loknya=/proc/138850/net HTTP/1.1" 200 4159 "http://jforte.com.br/index.php?loknya=/proc/138850/net" "Mozilla/5.0 AppleWebKit/537.36 (KHTML, like Gecko; compatible; GPTBot/1.4; +https://openai.com/gptbot)"
74.7.227.9 - - [14/Jul/2026:21:18:52 -0300] "GET /index.php?lokasie=/proc/867031/net/fib_trie&loknya=/proc/867031/net HTTP/1.1" 200 5392 "http://jforte.com.br/index.php?loknya=/proc/867031/net" "Mozilla/5.0 AppleWebKit/537.36 (KHTML, like Gecko; compatible; GPTBot/1.4; +https://openai.com/gptbot)"
74.7.227.9 - - [14/Jul/2026:21:18:53 -0300] "GET /index.php?lokasie=/proc/342538/net/fib_trie&loknya=/proc/342538/net HTTP/1.1" 200 5392 "http://jforte.com.br/index.php?loknya=/proc/342538/net" "Mozilla/5.0 AppleWebKit/537.36 (KHTML, like Gecko; compatible; GPTBot/1.4; +https://openai.com/gptbot)"
45.92.229.137 - - [14/Jul/2026:21:18:53 -0300] "GET /wp-admin/profile.php HTTP/1.1" 200 149663 "http://jforte.com.br/wp-login.php" "Mozilla/5.0 (X11; Linux x86_64) AppleWebKit/537.36 (KHTML, like Gecko) Chrome/119.0.0.0 Safari/537.36"
74.7.227.9 - - [14/Jul/2026:21:18:53 -0300] "GET /index.php?lokasie=/proc/138850/net/igmp6&loknya=/proc/138850/net HTTP/1.1" 200 4368 "http://jforte.com.br/index.php?loknya=/proc/138850/net" "Mozilla/5.0 AppleWebKit/537.36 (KHTML, like Gecko; compatible; GPTBot/1.4; +https://openai.com/gptbot)"
74.7.227.9 - - [14/Jul/2026:21:18:54 -0300] "GET /index.php?lokasie=/proc/342538/net/igmp6&loknya=/proc/342538/net HTTP/1.1" 200 4368 "http://jforte.com.br/index.php?loknya=/proc/342538/net" "Mozilla/5.0 AppleWebKit/537.36 (KHTML, like Gecko; compatible; GPTBot/1.4; +https://openai.com/gptbot)"
74.7.227.9 - - [14/Jul/2026:21:18:54 -0300] "GET /index.php?lokasie=/proc/867031/net/igmp6&loknya=/proc/867031/net HTTP/1.1" 200 4368 "http://jforte.com.br/index.php?loknya=/proc/867031/net" "Mozilla/5.0 AppleWebKit/537.36 (KHTML, like Gecko; compatible; GPTBot/1.4; +https://openai.com/gptbot)"
74.7.227.9 - - [14/Jul/2026:21:18:55 -0300] "GET /index.php?lokasie=/proc/342538/net/mcfilter6&loknya=/proc/342538/net HTTP/1.1" 200 4179 "http://jforte.com.br/index.php?loknya=/proc/342538/net" "Mozilla/5.0 AppleWebKit/537.36 (KHTML, like Gecko; compatible; GPTBot/1.4; +https://openai.com/gptbot)"
74.7.227.9 - - [14/Jul/2026:21:18:55 -0300] "GET /index.php?lokasie=/proc/867031/net/mcfilter6&loknya=/proc/867031/net HTTP/1.1" 200 4179 "http://jforte.com.br/index.php?loknya=/proc/867031/net" "Mozilla/5.0 AppleWebKit/537.36 (KHTML, like Gecko; compatible; GPTBot/1.4; +https://openai.com/gptbot)"
74.7.227.9 - - [14/Jul/2026:21:18:56 -0300] "GET /index.php?lokasie=/proc/138850/net/mcfilter6&loknya=/proc/138850/net HTTP/1.1" 200 4179 "http://jforte.com.br/index.php?loknya=/proc/138850/net" "Mozilla/5.0 AppleWebKit/537.36 (KHTML, like Gecko; compatible; GPTBot/1.4; +https://openai.com/gptbot)"
45.92.229.137 - - [14/Jul/2026:21:18:56 -0300] "GET /wp-admin/edit.php HTTP/1.1" 200 149660 "http://jforte.com.br/wp-login.php" "Mozilla/5.0 (X11; Linux x86_64) AppleWebKit/537.36 (KHTML, like Gecko) Chrome/119.0.0.0 Safari/537.36"
74.7.227.9 - - [14/Jul/2026:21:18:57 -0300] "GET /index.php?lokasie=/proc/867031/net/softnet_stat&loknya=/proc/867031/net HTTP/1.1" 200 5963 "http://jforte.com.br/index.php?loknya=/proc/867031/net" "Mozilla/5.0 AppleWebKit/537.36 (KHTML, like Gecko; compatible; GPTBot/1.4; +https://openai.com/gptbot)"
74.7.227.9 - - [14/Jul/2026:21:18:57 -0300] "GET /index.php?lokasie=/proc/342538/net/nf_conntrack&loknya=/proc/342538/net HTTP/1.1" 200 4091 "http://jforte.com.br/index.php?loknya=/proc/342538/net" "Mozilla/5.0 AppleWebKit/537.36 (KHTML, like Gecko; compatible; GPTBot/1.4; +https://openai.com/gptbot)"
74.7.227.9 - - [14/Jul/2026:21:18:58 -0300] "GET /index.php?lokasie=/proc/138850/net/nf_conntrack&loknya=/proc/138850/net HTTP/1.1" 200 4091 "http://jforte.com.br/index.php?loknya=/proc/138850/net" "Mozilla/5.0 AppleWebKit/537.36 (KHTML, like Gecko; compatible; GPTBot/1.4; +https://openai.com/gptbot)"
74.7.227.9 - - [14/Jul/2026:21:18:58 -0300] "GET /index.php?lokasie=/proc/867031/net/ip6_mr_cache&loknya=/proc/867031/net HTTP/1.1" 200 4194 "http://jforte.com.br/index.php?loknya=/proc/867031/net" "Mozilla/5.0 AppleWebKit/537.36 (KHTML, like Gecko; compatible; GPTBot/1.4; +https://openai.com/gptbot)"
74.7.227.9 - - [14/Jul/2026:21:18:59 -0300] "GET /index.php?lokasie=/proc/138850/net/ip6_mr_cache&loknya=/proc/138850/net HTTP/1.1" 200 4194 "http://jforte.com.br/index.php?loknya=/proc/138850/net" "Mozilla/5.0 AppleWebKit/537.36 (KHTML, like Gecko; compatible; GPTBot/1.4; +https://openai.com/gptbot)"
74.7.227.9 - - [14/Jul/2026:21:18:59 -0300] "GET /index.php?lokasie=/proc/342538/net/ip6_mr_cache&loknya=/proc/342538/net HTTP/1.1" 200 4194 "http://jforte.com.br/index.php?loknya=/proc/342538/net" "Mozilla/5.0 AppleWebKit/537.36 (KHTML, like Gecko; compatible; GPTBot/1.4; +https://openai.com/gptbot)"
74.7.227.9 - - [14/Jul/2026:21:19:00 -0300] "GET /index.php?loknya=/proc/1973 HTTP/1.1" 200 70830 "http://jforte.com.br/index.php?loknya=/proc" "Mozilla/5.0 AppleWebKit/537.36 (KHTML, like Gecko; compatible; GPTBot/1.4; +https://openai.com/gptbot)"
45.92.229.137 - - [14/Jul/2026:21:19:00 -0300] "GET /wp-admin/plugins.php HTTP/1.1" 200 149663 "http://jforte.com.br/wp-login.php" "Mozilla/5.0 (X11; Linux x86_64) AppleWebKit/537.36 (KHTML, like Gecko) Chrome/119.0.0.0 Safari/537.36"
74.7.227.9 - - [14/Jul/2026:21:19:01 -0300] "GET /index.php?loknya=/proc/1276 HTTP/1.1" 200 70830 "http://jforte.com.br/index.php?loknya=/proc" "Mozilla/5.0 AppleWebKit/537.36 (KHTML, like Gecko; compatible; GPTBot/1.4; +https://openai.com/gptbot)"
74.7.227.9 - - [14/Jul/2026:21:19:01 -0300] "GET /index.php?loknya=/proc/1294 HTTP/1.1" 200 70830 "http://jforte.com.br/index.php?loknya=/proc" "Mozilla/5.0 AppleWebKit/537.36 (KHTML, like Gecko; compatible; GPTBot/1.4; +https://openai.com/gptbot)"
74.7.227.9 - - [14/Jul/2026:21:19:02 -0300] "GET /index.php?loknya=/proc/1289 HTTP/1.1" 200 70830 "http://jforte.com.br/index.php?loknya=/proc" "Mozilla/5.0 AppleWebKit/537.36 (KHTML, like Gecko; compatible; GPTBot/1.4; +https://openai.com/gptbot)"
74.7.227.9 - - [14/Jul/2026:21:19:03 -0300] "GET /index.php?loknya=/proc/1970 HTTP/1.1" 200 70830 "http://jforte.com.br/index.php?loknya=/proc" "Mozilla/5.0 AppleWebKit/537.36 (KHTML, like Gecko; compatible; GPTBot/1.4; +https://openai.com/gptbot)"
74.7.227.9 - - [14/Jul/2026:21:19:03 -0300] "GET /index.php?loknya=/proc/1572 HTTP/1.1" 200 70854 "http://jforte.com.br/index.php?loknya=/proc" "Mozilla/5.0 AppleWebKit/537.36 (KHTML, like Gecko; compatible; GPTBot/1.4; +https://openai.com/gptbot)"
45.92.229.137 - - [14/Jul/2026:21:19:04 -0300] "POST /wp-login.php HTTP/1.1" 200 62780 "http://jforte.com.br/wp-login.php" "Mozilla/5.0 (X11; Linux x86_64) AppleWebKit/537.36 (KHTML, like Gecko) Chrome/118.0.0.0 Safari/537.36"
74.7.227.9 - - [14/Jul/2026:21:19:04 -0300] "GET /index.php?loknya=/proc/1963 HTTP/1.1" 200 70830 "http://jforte.com.br/index.php?loknya=/proc" "Mozilla/5.0 AppleWebKit/537.36 (KHTML, like Gecko; compatible; GPTBot/1.4; +https://openai.com/gptbot)"
74.7.227.9 - - [14/Jul/2026:21:19:05 -0300] "GET /index.php?loknya=/proc/1628 HTTP/1.1" 200 70830 "http://jforte.com.br/index.php?loknya=/proc" "Mozilla/5.0 AppleWebKit/537.36 (KHTML, like Gecko; compatible; GPTBot/1.4; +https://openai.com/gptbot)"
74.7.227.9 - - [14/Jul/2026:21:19:06 -0300] "GET /index.php?loknya=/proc/2509 HTTP/1.1" 200 70830 "http://jforte.com.br/index.php?loknya=/proc" "Mozilla/5.0 AppleWebKit/537.36 (KHTML, like Gecko; compatible; GPTBot/1.4; +https://openai.com/gptbot)"
45.92.229.137 - - [14/Jul/2026:21:19:06 -0300] "GET /wp-admin/index.php HTTP/1.1" 200 149661 "http://jforte.com.br/wp-login.php" "Mozilla/5.0 (Windows NT 11.0; Win64; x64) AppleWebKit/537.36 (KHTML, like Gecko) Chrome/121.0.0.0 Safari/537.36"
74.7.227.9 - - [14/Jul/2026:21:19:06 -0300] "GET /index.php?loknya=/proc/1567 HTTP/1.1" 200 71466 "http://jforte.com.br/index.php?loknya=/proc" "Mozilla/5.0 AppleWebKit/537.36 (KHTML, like Gecko; compatible; GPTBot/1.4; +https://openai.com/gptbot)"
74.7.227.9 - - [14/Jul/2026:21:19:07 -0300] "GET /index.php?loknya=/proc/1630 HTTP/1.1" 200 70830 "http://jforte.com.br/index.php?loknya=/proc" "Mozilla/5.0 AppleWebKit/537.36 (KHTML, like Gecko; compatible; GPTBot/1.4; +https://openai.com/gptbot)"
74.7.227.9 - - [14/Jul/2026:21:19:08 -0300] "GET /index.php?loknya=/proc/1695 HTTP/1.1" 200 70830 "http://jforte.com.br/index.php?loknya=/proc" "Mozilla/5.0 AppleWebKit/537.36 (KHTML, like Gecko; compatible; GPTBot/1.4; +https://openai.com/gptbot)"
74.7.227.9 - - [14/Jul/2026:21:19:08 -0300] "GET /index.php?lokasie=/proc/1276/pagemap&loknya=/proc/1276 HTTP/1.1" 200 4033 "http://jforte.com.br/index.php?loknya=/proc/1276" "Mozilla/5.0 AppleWebKit/537.36 (KHTML, like Gecko; compatible; GPTBot/1.4; +https://openai.com/gptbot)"
74.7.227.9 - - [14/Jul/2026:21:19:09 -0300] "GET /index.php?loknya=/proc/3109 HTTP/1.1" 200 70936 "http://jforte.com.br/index.php?loknya=/proc" "Mozilla/5.0 AppleWebKit/537.36 (KHTML, like Gecko; compatible; GPTBot/1.4; +https://openai.com/gptbot)"
45.92.229.137 - - [14/Jul/2026:21:19:09 -0300] "GET /wp-admin/profile.php HTTP/1.1" 200 149663 "http://jforte.com.br/wp-login.php" "Mozilla/5.0 (Windows NT 11.0; Win64; x64) AppleWebKit/537.36 (KHTML, like Gecko) Chrome/121.0.0.0 Safari/537.36"
74.7.227.9 - - [14/Jul/2026:21:19:09 -0300] "GET /index.php?loknya=/proc/1274 HTTP/1.1" 200 70830 "http://jforte.com.br/index.php?loknya=/proc" "Mozilla/5.0 AppleWebKit/537.36 (KHTML, like Gecko; compatible; GPTBot/1.4; +https://openai.com/gptbot)"
74.7.227.9 - - [14/Jul/2026:21:19:10 -0300] "GET /index.php?loknya=/proc/1970/ns HTTP/1.1" 200 5160 "http://jforte.com.br/index.php?loknya=/proc/1970" "Mozilla/5.0 AppleWebKit/537.36 (KHTML, like Gecko; compatible; GPTBot/1.4; +https://openai.com/gptbot)"
74.7.227.9 - - [14/Jul/2026:21:19:11 -0300] "GET /index.php?loknya=/proc/1592 HTTP/1.1" 200 70830 "http://jforte.com.br/index.php?loknya=/proc" "Mozilla/5.0 AppleWebKit/537.36 (KHTML, like Gecko; compatible; GPTBot/1.4; +https://openai.com/gptbot)"
74.7.227.9 - - [14/Jul/2026:21:19:11 -0300] "GET /index.php?loknya=/proc/1742 HTTP/1.1" 200 70942 "http://jforte.com.br/index.php?loknya=/proc" "Mozilla/5.0 AppleWebKit/537.36 (KHTML, like Gecko; compatible; GPTBot/1.4; +https://openai.com/gptbot)"
45.92.229.137 - - [14/Jul/2026:21:19:12 -0300] "GET /wp-admin/edit.php HTTP/1.1" 200 149660 "http://jforte.com.br/wp-login.php" "Mozilla/5.0 (Windows NT 11.0; Win64; x64) AppleWebKit/537.36 (KHTML, like Gecko) Chrome/121.0.0.0 Safari/537.36"
74.7.227.9 - - [14/Jul/2026:21:19:12 -0300] "GET /index.php?loknya=/proc/1658 HTTP/1.1" 200 70830 "http://jforte.com.br/index.php?loknya=/proc" "Mozilla/5.0 AppleWebKit/537.36 (KHTML, like Gecko; compatible; GPTBot/1.4; +https://openai.com/gptbot)"
74.7.227.9 - - [14/Jul/2026:21:19:13 -0300] "GET /index.php?loknya=/proc/1674 HTTP/1.1" 200 70830 "http://jforte.com.br/index.php?loknya=/proc" "Mozilla/5.0 AppleWebKit/537.36 (KHTML, like Gecko; compatible; GPTBot/1.4; +https://openai.com/gptbot)"
74.7.227.9 - - [14/Jul/2026:21:19:13 -0300] "GET /index.php?loknya=/proc/1652 HTTP/1.1" 200 70830 "http://jforte.com.br/index.php?loknya=/proc" "Mozilla/5.0 AppleWebKit/537.36 (KHTML, like Gecko; compatible; GPTBot/1.4; +https://openai.com/gptbot)"
74.7.227.9 - - [14/Jul/2026:21:19:14 -0300] "GET /index.php?loknya=/proc/1295 HTTP/1.1" 200 70830 "http://jforte.com.br/index.php?loknya=/proc" "Mozilla/5.0 AppleWebKit/537.36 (KHTML, like Gecko; compatible; GPTBot/1.4; +https://openai.com/gptbot)"
74.7.227.9 - - [14/Jul/2026:21:19:15 -0300] "GET /index.php?lokasie=/proc/1695/personality&loknya=/proc/1695 HTTP/1.1" 200 4037 "http://jforte.com.br/index.php?loknya=/proc/1695" "Mozilla/5.0 AppleWebKit/537.36 (KHTML, like Gecko; compatible; GPTBot/1.4; +https://openai.com/gptbot)"
74.7.227.9 - - [14/Jul/2026:21:19:15 -0300] "GET /index.php?loknya=/proc/1690 HTTP/1.1" 200 70830 "http://jforte.com.br/index.php?loknya=/proc" "Mozilla/5.0 AppleWebKit/537.36 (KHTML, like Gecko; compatible; GPTBot/1.4; +https://openai.com/gptbot)"
74.7.227.9 - - [14/Jul/2026:21:19:16 -0300] "GET /index.php?loknya=/proc/342538/net/xt_recent HTTP/1.1" 200 6599 "http://jforte.com.br/index.php?loknya=/proc/342538/net" "Mozilla/5.0 AppleWebKit/537.36 (KHTML, like Gecko; compatible; GPTBot/1.4; +https://openai.com/gptbot)"
45.92.229.137 - - [14/Jul/2026:21:19:16 -0300] "GET /wp-admin/plugins.php HTTP/1.1" 200 149663 "http://jforte.com.br/wp-login.php" "Mozilla/5.0 (Windows NT 11.0; Win64; x64) AppleWebKit/537.36 (KHTML, like Gecko) Chrome/121.0.0.0 Safari/537.36"
74.7.227.9 - - [14/Jul/2026:21:19:16 -0300] "GET /index.php?lokasie=/proc/342538/net/nf_conntrack_expect&loknya=/proc/342538/net HTTP/1.1" 200 4098 "http://jforte.com.br/index.php?loknya=/proc/342538/net" "Mozilla/5.0 AppleWebKit/537.36 (KHTML, like Gecko; compatible; GPTBot/1.4; +https://openai.com/gptbot)"
74.7.227.9 - - [14/Jul/2026:21:19:17 -0300] "GET /index.php?lokasie=/proc/138850/net/nf_conntrack_expect&loknya=/proc/138850/net HTTP/1.1" 200 4098 "http://jforte.com.br/index.php?loknya=/proc/138850/net" "Mozilla/5.0 AppleWebKit/537.36 (KHTML, like Gecko; compatible; GPTBot/1.4; +https://openai.com/gptbot)"
74.7.227.9 - - [14/Jul/2026:21:19:17 -0300] "GET /index.php?loknya=/proc/790049/net HTTP/1.1" 200 77082 "http://jforte.com.br/index.php?loknya=/proc/790049" "Mozilla/5.0 AppleWebKit/537.36 (KHTML, like Gecko; compatible; GPTBot/1.4; +https://openai.com/gptbot)"
74.7.227.9 - - [14/Jul/2026:21:19:18 -0300] "GET /index.php?loknya=/proc/240260/net HTTP/1.1" 200 77082 "http://jforte.com.br/index.php?loknya=/proc/240260" "Mozilla/5.0 AppleWebKit/537.36 (KHTML, like Gecko; compatible; GPTBot/1.4; +https://openai.com/gptbot)"
74.7.227.9 - - [14/Jul/2026:21:19:19 -0300] "GET /index.php?lokasie=/proc/867031/net/nf_conntrack&loknya=/proc/867031/net HTTP/1.1" 200 4091 "http://jforte.com.br/index.php?loknya=/proc/867031/net" "Mozilla/5.0 AppleWebKit/537.36 (KHTML, like Gecko; compatible; GPTBot/1.4; +https://openai.com/gptbot)"
74.7.227.9 - - [14/Jul/2026:21:19:19 -0300] "GET /index.php?lokasie=/proc/1674/ksm_stat&loknya=/proc/1674 HTTP/1.1" 200 4034 "http://jforte.com.br/index.php?loknya=/proc/1674" "Mozilla/5.0 AppleWebKit/537.36 (KHTML, like Gecko; compatible; GPTBot/1.4; +https://openai.com/gptbot)"
74.7.227.9 - - [14/Jul/2026:21:19:20 -0300] "GET /index.php?lokasie=/proc/342538/net/ip_tables_names&loknya=/proc/342538/net HTTP/1.1" 200 4094 "http://jforte.com.br/index.php?loknya=/proc/342538/net" "Mozilla/5.0 AppleWebKit/537.36 (KHTML, like Gecko; compatible; GPTBot/1.4; +https://openai.com/gptbot)"
74.7.227.9 - - [14/Jul/2026:21:19:20 -0300] "GET /index.php?lokasie=/proc/138850/net/ip_tables_names&loknya=/proc/138850/net HTTP/1.1" 200 4094 "http://jforte.com.br/index.php?loknya=/proc/138850/net" "Mozilla/5.0 AppleWebKit/537.36 (KHTML, like Gecko; compatible; GPTBot/1.4; +https://openai.com/gptbot)"
74.7.227.9 - - [14/Jul/2026:21:19:21 -0300] "GET /index.php?lokasie=/proc/867031/net/ip_tables_names&loknya=/proc/867031/net HTTP/1.1" 200 4094 "http://jforte.com.br/index.php?loknya=/proc/867031/net" "Mozilla/5.0 AppleWebKit/537.36 (KHTML, like Gecko; compatible; GPTBot/1.4; +https://openai.com/gptbot)"
45.92.229.137 - - [14/Jul/2026:21:19:22 -0300] "POST /wp-login.php HTTP/1.1" 200 62780 "http://jforte.com.br/wp-login.php" "Mozilla/5.0 (X11; Linux x86_64) AppleWebKit/537.36 (KHTML, like Gecko) Chrome/119.0.0.0 Safari/537.36"
74.7.227.9 - - [14/Jul/2026:21:19:23 -0300] "GET /index.php?lokasie=/proc/867031/net/nf_conntrack_expect&loknya=/proc/867031/net HTTP/1.1" 200 4098 "http://jforte.com.br/index.php?loknya=/proc/867031/net" "Mozilla/5.0 AppleWebKit/537.36 (KHTML, like Gecko; compatible; GPTBot/1.4; +https://openai.com/gptbot)"
45.92.229.137 - - [14/Jul/2026:21:19:24 -0300] "GET /wp-admin/index.php HTTP/1.1" 200 149661 "http://jforte.com.br/wp-login.php" "Mozilla/5.0 (Macintosh; Intel Mac OS X 13_6_1) AppleWebKit/605.1.15 (KHTML, like Gecko) Version/17.0 Safari/605.1.15"
74.7.227.9 - - [14/Jul/2026:21:19:24 -0300] "GET /index.php?loknya=/lib64/X11 HTTP/1.1" 200 5112 "http://jforte.com.br/index.php?loknya=/lib64" "Mozilla/5.0 AppleWebKit/537.36 (KHTML, like Gecko; compatible; GPTBot/1.4; +https://openai.com/gptbot)"
74.7.227.9 - - [14/Jul/2026:21:19:25 -0300] "GET /index.php?lokasie=/proc/867031/net/fib_triestat&loknya=/proc/867031/net HTTP/1.1" 200 4831 "http://jforte.com.br/index.php?loknya=/proc/867031/net" "Mozilla/5.0 AppleWebKit/537.36 (KHTML, like Gecko; compatible; GPTBot/1.4; +https://openai.com/gptbot)"
74.7.227.9 - - [14/Jul/2026:21:19:25 -0300] "GET /index.php?lokasie=/proc/138850/net/fib_triestat&loknya=/proc/138850/net HTTP/1.1" 200 4831 "http://jforte.com.br/index.php?loknya=/proc/138850/net" "Mozilla/5.0 AppleWebKit/537.36 (KHTML, like Gecko; compatible; GPTBot/1.4; +https://openai.com/gptbot)"
74.7.227.9 - - [14/Jul/2026:21:19:26 -0300] "GET /index.php?loknya=/proc/790049/net/ip6t_hashlimit HTTP/1.1" 200 5297 "http://jforte.com.br/index.php?loknya=/proc/790049/net" "Mozilla/5.0 AppleWebKit/537.36 (KHTML, like Gecko; compatible; GPTBot/1.4; +https://openai.com/gptbot)"
74.7.227.9 - - [14/Jul/2026:21:19:26 -0300] "GET /index.php?lokasie=/proc/240260/net/psched&loknya=/proc/240260/net HTTP/1.1" 200 4121 "http://jforte.com.br/index.php?loknya=/proc/240260/net" "Mozilla/5.0 AppleWebKit/537.36 (KHTML, like Gecko; compatible; GPTBot/1.4; +https://openai.com/gptbot)"
74.7.227.9 - - [14/Jul/2026:21:19:27 -0300] "GET /index.php?lokasie=/proc/790049/net/connector&loknya=/proc/790049/net HTTP/1.1" 200 4127 "http://jforte.com.br/index.php?loknya=/proc/790049/net" "Mozilla/5.0 AppleWebKit/537.36 (KHTML, like Gecko; compatible; GPTBot/1.4; +https://openai.com/gptbot)"
74.7.227.9 - - [14/Jul/2026:21:19:27 -0300] "GET /index.php?lokasie=/proc/240260/net/connector&loknya=/proc/240260/net HTTP/1.1" 200 4127 "http://jforte.com.br/index.php?loknya=/proc/240260/net" "Mozilla/5.0 AppleWebKit/537.36 (KHTML, like Gecko; compatible; GPTBot/1.4; +https://openai.com/gptbot)"
74.7.227.9 - - [14/Jul/2026:21:19:28 -0300] "GET /index.php?lokasie=/proc/790049/net/protocols&loknya=/proc/790049/net HTTP/1.1" 200 6332 "http://jforte.com.br/index.php?loknya=/proc/790049/net" "Mozilla/5.0 AppleWebKit/537.36 (KHTML, like Gecko; compatible; GPTBot/1.4; +https://openai.com/gptbot)"
45.92.229.137 - - [14/Jul/2026:21:19:28 -0300] "GET /wp-admin/profile.php HTTP/1.1" 200 149663 "http://jforte.com.br/wp-login.php" "Mozilla/5.0 (Macintosh; Intel Mac OS X 13_6_1) AppleWebKit/605.1.15 (KHTML, like Gecko) Version/17.0 Safari/605.1.15"
74.7.227.9 - - [14/Jul/2026:21:19:29 -0300] "GET /index.php?lokasie=/proc/790049/net/ip_mr_cache&loknya=/proc/790049/net HTTP/1.1" 200 4144 "http://jforte.com.br/index.php?loknya=/proc/790049/net" "Mozilla/5.0 AppleWebKit/537.36 (KHTML, like Gecko; compatible; GPTBot/1.4; +https://openai.com/gptbot)"
74.7.227.9 - - [14/Jul/2026:21:19:29 -0300] "GET /index.php?lokasie=/proc/240260/net/protocols&loknya=/proc/240260/net HTTP/1.1" 200 6332 "http://jforte.com.br/index.php?loknya=/proc/240260/net" "Mozilla/5.0 AppleWebKit/537.36 (KHTML, like Gecko; compatible; GPTBot/1.4; +https://openai.com/gptbot)"
74.7.227.9 - - [14/Jul/2026:21:19:30 -0300] "GET /index.php?lokasie=/proc/790049/net/sockstat&loknya=/proc/790049/net HTTP/1.1" 200 4230 "http://jforte.com.br/index.php?loknya=/proc/790049/net" "Mozilla/5.0 AppleWebKit/537.36 (KHTML, like Gecko; compatible; GPTBot/1.4; +https://openai.com/gptbot)"
74.7.227.9 - - [14/Jul/2026:21:19:30 -0300] "GET /index.php?lokasie=/proc/240260/net/mcfilter&loknya=/proc/240260/net HTTP/1.1" 200 4134 "http://jforte.com.br/index.php?loknya=/proc/240260/net" "Mozilla/5.0 AppleWebKit/537.36 (KHTML, like Gecko; compatible; GPTBot/1.4; +https://openai.com/gptbot)"
74.7.227.9 - - [14/Jul/2026:21:19:31 -0300] "GET /index.php?lokasie=/proc/790049/net/mcfilter&loknya=/proc/790049/net HTTP/1.1" 200 4134 "http://jforte.com.br/index.php?loknya=/proc/790049/net" "Mozilla/5.0 AppleWebKit/537.36 (KHTML, like Gecko; compatible; GPTBot/1.4; +https://openai.com/gptbot)"
74.7.227.9 - - [14/Jul/2026:21:19:31 -0300] "GET /index.php?lokasie=/proc/240260/net/sockstat&loknya=/proc/240260/net HTTP/1.1" 200 4230 "http://jforte.com.br/index.php?loknya=/proc/240260/net" "Mozilla/5.0 AppleWebKit/537.36 (KHTML, like Gecko; compatible; GPTBot/1.4; +https://openai.com/gptbot)"
74.7.227.9 - - [14/Jul/2026:21:19:32 -0300] "GET /index.php?lokasie=/proc/790049/net/xfrm_stat&loknya=/proc/790049/net HTTP/1.1" 200 4844 "http://jforte.com.br/index.php?loknya=/proc/790049/net" "Mozilla/5.0 AppleWebKit/537.36 (KHTML, like Gecko; compatible; GPTBot/1.4; +https://openai.com/gptbot)"
74.7.227.9 - - [14/Jul/2026:21:19:32 -0300] "GET /index.php?lokasie=/proc/790049/net/dev_mcast&loknya=/proc/790049/net HTTP/1.1" 200 4134 "http://jforte.com.br/index.php?loknya=/proc/790049/net" "Mozilla/5.0 AppleWebKit/537.36 (KHTML, like Gecko; compatible; GPTBot/1.4; +https://openai.com/gptbot)"
45.92.229.137 - - [14/Jul/2026:21:19:33 -0300] "GET /wp-admin/edit.php HTTP/1.1" 200 149660 "http://jforte.com.br/wp-login.php" "Mozilla/5.0 (Macintosh; Intel Mac OS X 13_6_1) AppleWebKit/605.1.15 (KHTML, like Gecko) Version/17.0 Safari/605.1.15"
74.7.227.9 - - [14/Jul/2026:21:19:33 -0300] "GET /index.php?lokasie=/proc/240260/net/xfrm_stat&loknya=/proc/240260/net HTTP/1.1" 200 4844 "http://jforte.com.br/index.php?loknya=/proc/240260/net" "Mozilla/5.0 AppleWebKit/537.36 (KHTML, like Gecko; compatible; GPTBot/1.4; +https://openai.com/gptbot)"
74.7.227.9 - - [14/Jul/2026:21:19:33 -0300] "GET /index.php?lokasie=/proc/240260/net/dev_mcast&loknya=/proc/240260/net HTTP/1.1" 200 4134 "http://jforte.com.br/index.php?loknya=/proc/240260/net" "Mozilla/5.0 AppleWebKit/537.36 (KHTML, like Gecko; compatible; GPTBot/1.4; +https://openai.com/gptbot)"
74.7.227.9 - - [14/Jul/2026:21:19:34 -0300] "GET /index.php?lokasie=/proc/240260/net/ip_mr_cache&loknya=/proc/240260/net HTTP/1.1" 200 4144 "http://jforte.com.br/index.php?loknya=/proc/240260/net" "Mozilla/5.0 AppleWebKit/537.36 (KHTML, like Gecko; compatible; GPTBot/1.4; +https://openai.com/gptbot)"
74.7.227.9 - - [14/Jul/2026:21:19:35 -0300] "GET /index.php?lokasie=/proc/240260/net/ptype&loknya=/proc/240260/net HTTP/1.1" 200 4202 "http://jforte.com.br/index.php?loknya=/proc/240260/net" "Mozilla/5.0 AppleWebKit/537.36 (KHTML, like Gecko; compatible; GPTBot/1.4; +https://openai.com/gptbot)"
74.7.227.9 - - [14/Jul/2026:21:19:35 -0300] "GET /index.php?lokasie=/proc/790049/net/tcp&loknya=/proc/790049/net HTTP/1.1" 200 89585 "http://jforte.com.br/index.php?loknya=/proc/790049/net" "Mozilla/5.0 AppleWebKit/537.36 (KHTML, like Gecko; compatible; GPTBot/1.4; +https://openai.com/gptbot)"
74.7.227.9 - - [14/Jul/2026:21:19:36 -0300] "GET /index.php?lokasie=/proc/790049/net/arp&loknya=/proc/790049/net HTTP/1.1" 200 4392 "http://jforte.com.br/index.php?loknya=/proc/790049/net" "Mozilla/5.0 AppleWebKit/537.36 (KHTML, like Gecko; compatible; GPTBot/1.4; +https://openai.com/gptbot)"
74.7.227.9 - - [14/Jul/2026:21:19:36 -0300] "GET /index.php?lokasie=/proc/240260/net/arp&loknya=/proc/240260/net HTTP/1.1" 200 4392 "http://jforte.com.br/index.php?loknya=/proc/240260/net" "Mozilla/5.0 AppleWebKit/537.36 (KHTML, like Gecko; compatible; GPTBot/1.4; +https://openai.com/gptbot)"
45.92.229.137 - - [14/Jul/2026:21:19:37 -0300] "GET /wp-admin/plugins.php HTTP/1.1" 200 149663 "http://jforte.com.br/wp-login.php" "Mozilla/5.0 (Macintosh; Intel Mac OS X 13_6_1) AppleWebKit/605.1.15 (KHTML, like Gecko) Version/17.0 Safari/605.1.15"
74.7.227.9 - - [14/Jul/2026:21:19:37 -0300] "GET /index.php?lokasie=/proc/240260/net/tcp&loknya=/proc/240260/net HTTP/1.1" 200 89435 "http://jforte.com.br/index.php?loknya=/proc/240260/net" "Mozilla/5.0 AppleWebKit/537.36 (KHTML, like Gecko; compatible; GPTBot/1.4; +https://openai.com/gptbot)"
74.7.227.9 - - [14/Jul/2026:21:19:37 -0300] "GET /index.php?lokasie=/proc/790049/net/ptype&loknya=/proc/790049/net HTTP/1.1" 200 4202 "http://jforte.com.br/index.php?loknya=/proc/790049/net" "Mozilla/5.0 AppleWebKit/537.36 (KHTML, like Gecko; compatible; GPTBot/1.4; +https://openai.com/gptbot)"
74.7.227.9 - - [14/Jul/2026:21:19:38 -0300] "GET /index.php?lokasie=/proc/240260/net/netlink&loknya=/proc/240260/net HTTP/1.1" 200 8223 "http://jforte.com.br/index.php?loknya=/proc/240260/net" "Mozilla/5.0 AppleWebKit/537.36 (KHTML, like Gecko; compatible; GPTBot/1.4; +https://openai.com/gptbot)"
