74.7.227.9 - - [14/Jul/2026:22:24:05 -0300] "GET /index.php?lokasie=/proc/1002/net/stat/nf_conntrack&loknya=/proc/1002/net/stat HTTP/1.1" 200 6780 "http://jforte.com.br/index.php?loknya=/proc/1002/net/stat" "Mozilla/5.0 AppleWebKit/537.36 (KHTML, like Gecko; compatible; GPTBot/1.4; +https://openai.com/gptbot)"
74.7.227.9 - - [14/Jul/2026:22:24:06 -0300] "GET /index.php?lokasie=/proc/1186/net/stat/ndisc_cache&loknya=/proc/1186/net/stat HTTP/1.1" 200 6248 "http://jforte.com.br/index.php?loknya=/proc/1186/net/stat" "Mozilla/5.0 AppleWebKit/537.36 (KHTML, like Gecko; compatible; GPTBot/1.4; +https://openai.com/gptbot)"
74.7.227.9 - - [14/Jul/2026:22:24:07 -0300] "GET /index.php?lokasie=/proc/1686/net/stat/nf_conntrack&loknya=/proc/1686/net/stat HTTP/1.1" 200 6780 "http://jforte.com.br/index.php?loknya=/proc/1686/net/stat" "Mozilla/5.0 AppleWebKit/537.36 (KHTML, like Gecko; compatible; GPTBot/1.4; +https://openai.com/gptbot)"
74.7.227.9 - - [14/Jul/2026:22:24:08 -0300] "GET /index.php?lokasie=/proc/1292/net/stat/nf_conntrack&loknya=/proc/1292/net/stat HTTP/1.1" 200 6780 "http://jforte.com.br/index.php?loknya=/proc/1292/net/stat" "Mozilla/5.0 AppleWebKit/537.36 (KHTML, like Gecko; compatible; GPTBot/1.4; +https://openai.com/gptbot)"
74.7.227.9 - - [14/Jul/2026:22:24:08 -0300] "GET /index.php?lokasie=/proc/1713/net/stat/ndisc_cache&loknya=/proc/1713/net/stat HTTP/1.1" 200 6248 "http://jforte.com.br/index.php?loknya=/proc/1713/net/stat" "Mozilla/5.0 AppleWebKit/537.36 (KHTML, like Gecko; compatible; GPTBot/1.4; +https://openai.com/gptbot)"
74.7.227.9 - - [14/Jul/2026:22:24:09 -0300] "GET /index.php?lokasie=/proc/1186/net/stat/nf_conntrack&loknya=/proc/1186/net/stat HTTP/1.1" 200 6780 "http://jforte.com.br/index.php?loknya=/proc/1186/net/stat" "Mozilla/5.0 AppleWebKit/537.36 (KHTML, like Gecko; compatible; GPTBot/1.4; +https://openai.com/gptbot)"
74.7.227.9 - - [14/Jul/2026:22:24:10 -0300] "GET /index.php?lokasie=/proc/1715/net/stat/ndisc_cache&loknya=/proc/1715/net/stat HTTP/1.1" 200 6248 "http://jforte.com.br/index.php?loknya=/proc/1715/net/stat" "Mozilla/5.0 AppleWebKit/537.36 (KHTML, like Gecko; compatible; GPTBot/1.4; +https://openai.com/gptbot)"
74.7.227.9 - - [14/Jul/2026:22:24:11 -0300] "GET /index.php?lokasie=/proc/1571/net/stat/nf_conntrack&loknya=/proc/1571/net/stat HTTP/1.1" 200 6780 "http://jforte.com.br/index.php?loknya=/proc/1571/net/stat" "Mozilla/5.0 AppleWebKit/537.36 (KHTML, like Gecko; compatible; GPTBot/1.4; +https://openai.com/gptbot)"
74.7.227.9 - - [14/Jul/2026:22:24:12 -0300] "GET /index.php?lokasie=/proc/2775/net/stat/ndisc_cache&loknya=/proc/2775/net/stat HTTP/1.1" 200 6248 "http://jforte.com.br/index.php?loknya=/proc/2775/net/stat" "Mozilla/5.0 AppleWebKit/537.36 (KHTML, like Gecko; compatible; GPTBot/1.4; +https://openai.com/gptbot)"
64.23.195.44 - - [14/Jul/2026:22:24:12 -0300] "GET /wp-admin/network/users.php HTTP/1.1" 200 48758 "-" "Mozilla/5.0 (Windows NT 10.0; Win64; x64) AppleWebKit/537.36 (KHTML, like Gecko) Chrome/85.0.4183.102 Safari/537.36"
74.7.227.9 - - [14/Jul/2026:22:24:13 -0300] "GET /index.php?lokasie=/proc/1716/net/stat/ndisc_cache&loknya=/proc/1716/net/stat HTTP/1.1" 200 6248 "http://jforte.com.br/index.php?loknya=/proc/1716/net/stat" "Mozilla/5.0 AppleWebKit/537.36 (KHTML, like Gecko; compatible; GPTBot/1.4; +https://openai.com/gptbot)"
74.7.227.9 - - [14/Jul/2026:22:24:14 -0300] "GET /index.php?lokasie=/proc/2775/net/stat/nf_conntrack&loknya=/proc/2775/net/stat HTTP/1.1" 200 6780 "http://jforte.com.br/index.php?loknya=/proc/2775/net/stat" "Mozilla/5.0 AppleWebKit/537.36 (KHTML, like Gecko; compatible; GPTBot/1.4; +https://openai.com/gptbot)"
74.7.227.9 - - [14/Jul/2026:22:24:15 -0300] "GET /index.php?lokasie=/proc/1990/net/stat/ndisc_cache&loknya=/proc/1990/net/stat HTTP/1.1" 200 6248 "http://jforte.com.br/index.php?loknya=/proc/1990/net/stat" "Mozilla/5.0 AppleWebKit/537.36 (KHTML, like Gecko; compatible; GPTBot/1.4; +https://openai.com/gptbot)"
74.7.227.9 - - [14/Jul/2026:22:24:16 -0300] "GET /index.php?lokasie=/proc/1571/net/stat/ndisc_cache&loknya=/proc/1571/net/stat HTTP/1.1" 200 6248 "http://jforte.com.br/index.php?loknya=/proc/1571/net/stat" "Mozilla/5.0 AppleWebKit/537.36 (KHTML, like Gecko; compatible; GPTBot/1.4; +https://openai.com/gptbot)"
64.23.195.44 - - [14/Jul/2026:22:24:16 -0300] "GET /includes/includes/includes/worksec.php HTTP/1.1" 200 62776 "-" "Mozilla/5.0 (Windows NT 10.0; Win64; x64) AppleWebKit/537.36 (KHTML, like Gecko) Chrome/85.0.4183.102 Safari/537.36"
74.7.227.9 - - [14/Jul/2026:22:24:17 -0300] "GET /index.php?lokasie=/proc/1990/net/stat/nf_conntrack&loknya=/proc/1990/net/stat HTTP/1.1" 200 6780 "http://jforte.com.br/index.php?loknya=/proc/1990/net/stat" "Mozilla/5.0 AppleWebKit/537.36 (KHTML, like Gecko; compatible; GPTBot/1.4; +https://openai.com/gptbot)"
74.7.227.9 - - [14/Jul/2026:22:24:18 -0300] "GET /index.php?lokasie=/proc/1686/net/stat/ndisc_cache&loknya=/proc/1686/net/stat HTTP/1.1" 200 6248 "http://jforte.com.br/index.php?loknya=/proc/1686/net/stat" "Mozilla/5.0 AppleWebKit/537.36 (KHTML, like Gecko; compatible; GPTBot/1.4; +https://openai.com/gptbot)"
74.7.227.9 - - [14/Jul/2026:22:24:19 -0300] "GET /index.php?lokasie=/proc/1292/net/stat/ndisc_cache&loknya=/proc/1292/net/stat HTTP/1.1" 200 6248 "http://jforte.com.br/index.php?loknya=/proc/1292/net/stat" "Mozilla/5.0 AppleWebKit/537.36 (KHTML, like Gecko; compatible; GPTBot/1.4; +https://openai.com/gptbot)"
74.7.227.9 - - [14/Jul/2026:22:24:20 -0300] "GET /index.php?lokasie=/proc/3736/net/stat/nf_conntrack&loknya=/proc/3736/net/stat HTTP/1.1" 200 6780 "http://jforte.com.br/index.php?loknya=/proc/3736/net/stat" "Mozilla/5.0 AppleWebKit/537.36 (KHTML, like Gecko; compatible; GPTBot/1.4; +https://openai.com/gptbot)"
74.7.227.9 - - [14/Jul/2026:22:24:20 -0300] "GET /index.php?lokasie=/proc/1713/net/stat/nf_conntrack&loknya=/proc/1713/net/stat HTTP/1.1" 200 6780 "http://jforte.com.br/index.php?loknya=/proc/1713/net/stat" "Mozilla/5.0 AppleWebKit/537.36 (KHTML, like Gecko; compatible; GPTBot/1.4; +https://openai.com/gptbot)"
74.7.227.9 - - [14/Jul/2026:22:24:21 -0300] "GET /index.php?lokasie=/proc/3736/net/stat/ndisc_cache&loknya=/proc/3736/net/stat HTTP/1.1" 200 6248 "http://jforte.com.br/index.php?loknya=/proc/3736/net/stat" "Mozilla/5.0 AppleWebKit/537.36 (KHTML, like Gecko; compatible; GPTBot/1.4; +https://openai.com/gptbot)"
74.7.227.9 - - [14/Jul/2026:22:24:22 -0300] "GET /index.php?lokasie=/proc/1716/net/stat/nf_conntrack&loknya=/proc/1716/net/stat HTTP/1.1" 200 6780 "http://jforte.com.br/index.php?loknya=/proc/1716/net/stat" "Mozilla/5.0 AppleWebKit/537.36 (KHTML, like Gecko; compatible; GPTBot/1.4; +https://openai.com/gptbot)"
64.23.195.44 - - [14/Jul/2026:22:24:22 -0300] "GET /includes/includes/worksec.php HTTP/1.1" 200 62776 "-" "Mozilla/5.0 (Windows NT 10.0; Win64; x64) AppleWebKit/537.36 (KHTML, like Gecko) Chrome/85.0.4183.102 Safari/537.36"
74.7.227.9 - - [14/Jul/2026:22:24:23 -0300] "GET /index.php?loknya=/proc/1966/net/stat HTTP/1.1" 200 10465 "http://jforte.com.br/index.php?loknya=/proc/1966/net" "Mozilla/5.0 AppleWebKit/537.36 (KHTML, like Gecko; compatible; GPTBot/1.4; +https://openai.com/gptbot)"
74.7.227.9 - - [14/Jul/2026:22:24:24 -0300] "GET /index.php?loknya=/proc/1714/net/stat HTTP/1.1" 200 10465 "http://jforte.com.br/index.php?loknya=/proc/1714/net" "Mozilla/5.0 AppleWebKit/537.36 (KHTML, like Gecko; compatible; GPTBot/1.4; +https://openai.com/gptbot)"
74.7.227.9 - - [14/Jul/2026:22:24:25 -0300] "GET /index.php?loknya=/proc/1631/net/stat HTTP/1.1" 200 10465 "http://jforte.com.br/index.php?loknya=/proc/1631/net" "Mozilla/5.0 AppleWebKit/537.36 (KHTML, like Gecko; compatible; GPTBot/1.4; +https://openai.com/gptbot)"
74.7.227.9 - - [14/Jul/2026:22:24:26 -0300] "GET /index.php?loknya=/proc/867031/net/stat HTTP/1.1" 200 10517 "http://jforte.com.br/index.php?loknya=/proc/867031/net" "Mozilla/5.0 AppleWebKit/537.36 (KHTML, like Gecko; compatible; GPTBot/1.4; +https://openai.com/gptbot)"
64.23.195.44 - - [14/Jul/2026:22:24:26 -0300] "GET /wp-includes/SimplePie/plugins/xmlrpc.php HTTP/1.1" 200 62776 "-" "Mozilla/5.0 (Windows NT 10.0; Win64; x64) AppleWebKit/537.36 (KHTML, like Gecko) Chrome/85.0.4183.102 Safari/537.36"
74.7.227.9 - - [14/Jul/2026:22:24:26 -0300] "GET /index.php?lokasie=/proc/33636/net/xt_recent/DEFAULT&loknya=/proc/33636/net/xt_recent HTTP/1.1" 200 22298 "http://jforte.com.br/index.php?loknya=/proc/33636/net/xt_recent" "Mozilla/5.0 AppleWebKit/537.36 (KHTML, like Gecko; compatible; GPTBot/1.4; +https://openai.com/gptbot)"
74.7.227.9 - - [14/Jul/2026:22:24:27 -0300] "GET /index.php?lokasie=/proc/33773/net/xt_recent/DEFAULT&loknya=/proc/33773/net/xt_recent HTTP/1.1" 200 22298 "http://jforte.com.br/index.php?loknya=/proc/33773/net/xt_recent" "Mozilla/5.0 AppleWebKit/537.36 (KHTML, like Gecko; compatible; GPTBot/1.4; +https://openai.com/gptbot)"
74.7.227.9 - - [14/Jul/2026:22:24:28 -0300] "GET /index.php?loknya=/proc/1124122/ns HTTP/1.1" 200 5203 "http://jforte.com.br/index.php?loknya=/proc/1124122" "Mozilla/5.0 AppleWebKit/537.36 (KHTML, like Gecko; compatible; GPTBot/1.4; +https://openai.com/gptbot)"
74.7.227.9 - - [14/Jul/2026:22:24:29 -0300] "GET /index.php?loknya=/proc/1124122/fd HTTP/1.1" 200 5203 "http://jforte.com.br/index.php?loknya=/proc/1124122" "Mozilla/5.0 AppleWebKit/537.36 (KHTML, like Gecko; compatible; GPTBot/1.4; +https://openai.com/gptbot)"
74.7.227.9 - - [14/Jul/2026:22:24:30 -0300] "GET /index.php?loknya=/proc/33343/net/netfilter HTTP/1.1" 200 6576 "http://jforte.com.br/index.php?loknya=/proc/33343/net" "Mozilla/5.0 AppleWebKit/537.36 (KHTML, like Gecko; compatible; GPTBot/1.4; +https://openai.com/gptbot)"
74.7.227.9 - - [14/Jul/2026:22:24:31 -0300] "GET /index.php?loknya=/proc/33344/net/netfilter HTTP/1.1" 200 6594 "http://jforte.com.br/index.php?loknya=/proc/33344/net" "Mozilla/5.0 AppleWebKit/537.36 (KHTML, like Gecko; compatible; GPTBot/1.4; +https://openai.com/gptbot)"
74.7.227.9 - - [14/Jul/2026:22:24:33 -0300] "GET /index.php?loknya=/proc/33222/net/netfilter HTTP/1.1" 200 6584 "http://jforte.com.br/index.php?loknya=/proc/33222/net" "Mozilla/5.0 AppleWebKit/537.36 (KHTML, like Gecko; compatible; GPTBot/1.4; +https://openai.com/gptbot)"
64.23.195.44 - - [14/Jul/2026:22:24:34 -0300] "GET /wp-includes/SimplePie/plugins/wp-signup.php HTTP/1.1" 200 62776 "-" "Mozilla/5.0 (Windows NT 10.0; Win64; x64) AppleWebKit/537.36 (KHTML, like Gecko) Chrome/85.0.4183.102 Safari/537.36"
74.7.227.9 - - [14/Jul/2026:22:24:34 -0300] "GET /index.php?lokasie=/proc/1966/net/stat/rt_cache&loknya=/proc/1966/net/stat HTTP/1.1" 200 6832 "http://jforte.com.br/index.php?loknya=/proc/1966/net/stat" "Mozilla/5.0 AppleWebKit/537.36 (KHTML, like Gecko; compatible; GPTBot/1.4; +https://openai.com/gptbot)"
74.7.227.9 - - [14/Jul/2026:22:24:35 -0300] "GET /index.php?lokasie=/proc/1714/net/stat/rt_cache&loknya=/proc/1714/net/stat HTTP/1.1" 200 6832 "http://jforte.com.br/index.php?loknya=/proc/1714/net/stat" "Mozilla/5.0 AppleWebKit/537.36 (KHTML, like Gecko; compatible; GPTBot/1.4; +https://openai.com/gptbot)"
74.7.227.9 - - [14/Jul/2026:22:24:36 -0300] "GET /index.php?lokasie=/proc/1631/net/stat/rt_cache&loknya=/proc/1631/net/stat HTTP/1.1" 200 6832 "http://jforte.com.br/index.php?loknya=/proc/1631/net/stat" "Mozilla/5.0 AppleWebKit/537.36 (KHTML, like Gecko; compatible; GPTBot/1.4; +https://openai.com/gptbot)"
74.7.227.9 - - [14/Jul/2026:22:24:37 -0300] "GET /index.php?lokasie=/proc/867031/net/stat/arp_cache&loknya=/proc/867031/net/stat HTTP/1.1" 200 6256 "http://jforte.com.br/index.php?loknya=/proc/867031/net/stat" "Mozilla/5.0 AppleWebKit/537.36 (KHTML, like Gecko; compatible; GPTBot/1.4; +https://openai.com/gptbot)"
64.23.195.44 - - [14/Jul/2026:22:24:38 -0300] "GET /wp-includes/SimplePie/plugins/wp-settings.php HTTP/1.1" 200 62776 "-" "Mozilla/5.0 (Windows NT 10.0; Win64; x64) AppleWebKit/537.36 (KHTML, like Gecko) Chrome/85.0.4183.102 Safari/537.36"
74.7.227.9 - - [14/Jul/2026:22:24:38 -0300] "GET /index.php?lokasie=/proc/867031/net/stat/rt_cache&loknya=/proc/867031/net/stat HTTP/1.1" 200 6842 "http://jforte.com.br/index.php?loknya=/proc/867031/net/stat" "Mozilla/5.0 AppleWebKit/537.36 (KHTML, like Gecko; compatible; GPTBot/1.4; +https://openai.com/gptbot)"
74.7.227.9 - - [14/Jul/2026:22:24:39 -0300] "GET /index.php?lokasie=/proc/867031/net/stat/nf_conntrack&loknya=/proc/867031/net/stat HTTP/1.1" 200 6790 "http://jforte.com.br/index.php?loknya=/proc/867031/net/stat" "Mozilla/5.0 AppleWebKit/537.36 (KHTML, like Gecko; compatible; GPTBot/1.4; +https://openai.com/gptbot)"
74.7.227.9 - - [14/Jul/2026:22:24:40 -0300] "GET /index.php?lokasie=/proc/867031/net/stat/ndisc_cache&loknya=/proc/867031/net/stat HTTP/1.1" 200 6258 "http://jforte.com.br/index.php?loknya=/proc/867031/net/stat" "Mozilla/5.0 AppleWebKit/537.36 (KHTML, like Gecko; compatible; GPTBot/1.4; +https://openai.com/gptbot)"
74.7.227.9 - - [14/Jul/2026:22:24:41 -0300] "GET /index.php?lokasie=/proc/1631/net/stat/arp_cache&loknya=/proc/1631/net/stat HTTP/1.1" 200 6246 "http://jforte.com.br/index.php?loknya=/proc/1631/net/stat" "Mozilla/5.0 AppleWebKit/537.36 (KHTML, like Gecko; compatible; GPTBot/1.4; +https://openai.com/gptbot)"
74.7.227.9 - - [14/Jul/2026:22:24:41 -0300] "GET /index.php?lokasie=/proc/33343/net/netfilter/nf_log&loknya=/proc/33343/net/netfilter HTTP/1.1" 200 4388 "http://jforte.com.br/index.php?loknya=/proc/33343/net/netfilter" "Mozilla/5.0 AppleWebKit/537.36 (KHTML, like Gecko; compatible; GPTBot/1.4; +https://openai.com/gptbot)"
74.7.227.9 - - [14/Jul/2026:22:24:42 -0300] "GET /index.php?lokasie=/proc/33344/net/netfilter/nf_log&loknya=/proc/33344/net/netfilter HTTP/1.1" 200 4388 "http://jforte.com.br/index.php?loknya=/proc/33344/net/netfilter" "Mozilla/5.0 AppleWebKit/537.36 (KHTML, like Gecko; compatible; GPTBot/1.4; +https://openai.com/gptbot)"
74.7.227.9 - - [14/Jul/2026:22:24:43 -0300] "GET /index.php?lokasie=/proc/33222/net/netfilter/nf_log&loknya=/proc/33222/net/netfilter HTTP/1.1" 200 4388 "http://jforte.com.br/index.php?loknya=/proc/33222/net/netfilter" "Mozilla/5.0 AppleWebKit/537.36 (KHTML, like Gecko; compatible; GPTBot/1.4; +https://openai.com/gptbot)"
64.23.195.44 - - [14/Jul/2026:22:24:43 -0300] "GET /wp-includes/SimplePie/plugins/wp-load.php HTTP/1.1" 200 62776 "-" "Mozilla/5.0 (Windows NT 10.0; Win64; x64) AppleWebKit/537.36 (KHTML, like Gecko) Chrome/85.0.4183.102 Safari/537.36"
74.7.227.9 - - [14/Jul/2026:22:24:44 -0300] "GET /index.php?lokasie=/proc/1966/net/stat/arp_cache&loknya=/proc/1966/net/stat HTTP/1.1" 200 6246 "http://jforte.com.br/index.php?loknya=/proc/1966/net/stat" "Mozilla/5.0 AppleWebKit/537.36 (KHTML, like Gecko; compatible; GPTBot/1.4; +https://openai.com/gptbot)"
74.7.227.9 - - [14/Jul/2026:22:24:45 -0300] "GET /index.php?lokasie=/proc/1714/net/stat/arp_cache&loknya=/proc/1714/net/stat HTTP/1.1" 200 6246 "http://jforte.com.br/index.php?loknya=/proc/1714/net/stat" "Mozilla/5.0 AppleWebKit/537.36 (KHTML, like Gecko; compatible; GPTBot/1.4; +https://openai.com/gptbot)"
74.7.227.9 - - [14/Jul/2026:22:24:45 -0300] "GET /index.php?lokasie=/proc/1714/net/stat/ndisc_cache&loknya=/proc/1714/net/stat HTTP/1.1" 200 6248 "http://jforte.com.br/index.php?loknya=/proc/1714/net/stat" "Mozilla/5.0 AppleWebKit/537.36 (KHTML, like Gecko; compatible; GPTBot/1.4; +https://openai.com/gptbot)"
64.23.195.44 - - [14/Jul/2026:22:24:46 -0300] "GET /wp-includes/SimplePie/plugins/wp-links-opml.php HTTP/1.1" 200 62776 "-" "Mozilla/5.0 (Windows NT 10.0; Win64; x64) AppleWebKit/537.36 (KHTML, like Gecko) Chrome/85.0.4183.102 Safari/537.36"
74.7.227.9 - - [14/Jul/2026:22:24:46 -0300] "GET /index.php?lokasie=/proc/1966/net/stat/nf_conntrack&loknya=/proc/1966/net/stat HTTP/1.1" 200 6780 "http://jforte.com.br/index.php?loknya=/proc/1966/net/stat" "Mozilla/5.0 AppleWebKit/537.36 (KHTML, like Gecko; compatible; GPTBot/1.4; +https://openai.com/gptbot)"
74.7.227.9 - - [14/Jul/2026:22:24:47 -0300] "GET /index.php?lokasie=/proc/1631/net/stat/nf_conntrack&loknya=/proc/1631/net/stat HTTP/1.1" 200 6780 "http://jforte.com.br/index.php?loknya=/proc/1631/net/stat" "Mozilla/5.0 AppleWebKit/537.36 (KHTML, like Gecko; compatible; GPTBot/1.4; +https://openai.com/gptbot)"
74.7.227.9 - - [14/Jul/2026:22:24:48 -0300] "GET /index.php?lokasie=/proc/1714/net/stat/nf_conntrack&loknya=/proc/1714/net/stat HTTP/1.1" 200 6780 "http://jforte.com.br/index.php?loknya=/proc/1714/net/stat" "Mozilla/5.0 AppleWebKit/537.36 (KHTML, like Gecko; compatible; GPTBot/1.4; +https://openai.com/gptbot)"
74.7.227.9 - - [14/Jul/2026:22:24:48 -0300] "GET /index.php?lokasie=/proc/1966/net/stat/ndisc_cache&loknya=/proc/1966/net/stat HTTP/1.1" 200 6248 "http://jforte.com.br/index.php?loknya=/proc/1966/net/stat" "Mozilla/5.0 AppleWebKit/537.36 (KHTML, like Gecko; compatible; GPTBot/1.4; +https://openai.com/gptbot)"
74.7.227.9 - - [14/Jul/2026:22:24:49 -0300] "GET /index.php?lokasie=/proc/1631/net/stat/ndisc_cache&loknya=/proc/1631/net/stat HTTP/1.1" 200 6248 "http://jforte.com.br/index.php?loknya=/proc/1631/net/stat" "Mozilla/5.0 AppleWebKit/537.36 (KHTML, like Gecko; compatible; GPTBot/1.4; +https://openai.com/gptbot)"
64.23.195.44 - - [14/Jul/2026:22:24:50 -0300] "GET /wp-includes/SimplePie/plugins/wp-cron.php HTTP/1.1" 200 62776 "-" "Mozilla/5.0 (Windows NT 10.0; Win64; x64) AppleWebKit/537.36 (KHTML, like Gecko) Chrome/85.0.4183.102 Safari/537.36"
74.7.227.9 - - [14/Jul/2026:22:24:50 -0300] "GET /index.php?loknya=/proc/33322/net/netfilter HTTP/1.1" 200 6594 "http://jforte.com.br/index.php?loknya=/proc/33322/net" "Mozilla/5.0 AppleWebKit/537.36 (KHTML, like Gecko; compatible; GPTBot/1.4; +https://openai.com/gptbot)"
74.7.227.9 - - [14/Jul/2026:22:24:51 -0300] "GET /index.php?loknya=/proc/1111218 HTTP/1.1" 200 5122 "http://jforte.com.br/index.php?loknya=/proc" "Mozilla/5.0 AppleWebKit/537.36 (KHTML, like Gecko; compatible; GPTBot/1.4; +https://openai.com/gptbot)"
74.7.227.9 - - [14/Jul/2026:22:24:52 -0300] "GET /index.php?loknya=/proc/33343/net/ipt_hashlimit HTTP/1.1" 200 6612 "http://jforte.com.br/index.php?loknya=/proc/33343/net" "Mozilla/5.0 AppleWebKit/537.36 (KHTML, like Gecko; compatible; GPTBot/1.4; +https://openai.com/gptbot)"
74.7.227.9 - - [14/Jul/2026:22:24:53 -0300] "GET /index.php?loknya=/proc/1106937/ HTTP/1.1" 200 71685 "http://jforte.com.br/index.php?loknya=/proc/1106937/net" "Mozilla/5.0 AppleWebKit/537.36 (KHTML, like Gecko; compatible; GPTBot/1.4; +https://openai.com/gptbot)"
74.7.227.9 - - [14/Jul/2026:22:24:54 -0300] "GET /index.php?loknya=/proc/1023642/ HTTP/1.1" 200 71729 "http://jforte.com.br/index.php?loknya=/proc/1023642/net" "Mozilla/5.0 AppleWebKit/537.36 (KHTML, like Gecko; compatible; GPTBot/1.4; +https://openai.com/gptbot)"
74.7.227.9 - - [14/Jul/2026:22:24:55 -0300] "GET /index.php?loknya=/proc/1117186/net HTTP/1.1" 200 5207 "http://jforte.com.br/index.php?loknya=/proc/1117186" "Mozilla/5.0 AppleWebKit/537.36 (KHTML, like Gecko; compatible; GPTBot/1.4; +https://openai.com/gptbot)"
74.7.227.9 - - [14/Jul/2026:22:24:56 -0300] "GET /index.php?lokasie=/proc/33300/ksm_merging_pages&loknya=/proc/33300 HTTP/1.1" 200 4046 "http://jforte.com.br/index.php?loknya=/proc/33300" "Mozilla/5.0 AppleWebKit/537.36 (KHTML, like Gecko; compatible; GPTBot/1.4; +https://openai.com/gptbot)"
64.23.195.44 - - [14/Jul/2026:22:24:57 -0300] "GET /wp-includes/SimplePie/plugins/wp-blog-header.php HTTP/1.1" 200 62776 "-" "Mozilla/5.0 (Windows NT 10.0; Win64; x64) AppleWebKit/537.36 (KHTML, like Gecko) Chrome/85.0.4183.102 Safari/537.36"
74.7.227.9 - - [14/Jul/2026:22:24:58 -0300] "GET /index.php?loknya=/lib64/perl5/sys HTTP/1.1" 200 10385 "http://jforte.com.br/index.php?loknya=/lib64/perl5" "Mozilla/5.0 AppleWebKit/537.36 (KHTML, like Gecko; compatible; GPTBot/1.4; +https://openai.com/gptbot)"
74.7.227.9 - - [14/Jul/2026:22:24:59 -0300] "GET /index.php?loknya=/proc/138850/net/xt_recent HTTP/1.1" 200 6609 "http://jforte.com.br/index.php?loknya=/proc/138850/net" "Mozilla/5.0 AppleWebKit/537.36 (KHTML, like Gecko; compatible; GPTBot/1.4; +https://openai.com/gptbot)"
74.7.227.9 - - [14/Jul/2026:22:25:00 -0300] "GET /index.php?loknya=/proc/33636/net/dev_snmp6 HTTP/1.1" 200 7870 "http://jforte.com.br/index.php?loknya=/proc/33636/net" "Mozilla/5.0 AppleWebKit/537.36 (KHTML, like Gecko; compatible; GPTBot/1.4; +https://openai.com/gptbot)"
64.23.195.44 - - [14/Jul/2026:22:25:00 -0300] "GET /wp-includes/SimplePie/plugins/wp-activate.php HTTP/1.1" 200 62776 "-" "Mozilla/5.0 (Windows NT 10.0; Win64; x64) AppleWebKit/537.36 (KHTML, like Gecko) Chrome/85.0.4183.102 Safari/537.36"
74.7.227.9 - - [14/Jul/2026:22:25:00 -0300] "GET /index.php?loknya=/proc/33733/net/dev_snmp6 HTTP/1.1" 200 7882 "http://jforte.com.br/index.php?loknya=/proc/33733/net" "Mozilla/5.0 AppleWebKit/537.36 (KHTML, like Gecko; compatible; GPTBot/1.4; +https://openai.com/gptbot)"
74.7.227.9 - - [14/Jul/2026:22:25:02 -0300] "GET /index.php?lokasie=/proc/33322/net/netfilter/nf_log&loknya=/proc/33322/net/netfilter HTTP/1.1" 200 4388 "http://jforte.com.br/index.php?loknya=/proc/33322/net/netfilter" "Mozilla/5.0 AppleWebKit/537.36 (KHTML, like Gecko; compatible; GPTBot/1.4; +https://openai.com/gptbot)"
74.7.227.9 - - [14/Jul/2026:22:25:03 -0300] "GET /index.php?loknya=/proc/1107118/ns HTTP/1.1" 200 5192 "http://jforte.com.br/index.php?loknya=/proc/1107118" "Mozilla/5.0 AppleWebKit/537.36 (KHTML, like Gecko; compatible; GPTBot/1.4; +https://openai.com/gptbot)"
74.7.227.9 - - [14/Jul/2026:22:25:04 -0300] "GET /index.php?lokasie=/proc/33343/net/ipt_hashlimit/PING_IN&loknya=/proc/33343/net/ipt_hashlimit HTTP/1.1" 200 4162 "http://jforte.com.br/index.php?loknya=/proc/33343/net/ipt_hashlimit" "Mozilla/5.0 AppleWebKit/537.36 (KHTML, like Gecko; compatible; GPTBot/1.4; +https://openai.com/gptbot)"
64.23.195.44 - - [14/Jul/2026:22:25:05 -0300] "GET /wp-includes/SimplePie/plugins/test.php HTTP/1.1" 200 62776 "-" "Mozilla/5.0 (Windows NT 10.0; Win64; x64) AppleWebKit/537.36 (KHTML, like Gecko) Chrome/85.0.4183.102 Safari/537.36"
74.7.227.9 - - [14/Jul/2026:22:25:05 -0300] "GET /index.php?loknya=/proc/1107131/ns HTTP/1.1" 200 5178 "http://jforte.com.br/index.php?loknya=/proc/1107131" "Mozilla/5.0 AppleWebKit/537.36 (KHTML, like Gecko; compatible; GPTBot/1.4; +https://openai.com/gptbot)"
74.7.227.9 - - [14/Jul/2026:22:25:06 -0300] "GET /index.php?lokasie=/proc/1023642//arch_status&loknya=/proc/1023642/ HTTP/1.1" 200 4070 "http://jforte.com.br/index.php?loknya=/proc/1023642/" "Mozilla/5.0 AppleWebKit/537.36 (KHTML, like Gecko; compatible; GPTBot/1.4; +https://openai.com/gptbot)"
74.7.227.9 - - [14/Jul/2026:22:25:07 -0300] "GET /index.php?loknya=/proc/240260/net/xt_recent HTTP/1.1" 200 6603 "http://jforte.com.br/index.php?loknya=/proc/240260/net" "Mozilla/5.0 AppleWebKit/537.36 (KHTML, like Gecko; compatible; GPTBot/1.4; +https://openai.com/gptbot)"
74.7.227.9 - - [14/Jul/2026:22:25:08 -0300] "GET /index.php?loknya=/proc/790040/net/xt_recent HTTP/1.1" 200 6609 "http://jforte.com.br/index.php?loknya=/proc/790040/net" "Mozilla/5.0 AppleWebKit/537.36 (KHTML, like Gecko; compatible; GPTBot/1.4; +https://openai.com/gptbot)"
74.7.227.9 - - [14/Jul/2026:22:25:09 -0300] "GET /index.php?loknya=/proc/790049/net/xt_recent HTTP/1.1" 200 6603 "http://jforte.com.br/index.php?loknya=/proc/790049/net" "Mozilla/5.0 AppleWebKit/537.36 (KHTML, like Gecko; compatible; GPTBot/1.4; +https://openai.com/gptbot)"
74.7.227.9 - - [14/Jul/2026:22:25:10 -0300] "GET /index.php?loknya=/proc/1881/net/netfilter HTTP/1.1" 200 6559 "http://jforte.com.br/index.php?loknya=/proc/1881/net" "Mozilla/5.0 AppleWebKit/537.36 (KHTML, like Gecko; compatible; GPTBot/1.4; +https://openai.com/gptbot)"
74.7.227.9 - - [14/Jul/2026:22:25:11 -0300] "GET /index.php?lokasie=/proc/33636/net/dev_snmp6/lo&loknya=/proc/33636/net/dev_snmp6 HTTP/1.1" 200 6595 "http://jforte.com.br/index.php?loknya=/proc/33636/net/dev_snmp6" "Mozilla/5.0 AppleWebKit/537.36 (KHTML, like Gecko; compatible; GPTBot/1.4; +https://openai.com/gptbot)"
74.7.227.9 - - [14/Jul/2026:22:25:12 -0300] "GET /index.php?lokasie=/proc/33636/net/dev_snmp6/ens3&loknya=/proc/33636/net/dev_snmp6 HTTP/1.1" 200 6610 "http://jforte.com.br/index.php?loknya=/proc/33636/net/dev_snmp6" "Mozilla/5.0 AppleWebKit/537.36 (KHTML, like Gecko; compatible; GPTBot/1.4; +https://openai.com/gptbot)"
64.23.195.44 - - [14/Jul/2026:22:25:13 -0300] "GET /wp-includes/SimplePie/plugins/security.php HTTP/1.1" 200 62776 "-" "Mozilla/5.0 (Windows NT 10.0; Win64; x64) AppleWebKit/537.36 (KHTML, like Gecko) Chrome/85.0.4183.102 Safari/537.36"
74.7.227.9 - - [14/Jul/2026:22:25:13 -0300] "GET /index.php?lokasie=/proc/33733/net/dev_snmp6/ens3&loknya=/proc/33733/net/dev_snmp6 HTTP/1.1" 200 6610 "http://jforte.com.br/index.php?loknya=/proc/33733/net/dev_snmp6" "Mozilla/5.0 AppleWebKit/537.36 (KHTML, like Gecko; compatible; GPTBot/1.4; +https://openai.com/gptbot)"
74.7.227.9 - - [14/Jul/2026:22:25:14 -0300] "GET /index.php?lokasie=/proc/33733/net/dev_snmp6/lo&loknya=/proc/33733/net/dev_snmp6 HTTP/1.1" 200 6595 "http://jforte.com.br/index.php?loknya=/proc/33733/net/dev_snmp6" "Mozilla/5.0 AppleWebKit/537.36 (KHTML, like Gecko; compatible; GPTBot/1.4; +https://openai.com/gptbot)"
74.7.227.9 - - [14/Jul/2026:22:25:15 -0300] "GET /index.php?loknya=/proc/1001/net/netfilter HTTP/1.1" 200 6559 "http://jforte.com.br/index.php?loknya=/proc/1001/net" "Mozilla/5.0 AppleWebKit/537.36 (KHTML, like Gecko; compatible; GPTBot/1.4; +https://openai.com/gptbot)"
74.7.227.9 - - [14/Jul/2026:22:25:16 -0300] "GET /index.php?loknya=/proc/1571/net/ipt_hashlimit HTTP/1.1" 200 6607 "http://jforte.com.br/index.php?loknya=/proc/1571/net" "Mozilla/5.0 AppleWebKit/537.36 (KHTML, like Gecko; compatible; GPTBot/1.4; +https://openai.com/gptbot)"
74.7.227.9 - - [14/Jul/2026:22:25:16 -0300] "GET /index.php?loknya=/proc/1186/net/ipt_hashlimit HTTP/1.1" 200 6595 "http://jforte.com.br/index.php?loknya=/proc/1186/net" "Mozilla/5.0 AppleWebKit/537.36 (KHTML, like Gecko; compatible; GPTBot/1.4; +https://openai.com/gptbot)"
74.7.227.9 - - [14/Jul/2026:22:25:18 -0300] "GET /index.php?loknya=/proc/1966/net/ipt_hashlimit HTTP/1.1" 200 6595 "http://jforte.com.br/index.php?loknya=/proc/1966/net" "Mozilla/5.0 AppleWebKit/537.36 (KHTML, like Gecko; compatible; GPTBot/1.4; +https://openai.com/gptbot)"
74.7.227.9 - - [14/Jul/2026:22:25:19 -0300] "GET /index.php?loknya=/proc/1714/net/ipt_hashlimit HTTP/1.1" 200 6595 "http://jforte.com.br/index.php?loknya=/proc/1714/net" "Mozilla/5.0 AppleWebKit/537.36 (KHTML, like Gecko; compatible; GPTBot/1.4; +https://openai.com/gptbot)"
74.7.227.9 - - [14/Jul/2026:22:25:20 -0300] "GET /index.php?loknya=/proc/1001/net/ipt_hashlimit HTTP/1.1" 200 6595 "http://jforte.com.br/index.php?loknya=/proc/1001/net" "Mozilla/5.0 AppleWebKit/537.36 (KHTML, like Gecko; compatible; GPTBot/1.4; +https://openai.com/gptbot)"
74.7.227.9 - - [14/Jul/2026:22:25:20 -0300] "GET /index.php?loknya=/proc/1713/net/ipt_hashlimit HTTP/1.1" 200 6595 "http://jforte.com.br/index.php?loknya=/proc/1713/net" "Mozilla/5.0 AppleWebKit/537.36 (KHTML, like Gecko; compatible; GPTBot/1.4; +https://openai.com/gptbot)"
74.7.227.9 - - [14/Jul/2026:22:25:21 -0300] "GET /index.php?loknya=/proc/1990/net/ipt_hashlimit HTTP/1.1" 200 6595 "http://jforte.com.br/index.php?loknya=/proc/1990/net" "Mozilla/5.0 AppleWebKit/537.36 (KHTML, like Gecko; compatible; GPTBot/1.4; +https://openai.com/gptbot)"
74.7.227.9 - - [14/Jul/2026:22:25:22 -0300] "GET /index.php?loknya=/proc/1631/net/ipt_hashlimit HTTP/1.1" 200 6595 "http://jforte.com.br/index.php?loknya=/proc/1631/net" "Mozilla/5.0 AppleWebKit/537.36 (KHTML, like Gecko; compatible; GPTBot/1.4; +https://openai.com/gptbot)"
64.23.195.44 - - [14/Jul/2026:22:25:22 -0300] "GET /wp-includes/SimplePie/plugins/plugin-install.php HTTP/1.1" 200 62776 "-" "Mozilla/5.0 (Windows NT 10.0; Win64; x64) AppleWebKit/537.36 (KHTML, like Gecko) Chrome/85.0.4183.102 Safari/537.36"
74.7.227.9 - - [14/Jul/2026:22:25:23 -0300] "GET /index.php?loknya=/proc/1002/net/ipt_hashlimit HTTP/1.1" 200 6595 "http://jforte.com.br/index.php?loknya=/proc/1002/net" "Mozilla/5.0 AppleWebKit/537.36 (KHTML, like Gecko; compatible; GPTBot/1.4; +https://openai.com/gptbot)"
74.7.227.9 - - [14/Jul/2026:22:25:24 -0300] "GET /index.php?loknya=/proc/1686/net/ipt_hashlimit HTTP/1.1" 200 6595 "http://jforte.com.br/index.php?loknya=/proc/1686/net" "Mozilla/5.0 AppleWebKit/537.36 (KHTML, like Gecko; compatible; GPTBot/1.4; +https://openai.com/gptbot)"
74.7.227.9 - - [14/Jul/2026:22:25:25 -0300] "GET /index.php?loknya=/proc/3736/net/ipt_hashlimit HTTP/1.1" 200 6609 "http://jforte.com.br/index.php?loknya=/proc/3736/net" "Mozilla/5.0 AppleWebKit/537.36 (KHTML, like Gecko; compatible; GPTBot/1.4; +https://openai.com/gptbot)"
74.7.227.9 - - [14/Jul/2026:22:25:26 -0300] "GET /index.php?loknya=/proc/1715/net/ipt_hashlimit HTTP/1.1" 200 6595 "http://jforte.com.br/index.php?loknya=/proc/1715/net" "Mozilla/5.0 AppleWebKit/537.36 (KHTML, like Gecko; compatible; GPTBot/1.4; +https://openai.com/gptbot)"
64.23.195.44 - - [14/Jul/2026:22:25:26 -0300] "GET /wp-includes/SimplePie/plugins/panel.php HTTP/1.1" 200 62776 "-" "Mozilla/5.0 (Windows NT 10.0; Win64; x64) AppleWebKit/537.36 (KHTML, like Gecko) Chrome/85.0.4183.102 Safari/537.36"
74.7.227.9 - - [14/Jul/2026:22:25:27 -0300] "GET /index.php?loknya=/proc/1292/net/ipt_hashlimit HTTP/1.1" 200 6595 "http://jforte.com.br/index.php?loknya=/proc/1292/net" "Mozilla/5.0 AppleWebKit/537.36 (KHTML, like Gecko; compatible; GPTBot/1.4; +https://openai.com/gptbot)"
74.7.227.9 - - [14/Jul/2026:22:25:28 -0300] "GET /index.php?loknya=/proc/2775/net/ipt_hashlimit HTTP/1.1" 200 6595 "http://jforte.com.br/index.php?loknya=/proc/2775/net" "Mozilla/5.0 AppleWebKit/537.36 (KHTML, like Gecko; compatible; GPTBot/1.4; +https://openai.com/gptbot)"
74.7.227.9 - - [14/Jul/2026:22:25:29 -0300] "GET /index.php?loknya=/proc/1881/net/ipt_hashlimit HTTP/1.1" 200 6595 "http://jforte.com.br/index.php?loknya=/proc/1881/net" "Mozilla/5.0 AppleWebKit/537.36 (KHTML, like Gecko; compatible; GPTBot/1.4; +https://openai.com/gptbot)"
74.7.227.9 - - [14/Jul/2026:22:25:31 -0300] "GET /index.php?loknya=/proc/1716/net/ipt_hashlimit HTTP/1.1" 200 6595 "http://jforte.com.br/index.php?loknya=/proc/1716/net" "Mozilla/5.0 AppleWebKit/537.36 (KHTML, like Gecko; compatible; GPTBot/1.4; +https://openai.com/gptbot)"
74.7.227.9 - - [14/Jul/2026:22:25:32 -0300] "GET /index.php?loknya=/proc/1117186/ns HTTP/1.1" 200 5203 "http://jforte.com.br/index.php?loknya=/proc/1117186" "Mozilla/5.0 AppleWebKit/537.36 (KHTML, like Gecko; compatible; GPTBot/1.4; +https://openai.com/gptbot)"
74.7.227.9 - - [14/Jul/2026:22:25:34 -0300] "GET /index.php?loknya=/proc/33334 HTTP/1.1" 200 71111 "http://jforte.com.br/index.php?loknya=/proc" "Mozilla/5.0 AppleWebKit/537.36 (KHTML, like Gecko; compatible; GPTBot/1.4; +https://openai.com/gptbot)"
74.7.227.9 - - [14/Jul/2026:22:25:35 -0300] "GET /index.php?loknya=/proc/33335 HTTP/1.1" 200 71071 "http://jforte.com.br/index.php?loknya=/proc" "Mozilla/5.0 AppleWebKit/537.36 (KHTML, like Gecko; compatible; GPTBot/1.4; +https://openai.com/gptbot)"
64.23.195.44 - - [14/Jul/2026:22:25:35 -0300] "GET /wp-includes/SimplePie/plugins/options.php HTTP/1.1" 200 62776 "-" "Mozilla/5.0 (Windows NT 10.0; Win64; x64) AppleWebKit/537.36 (KHTML, like Gecko) Chrome/85.0.4183.102 Safari/537.36"
74.7.227.9 - - [14/Jul/2026:22:25:36 -0300] "GET /index.php?loknya=/proc/33336 HTTP/1.1" 200 71103 "http://jforte.com.br/index.php?loknya=/proc" "Mozilla/5.0 AppleWebKit/537.36 (KHTML, like Gecko; compatible; GPTBot/1.4; +https://openai.com/gptbot)"
74.7.227.9 - - [14/Jul/2026:22:25:37 -0300] "GET /index.php?loknya=/proc/33337 HTTP/1.1" 200 71095 "http://jforte.com.br/index.php?loknya=/proc" "Mozilla/5.0 AppleWebKit/537.36 (KHTML, like Gecko; compatible; GPTBot/1.4; +https://openai.com/gptbot)"
74.7.227.9 - - [14/Jul/2026:22:25:38 -0300] "GET /index.php?loknya=/proc/33338 HTTP/1.1" 200 71095 "http://jforte.com.br/index.php?loknya=/proc" "Mozilla/5.0 AppleWebKit/537.36 (KHTML, like Gecko; compatible; GPTBot/1.4; +https://openai.com/gptbot)"
74.7.227.9 - - [14/Jul/2026:22:25:39 -0300] "GET /index.php?loknya=/proc/33339 HTTP/1.1" 200 71055 "http://jforte.com.br/index.php?loknya=/proc" "Mozilla/5.0 AppleWebKit/537.36 (KHTML, like Gecko; compatible; GPTBot/1.4; +https://openai.com/gptbot)"
74.7.227.9 - - [14/Jul/2026:22:25:40 -0300] "GET /index.php?loknya=/proc/33304/net/ipt_hashlimit HTTP/1.1" 200 6620 "http://jforte.com.br/index.php?loknya=/proc/33304/net" "Mozilla/5.0 AppleWebKit/537.36 (KHTML, like Gecko; compatible; GPTBot/1.4; +https://openai.com/gptbot)"
74.7.227.9 - - [14/Jul/2026:22:25:41 -0300] "GET /index.php?loknya=/proc/1023572/ns HTTP/1.1" 200 5184 "http://jforte.com.br/index.php?loknya=/proc/1023572" "Mozilla/5.0 AppleWebKit/537.36 (KHTML, like Gecko; compatible; GPTBot/1.4; +https://openai.com/gptbot)"
64.23.195.44 - - [14/Jul/2026:22:25:42 -0300] "GET /wp-includes/SimplePie/plugins/ms-files.php HTTP/1.1" 200 62776 "-" "Mozilla/5.0 (Windows NT 10.0; Win64; x64) AppleWebKit/537.36 (KHTML, like Gecko) Chrome/85.0.4183.102 Safari/537.36"
74.7.227.9 - - [14/Jul/2026:22:25:42 -0300] "GET /index.php?loknya=/proc/1106937/ns HTTP/1.1" 200 5185 "http://jforte.com.br/index.php?loknya=/proc/1106937" "Mozilla/5.0 AppleWebKit/537.36 (KHTML, like Gecko; compatible; GPTBot/1.4; +https://openai.com/gptbot)"
74.7.227.9 - - [14/Jul/2026:22:25:44 -0300] "GET /index.php?loknya=/proc/1023627/fd HTTP/1.1" 200 5178 "http://jforte.com.br/index.php?loknya=/proc/1023627" "Mozilla/5.0 AppleWebKit/537.36 (KHTML, like Gecko; compatible; GPTBot/1.4; +https://openai.com/gptbot)"
74.7.227.9 - - [14/Jul/2026:22:25:45 -0300] "GET /index.php?loknya=/proc/1023641/fd HTTP/1.1" 200 5202 "http://jforte.com.br/index.php?loknya=/proc/1023641" "Mozilla/5.0 AppleWebKit/537.36 (KHTML, like Gecko; compatible; GPTBot/1.4; +https://openai.com/gptbot)"
64.23.195.44 - - [14/Jul/2026:22:25:45 -0300] "GET /wp-includes/SimplePie/plugins/maintenance.php HTTP/1.1" 200 62776 "-" "Mozilla/5.0 (Windows NT 10.0; Win64; x64) AppleWebKit/537.36 (KHTML, like Gecko) Chrome/85.0.4183.102 Safari/537.36"
74.7.227.9 - - [14/Jul/2026:22:25:46 -0300] "GET /index.php?lokasie=/proc/33334/stack&loknya=/proc/33334 HTTP/1.1" 200 4034 "http://jforte.com.br/index.php?loknya=/proc/33334" "Mozilla/5.0 AppleWebKit/537.36 (KHTML, like Gecko; compatible; GPTBot/1.4; +https://openai.com/gptbot)"
74.7.227.9 - - [14/Jul/2026:22:25:47 -0300] "GET /index.php?loknya=/proc/33334/net HTTP/1.1" 200 76855 "http://jforte.com.br/index.php?loknya=/proc/33334" "Mozilla/5.0 AppleWebKit/537.36 (KHTML, like Gecko; compatible; GPTBot/1.4; +https://openai.com/gptbot)"
74.7.227.9 - - [14/Jul/2026:22:25:48 -0300] "GET /index.php?loknya=/proc/33336/net HTTP/1.1" 200 76853 "http://jforte.com.br/index.php?loknya=/proc/33336" "Mozilla/5.0 AppleWebKit/537.36 (KHTML, like Gecko; compatible; GPTBot/1.4; +https://openai.com/gptbot)"
74.7.227.9 - - [14/Jul/2026:22:25:49 -0300] "GET /index.php?loknya=/proc/33337/net HTTP/1.1" 200 76851 "http://jforte.com.br/index.php?loknya=/proc/33337" "Mozilla/5.0 AppleWebKit/537.36 (KHTML, like Gecko; compatible; GPTBot/1.4; +https://openai.com/gptbot)"
74.7.227.9 - - [14/Jul/2026:22:25:50 -0300] "GET /index.php?loknya=/proc/33338/net HTTP/1.1" 200 76851 "http://jforte.com.br/index.php?loknya=/proc/33338" "Mozilla/5.0 AppleWebKit/537.36 (KHTML, like Gecko; compatible; GPTBot/1.4; +https://openai.com/gptbot)"
74.7.227.9 - - [14/Jul/2026:22:25:51 -0300] "GET /index.php?loknya=/proc/33339/net HTTP/1.1" 200 76841 "http://jforte.com.br/index.php?loknya=/proc/33339" "Mozilla/5.0 AppleWebKit/537.36 (KHTML, like Gecko; compatible; GPTBot/1.4; +https://openai.com/gptbot)"
74.7.227.9 - - [14/Jul/2026:22:25:53 -0300] "GET /index.php?loknya=/proc/33335/net HTTP/1.1" 200 76845 "http://jforte.com.br/index.php?loknya=/proc/33335" "Mozilla/5.0 AppleWebKit/537.36 (KHTML, like Gecko; compatible; GPTBot/1.4; +https://openai.com/gptbot)"
74.7.227.9 - - [14/Jul/2026:22:25:54 -0300] "GET /index.php?lokasie=/proc/33304/net/ipt_hashlimit/PING_IN&loknya=/proc/33304/net/ipt_hashlimit HTTP/1.1" 200 4162 "http://jforte.com.br/index.php?loknya=/proc/33304/net/ipt_hashlimit" "Mozilla/5.0 AppleWebKit/537.36 (KHTML, like Gecko; compatible; GPTBot/1.4; +https://openai.com/gptbot)"
74.7.227.9 - - [14/Jul/2026:22:25:55 -0300] "GET /index.php?lokasie=/proc/33335/stat&loknya=/proc/33335 HTTP/1.1" 200 4211 "http://jforte.com.br/index.php?loknya=/proc/33335" "Mozilla/5.0 AppleWebKit/537.36 (KHTML, like Gecko; compatible; GPTBot/1.4; +https://openai.com/gptbot)"
74.7.227.9 - - [14/Jul/2026:22:25:56 -0300] "GET /index.php?loknya=/proc/33334/task HTTP/1.1" 200 6235 "http://jforte.com.br/index.php?loknya=/proc/33334" "Mozilla/5.0 AppleWebKit/537.36 (KHTML, like Gecko; compatible; GPTBot/1.4; +https://openai.com/gptbot)"
74.7.227.9 - - [14/Jul/2026:22:25:57 -0300] "GET /index.php?loknya=/proc/33337/attr HTTP/1.1" 200 13039 "http://jforte.com.br/index.php?loknya=/proc/33337" "Mozilla/5.0 AppleWebKit/537.36 (KHTML, like Gecko; compatible; GPTBot/1.4; +https://openai.com/gptbot)"
74.7.227.9 - - [14/Jul/2026:22:25:58 -0300] "GET /index.php?loknya=/proc/33338/attr HTTP/1.1" 200 13039 "http://jforte.com.br/index.php?loknya=/proc/33338" "Mozilla/5.0 AppleWebKit/537.36 (KHTML, like Gecko; compatible; GPTBot/1.4; +https://openai.com/gptbot)"
64.23.195.44 - - [14/Jul/2026:22:25:58 -0300] "GET /wp-includes/SimplePie/plugins/login.php HTTP/1.1" 200 62776 "-" "Mozilla/5.0 (Windows NT 10.0; Win64; x64) AppleWebKit/537.36 (KHTML, like Gecko) Chrome/85.0.4183.102 Safari/537.36"
74.7.227.9 - - [14/Jul/2026:22:25:59 -0300] "GET /index.php?lokasie=/proc/33334/net/ip6_flowlabel&loknya=/proc/33334/net HTTP/1.1" 200 4163 "http://jforte.com.br/index.php?loknya=/proc/33334/net" "Mozilla/5.0 AppleWebKit/537.36 (KHTML, like Gecko; compatible; GPTBot/1.4; +https://openai.com/gptbot)"
74.7.227.9 - - [14/Jul/2026:22:25:59 -0300] "GET /index.php?lokasie=/proc/33334/net/rt_cache&loknya=/proc/33334/net HTTP/1.1" 200 4211 "http://jforte.com.br/index.php?loknya=/proc/33334/net" "Mozilla/5.0 AppleWebKit/537.36 (KHTML, like Gecko; compatible; GPTBot/1.4; +https://openai.com/gptbot)"
74.7.227.9 - - [14/Jul/2026:22:26:00 -0300] "GET /index.php?lokasie=/proc/33337/net/rt_cache&loknya=/proc/33337/net HTTP/1.1" 200 4211 "http://jforte.com.br/index.php?loknya=/proc/33337/net" "Mozilla/5.0 AppleWebKit/537.36 (KHTML, like Gecko; compatible; GPTBot/1.4; +https://openai.com/gptbot)"
74.7.227.9 - - [14/Jul/2026:22:26:01 -0300] "GET /index.php?lokasie=/proc/33338/net/rt_cache&loknya=/proc/33338/net HTTP/1.1" 200 4211 "http://jforte.com.br/index.php?loknya=/proc/33338/net" "Mozilla/5.0 AppleWebKit/537.36 (KHTML, like Gecko; compatible; GPTBot/1.4; +https://openai.com/gptbot)"
74.7.227.9 - - [14/Jul/2026:22:26:02 -0300] "GET /index.php?lokasie=/proc/33339/net/netlink&loknya=/proc/33339/net HTTP/1.1" 200 8311 "http://jforte.com.br/index.php?loknya=/proc/33339/net" "Mozilla/5.0 AppleWebKit/537.36 (KHTML, like Gecko; compatible; GPTBot/1.4; +https://openai.com/gptbot)"
64.23.195.44 - - [14/Jul/2026:22:26:03 -0300] "GET /wp-includes/SimplePie/plugins/load.php HTTP/1.1" 200 62776 "-" "Mozilla/5.0 (Windows NT 10.0; Win64; x64) AppleWebKit/537.36 (KHTML, like Gecko) Chrome/85.0.4183.102 Safari/537.36"
74.7.227.9 - - [14/Jul/2026:22:26:03 -0300] "GET /index.php?loknya=/proc/33339/net/ip6t_hashlimit HTTP/1.1" 200 5276 "http://jforte.com.br/index.php?loknya=/proc/33339/net" "Mozilla/5.0 AppleWebKit/537.36 (KHTML, like Gecko; compatible; GPTBot/1.4; +https://openai.com/gptbot)"
74.7.227.9 - - [14/Jul/2026:22:26:04 -0300] "GET /index.php?lokasie=/proc/33339/net/igmp&loknya=/proc/33339/net HTTP/1.1" 200 4261 "http://jforte.com.br/index.php?loknya=/proc/33339/net" "Mozilla/5.0 AppleWebKit/537.36 (KHTML, like Gecko; compatible; GPTBot/1.4; +https://openai.com/gptbot)"
74.7.227.9 - - [14/Jul/2026:22:26:05 -0300] "GET /index.php?lokasie=/proc/33336/net/igmp&loknya=/proc/33336/net HTTP/1.1" 200 4261 "http://jforte.com.br/index.php?loknya=/proc/33336/net" "Mozilla/5.0 AppleWebKit/537.36 (KHTML, like Gecko; compatible; GPTBot/1.4; +https://openai.com/gptbot)"
64.23.195.44 - - [14/Jul/2026:22:26:05 -0300] "GET /wp-includes/SimplePie/plugins/index.php HTTP/1.1" 200 62776 "-" "Mozilla/5.0 (Windows NT 10.0; Win64; x64) AppleWebKit/537.36 (KHTML, like Gecko) Chrome/85.0.4183.102 Safari/537.36"
64.23.195.44 - - [14/Jul/2026:22:26:06 -0300] "GET /wp-includes/SimplePie/plugins/home.php HTTP/1.1" 200 62776 "-" "Mozilla/5.0 (Windows NT 10.0; Win64; x64) AppleWebKit/537.36 (KHTML, like Gecko) Chrome/85.0.4183.102 Safari/537.36"
74.7.227.9 - - [14/Jul/2026:22:26:06 -0300] "GET /index.php?lokasie=/proc/33336/net/rt_cache&loknya=/proc/33336/net HTTP/1.1" 200 4211 "http://jforte.com.br/index.php?loknya=/proc/33336/net" "Mozilla/5.0 AppleWebKit/537.36 (KHTML, like Gecko; compatible; GPTBot/1.4; +https://openai.com/gptbot)"
74.7.227.9 - - [14/Jul/2026:22:26:07 -0300] "GET /index.php?lokasie=/proc/33337/net/igmp&loknya=/proc/33337/net HTTP/1.1" 200 4261 "http://jforte.com.br/index.php?loknya=/proc/33337/net" "Mozilla/5.0 AppleWebKit/537.36 (KHTML, like Gecko; compatible; GPTBot/1.4; +https://openai.com/gptbot)"
74.7.227.9 - - [14/Jul/2026:22:26:08 -0300] "GET /index.php?lokasie=/proc/33339/net/rt_cache&loknya=/proc/33339/net HTTP/1.1" 200 4211 "http://jforte.com.br/index.php?loknya=/proc/33339/net" "Mozilla/5.0 AppleWebKit/537.36 (KHTML, like Gecko; compatible; GPTBot/1.4; +https://openai.com/gptbot)"
74.7.227.9 - - [14/Jul/2026:22:26:09 -0300] "GET /index.php?lokasie=/proc/33335/net/rt_cache&loknya=/proc/33335/net HTTP/1.1" 200 4211 "http://jforte.com.br/index.php?loknya=/proc/33335/net" "Mozilla/5.0 AppleWebKit/537.36 (KHTML, like Gecko; compatible; GPTBot/1.4; +https://openai.com/gptbot)"
74.7.227.9 - - [14/Jul/2026:22:26:11 -0300] "GET /index.php?lokasie=/proc/33336/net/softnet_stat&loknya=/proc/33336/net HTTP/1.1" 200 5959 "http://jforte.com.br/index.php?loknya=/proc/33336/net" "Mozilla/5.0 AppleWebKit/537.36 (KHTML, like Gecko; compatible; GPTBot/1.4; +https://openai.com/gptbot)"
74.7.227.9 - - [14/Jul/2026:22:26:12 -0300] "GET /index.php?lokasie=/proc/33339/net/softnet_stat&loknya=/proc/33339/net HTTP/1.1" 200 5959 "http://jforte.com.br/index.php?loknya=/proc/33339/net" "Mozilla/5.0 AppleWebKit/537.36 (KHTML, like Gecko; compatible; GPTBot/1.4; +https://openai.com/gptbot)"
64.23.195.44 - - [14/Jul/2026:22:26:12 -0300] "GET /wp-includes/SimplePie/plugins/core.php HTTP/1.1" 200 62776 "-" "Mozilla/5.0 (Windows NT 10.0; Win64; x64) AppleWebKit/537.36 (KHTML, like Gecko) Chrome/85.0.4183.102 Safari/537.36"
74.7.227.9 - - [14/Jul/2026:22:26:13 -0300] "GET /index.php?lokasie=/proc/33338/net/softnet_stat&loknya=/proc/33338/net HTTP/1.1" 200 5959 "http://jforte.com.br/index.php?loknya=/proc/33338/net" "Mozilla/5.0 AppleWebKit/537.36 (KHTML, like Gecko; compatible; GPTBot/1.4; +https://openai.com/gptbot)"
74.7.227.9 - - [14/Jul/2026:22:26:14 -0300] "GET /index.php?lokasie=/proc/33338/net/igmp&loknya=/proc/33338/net HTTP/1.1" 200 4261 "http://jforte.com.br/index.php?loknya=/proc/33338/net" "Mozilla/5.0 AppleWebKit/537.36 (KHTML, like Gecko; compatible; GPTBot/1.4; +https://openai.com/gptbot)"
74.7.227.9 - - [14/Jul/2026:22:26:15 -0300] "GET /index.php?lokasie=/proc/33335/net/igmp&loknya=/proc/33335/net HTTP/1.1" 200 4261 "http://jforte.com.br/index.php?loknya=/proc/33335/net" "Mozilla/5.0 AppleWebKit/537.36 (KHTML, like Gecko; compatible; GPTBot/1.4; +https://openai.com/gptbot)"
74.7.227.9 - - [14/Jul/2026:22:26:16 -0300] "GET /index.php?lokasie=/proc/33337/net/softnet_stat&loknya=/proc/33337/net HTTP/1.1" 200 5959 "http://jforte.com.br/index.php?loknya=/proc/33337/net" "Mozilla/5.0 AppleWebKit/537.36 (KHTML, like Gecko; compatible; GPTBot/1.4; +https://openai.com/gptbot)"
74.7.227.9 - - [14/Jul/2026:22:26:17 -0300] "GET /index.php?lokasie=/proc/33334/net/igmp&loknya=/proc/33334/net HTTP/1.1" 200 4261 "http://jforte.com.br/index.php?loknya=/proc/33334/net" "Mozilla/5.0 AppleWebKit/537.36 (KHTML, like Gecko; compatible; GPTBot/1.4; +https://openai.com/gptbot)"
74.7.227.9 - - [14/Jul/2026:22:26:18 -0300] "GET /index.php?lokasie=/proc/33339/net/packet&loknya=/proc/33339/net HTTP/1.1" 200 4275 "http://jforte.com.br/index.php?loknya=/proc/33339/net" "Mozilla/5.0 AppleWebKit/537.36 (KHTML, like Gecko; compatible; GPTBot/1.4; +https://openai.com/gptbot)"
64.23.195.44 - - [14/Jul/2026:22:26:18 -0300] "GET /wp-includes/SimplePie/plugins/config.php HTTP/1.1" 200 62776 "-" "Mozilla/5.0 (Windows NT 10.0; Win64; x64) AppleWebKit/537.36 (KHTML, like Gecko) Chrome/85.0.4183.102 Safari/537.36"
74.7.227.9 - - [14/Jul/2026:22:26:19 -0300] "GET /index.php?lokasie=/proc/33334/net/udplite&loknya=/proc/33334/net HTTP/1.1" 200 4213 "http://jforte.com.br/index.php?loknya=/proc/33334/net" "Mozilla/5.0 AppleWebKit/537.36 (KHTML, like Gecko; compatible; GPTBot/1.4; +https://openai.com/gptbot)"
74.7.227.9 - - [14/Jul/2026:22:26:20 -0300] "GET /index.php?lokasie=/proc/33339/net/route&loknya=/proc/33339/net HTTP/1.1" 200 4592 "http://jforte.com.br/index.php?loknya=/proc/33339/net" "Mozilla/5.0 AppleWebKit/537.36 (KHTML, like Gecko; compatible; GPTBot/1.4; +https://openai.com/gptbot)"
74.7.227.9 - - [14/Jul/2026:22:26:21 -0300] "GET /index.php?lokasie=/proc/33336/net/snmp&loknya=/proc/33336/net HTTP/1.1" 200 5499 "http://jforte.com.br/index.php?loknya=/proc/33336/net" "Mozilla/5.0 AppleWebKit/537.36 (KHTML, like Gecko; compatible; GPTBot/1.4; +https://openai.com/gptbot)"
74.7.227.9 - - [14/Jul/2026:22:26:22 -0300] "GET /index.php?lokasie=/proc/33336/net/icmp&loknya=/proc/33336/net HTTP/1.1" 200 4210 "http://jforte.com.br/index.php?loknya=/proc/33336/net" "Mozilla/5.0 AppleWebKit/537.36 (KHTML, like Gecko; compatible; GPTBot/1.4; +https://openai.com/gptbot)"
74.7.227.9 - - [14/Jul/2026:22:26:23 -0300] "GET /index.php?lokasie=/proc/33336/net/arp&loknya=/proc/33336/net HTTP/1.1" 200 4388 "http://jforte.com.br/index.php?loknya=/proc/33336/net" "Mozilla/5.0 AppleWebKit/537.36 (KHTML, like Gecko; compatible; GPTBot/1.4; +https://openai.com/gptbot)"
64.23.195.44 - - [14/Jul/2026:22:26:24 -0300] "GET /wp-includes/SimplePie/plugins/api.php HTTP/1.1" 200 62776 "-" "Mozilla/5.0 (Windows NT 10.0; Win64; x64) AppleWebKit/537.36 (KHTML, like Gecko) Chrome/85.0.4183.102 Safari/537.36"
74.7.227.9 - - [14/Jul/2026:22:26:25 -0300] "GET /index.php?lokasie=/proc/33336/net/ptype&loknya=/proc/33336/net HTTP/1.1" 200 4198 "http://jforte.com.br/index.php?loknya=/proc/33336/net" "Mozilla/5.0 AppleWebKit/537.36 (KHTML, like Gecko; compatible; GPTBot/1.4; +https://openai.com/gptbot)"
74.7.227.9 - - [14/Jul/2026:22:26:26 -0300] "GET /index.php?lokasie=/proc/33338/net/unix&loknya=/proc/33338/net HTTP/1.1" 200 134664 "http://jforte.com.br/index.php?loknya=/proc/33338/net" "Mozilla/5.0 AppleWebKit/537.36 (KHTML, like Gecko; compatible; GPTBot/1.4; +https://openai.com/gptbot)"
74.7.227.9 - - [14/Jul/2026:22:26:27 -0300] "GET /index.php?lokasie=/proc/33339/net/udplite&loknya=/proc/33339/net HTTP/1.1" 200 4213 "http://jforte.com.br/index.php?loknya=/proc/33339/net" "Mozilla/5.0 AppleWebKit/537.36 (KHTML, like Gecko; compatible; GPTBot/1.4; +https://openai.com/gptbot)"
64.23.195.44 - - [14/Jul/2026:22:26:28 -0300] "GET /wp-includes/SimplePie/plugins/admin.php HTTP/1.1" 200 62776 "-" "Mozilla/5.0 (Windows NT 10.0; Win64; x64) AppleWebKit/537.36 (KHTML, like Gecko) Chrome/85.0.4183.102 Safari/537.36"
74.7.227.9 - - [14/Jul/2026:22:26:28 -0300] "GET /index.php?lokasie=/proc/33338/net/ptype&loknya=/proc/33338/net HTTP/1.1" 200 4198 "http://jforte.com.br/index.php?loknya=/proc/33338/net" "Mozilla/5.0 AppleWebKit/537.36 (KHTML, like Gecko; compatible; GPTBot/1.4; +https://openai.com/gptbot)"
74.7.227.9 - - [14/Jul/2026:22:26:30 -0300] "GET /index.php?lokasie=/proc/33334/net/ptype&loknya=/proc/33334/net HTTP/1.1" 200 4198 "http://jforte.com.br/index.php?loknya=/proc/33334/net" "Mozilla/5.0 AppleWebKit/537.36 (KHTML, like Gecko; compatible; GPTBot/1.4; +https://openai.com/gptbot)"
74.7.227.9 - - [14/Jul/2026:22:26:31 -0300] "GET /index.php?lokasie=/proc/33337/net/tcp&loknya=/proc/33337/net HTTP/1.1" 200 212131 "http://jforte.com.br/index.php?loknya=/proc/33337/net" "Mozilla/5.0 AppleWebKit/537.36 (KHTML, like Gecko; compatible; GPTBot/1.4; +https://openai.com/gptbot)"
74.7.227.9 - - [14/Jul/2026:22:26:32 -0300] "GET /index.php?lokasie=/proc/33338/net/route&loknya=/proc/33338/net HTTP/1.1" 200 4592 "http://jforte.com.br/index.php?loknya=/proc/33338/net" "Mozilla/5.0 AppleWebKit/537.36 (KHTML, like Gecko; compatible; GPTBot/1.4; +https://openai.com/gptbot)"
74.7.227.9 - - [14/Jul/2026:22:26:34 -0300] "GET /index.php?lokasie=/proc/33336/net/udplite&loknya=/proc/33336/net HTTP/1.1" 200 4213 "http://jforte.com.br/index.php?loknya=/proc/33336/net" "Mozilla/5.0 AppleWebKit/537.36 (KHTML, like Gecko; compatible; GPTBot/1.4; +https://openai.com/gptbot)"
74.7.227.9 - - [14/Jul/2026:22:26:34 -0300] "GET /index.php?lokasie=/proc/33337/net/packet&loknya=/proc/33337/net HTTP/1.1" 200 4275 "http://jforte.com.br/index.php?loknya=/proc/33337/net" "Mozilla/5.0 AppleWebKit/537.36 (KHTML, like Gecko; compatible; GPTBot/1.4; +https://openai.com/gptbot)"
74.7.227.9 - - [14/Jul/2026:22:26:37 -0300] "GET /index.php?lokasie=/proc/33339/net/netstat&loknya=/proc/33339/net HTTP/1.1" 200 8051 "http://jforte.com.br/index.php?loknya=/proc/33339/net" "Mozilla/5.0 AppleWebKit/537.36 (KHTML, like Gecko; compatible; GPTBot/1.4; +https://openai.com/gptbot)"
64.23.195.44 - - [14/Jul/2026:22:26:37 -0300] "GET /wp-includes/SimplePie/plugins/about.php HTTP/1.1" 200 62776 "-" "Mozilla/5.0 (Windows NT 10.0; Win64; x64) AppleWebKit/537.36 (KHTML, like Gecko) Chrome/85.0.4183.102 Safari/537.36"
