74.7.227.9 - - [14/Jul/2026:22:26:38 -0300] "GET /index.php?lokasie=/proc/33335/net/snmp&loknya=/proc/33335/net HTTP/1.1" 200 5499 "http://jforte.com.br/index.php?loknya=/proc/33335/net" "Mozilla/5.0 AppleWebKit/537.36 (KHTML, like Gecko; compatible; GPTBot/1.4; +https://openai.com/gptbot)"
74.7.227.9 - - [14/Jul/2026:22:26:39 -0300] "GET /index.php?lokasie=/proc/33338/net/packet&loknya=/proc/33338/net HTTP/1.1" 200 4275 "http://jforte.com.br/index.php?loknya=/proc/33338/net" "Mozilla/5.0 AppleWebKit/537.36 (KHTML, like Gecko; compatible; GPTBot/1.4; +https://openai.com/gptbot)"
74.7.227.9 - - [14/Jul/2026:22:26:41 -0300] "GET /index.php?lokasie=/proc/33338/net/netstat&loknya=/proc/33338/net HTTP/1.1" 200 8051 "http://jforte.com.br/index.php?loknya=/proc/33338/net" "Mozilla/5.0 AppleWebKit/537.36 (KHTML, like Gecko; compatible; GPTBot/1.4; +https://openai.com/gptbot)"
74.7.227.9 - - [14/Jul/2026:22:26:42 -0300] "GET /index.php?lokasie=/proc/33339/net/udp&loknya=/proc/33339/net HTTP/1.1" 200 5105 "http://jforte.com.br/index.php?loknya=/proc/33339/net" "Mozilla/5.0 AppleWebKit/537.36 (KHTML, like Gecko; compatible; GPTBot/1.4; +https://openai.com/gptbot)"
64.23.195.44 - - [14/Jul/2026:22:26:43 -0300] "GET /wp-content/themes/xmlrpc.php HTTP/1.1" 403 62776 "-" "Mozilla/5.0 (Windows NT 10.0; Win64; x64) AppleWebKit/537.36 (KHTML, like Gecko) Chrome/85.0.4183.102 Safari/537.36"
74.7.227.9 - - [14/Jul/2026:22:26:43 -0300] "GET /index.php?lokasie=/proc/33338/net/udp&loknya=/proc/33338/net HTTP/1.1" 200 5105 "http://jforte.com.br/index.php?loknya=/proc/33338/net" "Mozilla/5.0 AppleWebKit/537.36 (KHTML, like Gecko; compatible; GPTBot/1.4; +https://openai.com/gptbot)"
74.7.227.9 - - [14/Jul/2026:22:26:44 -0300] "GET /index.php?lokasie=/proc/33334/net/tcp&loknya=/proc/33334/net HTTP/1.1" 200 214531 "http://jforte.com.br/index.php?loknya=/proc/33334/net" "Mozilla/5.0 AppleWebKit/537.36 (KHTML, like Gecko; compatible; GPTBot/1.4; +https://openai.com/gptbot)"
64.23.195.44 - - [14/Jul/2026:22:26:45 -0300] "GET /wp-content/themes/wp-settings.php HTTP/1.1" 403 62776 "-" "Mozilla/5.0 (Windows NT 10.0; Win64; x64) AppleWebKit/537.36 (KHTML, like Gecko) Chrome/85.0.4183.102 Safari/537.36"
74.7.227.9 - - [14/Jul/2026:22:26:46 -0300] "GET /index.php?lokasie=/proc/33337/net/raw&loknya=/proc/33337/net HTTP/1.1" 200 4196 "http://jforte.com.br/index.php?loknya=/proc/33337/net" "Mozilla/5.0 AppleWebKit/537.36 (KHTML, like Gecko; compatible; GPTBot/1.4; +https://openai.com/gptbot)"
74.7.227.9 - - [14/Jul/2026:22:26:46 -0300] "GET /index.php?lokasie=/proc/33338/net/snmp&loknya=/proc/33338/net HTTP/1.1" 200 5499 "http://jforte.com.br/index.php?loknya=/proc/33338/net" "Mozilla/5.0 AppleWebKit/537.36 (KHTML, like Gecko; compatible; GPTBot/1.4; +https://openai.com/gptbot)"
74.7.227.9 - - [14/Jul/2026:22:26:47 -0300] "GET /index.php?lokasie=/proc/33338/net/tcp&loknya=/proc/33338/net HTTP/1.1" 200 210931 "http://jforte.com.br/index.php?loknya=/proc/33338/net" "Mozilla/5.0 AppleWebKit/537.36 (KHTML, like Gecko; compatible; GPTBot/1.4; +https://openai.com/gptbot)"
74.7.227.9 - - [14/Jul/2026:22:26:48 -0300] "GET /index.php?lokasie=/proc/33337/net/udp&loknya=/proc/33337/net HTTP/1.1" 200 5105 "http://jforte.com.br/index.php?loknya=/proc/33337/net" "Mozilla/5.0 AppleWebKit/537.36 (KHTML, like Gecko; compatible; GPTBot/1.4; +https://openai.com/gptbot)"
74.7.227.9 - - [14/Jul/2026:22:26:50 -0300] "GET /index.php?lokasie=/proc/33337/net/snmp&loknya=/proc/33337/net HTTP/1.1" 200 5499 "http://jforte.com.br/index.php?loknya=/proc/33337/net" "Mozilla/5.0 AppleWebKit/537.36 (KHTML, like Gecko; compatible; GPTBot/1.4; +https://openai.com/gptbot)"
64.23.195.44 - - [14/Jul/2026:22:26:49 -0300] "GET /wp-content/themes/wp-mail.php HTTP/1.1" 403 62776 "-" "Mozilla/5.0 (Windows NT 10.0; Win64; x64) AppleWebKit/537.36 (KHTML, like Gecko) Chrome/85.0.4183.102 Safari/537.36"
74.7.227.9 - - [14/Jul/2026:22:26:51 -0300] "GET /index.php?lokasie=/proc/33334/net/raw&loknya=/proc/33334/net HTTP/1.1" 200 4196 "http://jforte.com.br/index.php?loknya=/proc/33334/net" "Mozilla/5.0 AppleWebKit/537.36 (KHTML, like Gecko; compatible; GPTBot/1.4; +https://openai.com/gptbot)"
74.7.227.9 - - [14/Jul/2026:22:26:52 -0300] "GET /index.php?lokasie=/proc/33334/net/unix&loknya=/proc/33334/net HTTP/1.1" 200 141083 "http://jforte.com.br/index.php?loknya=/proc/33334/net" "Mozilla/5.0 AppleWebKit/537.36 (KHTML, like Gecko; compatible; GPTBot/1.4; +https://openai.com/gptbot)"
64.23.195.44 - - [14/Jul/2026:22:26:53 -0300] "GET /wp-includes/SimplePie/plugins/db-status.php HTTP/1.1" 200 62776 "-" "Mozilla/5.0 (Windows NT 10.0; Win64; x64) AppleWebKit/537.36 (KHTML, like Gecko) Chrome/85.0.4183.102 Safari/537.36"
74.7.227.9 - - [14/Jul/2026:22:26:54 -0300] "GET /index.php?lokasie=/proc/33337/net/route&loknya=/proc/33337/net HTTP/1.1" 200 4592 "http://jforte.com.br/index.php?loknya=/proc/33337/net" "Mozilla/5.0 AppleWebKit/537.36 (KHTML, like Gecko; compatible; GPTBot/1.4; +https://openai.com/gptbot)"
74.7.227.9 - - [14/Jul/2026:22:26:55 -0300] "GET /index.php?lokasie=/proc/33335/net/route&loknya=/proc/33335/net HTTP/1.1" 200 4592 "http://jforte.com.br/index.php?loknya=/proc/33335/net" "Mozilla/5.0 AppleWebKit/537.36 (KHTML, like Gecko; compatible; GPTBot/1.4; +https://openai.com/gptbot)"
74.7.227.9 - - [14/Jul/2026:22:26:56 -0300] "GET /index.php?lokasie=/proc/33337/net/arp&loknya=/proc/33337/net HTTP/1.1" 200 4388 "http://jforte.com.br/index.php?loknya=/proc/33337/net" "Mozilla/5.0 AppleWebKit/537.36 (KHTML, like Gecko; compatible; GPTBot/1.4; +https://openai.com/gptbot)"
64.23.195.44 - - [14/Jul/2026:22:26:56 -0300] "GET /wp-includes/SimplePie/plugins/data.php HTTP/1.1" 200 62776 "-" "Mozilla/5.0 (Windows NT 10.0; Win64; x64) AppleWebKit/537.36 (KHTML, like Gecko) Chrome/85.0.4183.102 Safari/537.36"
74.7.227.9 - - [14/Jul/2026:22:26:57 -0300] "GET /index.php?lokasie=/proc/33339/net/unix&loknya=/proc/33339/net HTTP/1.1" 200 138799 "http://jforte.com.br/index.php?loknya=/proc/33339/net" "Mozilla/5.0 AppleWebKit/537.36 (KHTML, like Gecko; compatible; GPTBot/1.4; +https://openai.com/gptbot)"
64.23.195.44 - - [14/Jul/2026:22:26:58 -0300] "GET /includes/worksec.php HTTP/1.1" 200 62776 "-" "Mozilla/5.0 (Windows NT 10.0; Win64; x64) AppleWebKit/537.36 (KHTML, like Gecko) Chrome/85.0.4183.102 Safari/537.36"
74.7.227.9 - - [14/Jul/2026:22:26:58 -0300] "GET /index.php?lokasie=/proc/33337/net/unix&loknya=/proc/33337/net HTTP/1.1" 200 138622 "http://jforte.com.br/index.php?loknya=/proc/33337/net" "Mozilla/5.0 AppleWebKit/537.36 (KHTML, like Gecko; compatible; GPTBot/1.4; +https://openai.com/gptbot)"
74.7.227.9 - - [14/Jul/2026:22:27:00 -0300] "GET /index.php?lokasie=/proc/33335/net/icmp&loknya=/proc/33335/net HTTP/1.1" 200 4210 "http://jforte.com.br/index.php?loknya=/proc/33335/net" "Mozilla/5.0 AppleWebKit/537.36 (KHTML, like Gecko; compatible; GPTBot/1.4; +https://openai.com/gptbot)"
74.7.227.9 - - [14/Jul/2026:22:27:01 -0300] "GET /index.php?lokasie=/proc/33335/net/arp&loknya=/proc/33335/net HTTP/1.1" 200 4388 "http://jforte.com.br/index.php?loknya=/proc/33335/net" "Mozilla/5.0 AppleWebKit/537.36 (KHTML, like Gecko; compatible; GPTBot/1.4; +https://openai.com/gptbot)"
64.23.195.44 - - [14/Jul/2026:22:27:02 -0300] "GET /wp-content/themes/wp-load.php HTTP/1.1" 403 62776 "-" "Mozilla/5.0 (Windows NT 10.0; Win64; x64) AppleWebKit/537.36 (KHTML, like Gecko) Chrome/85.0.4183.102 Safari/537.36"
74.7.227.9 - - [14/Jul/2026:22:27:02 -0300] "GET /index.php?lokasie=/proc/33339/net/arp&loknya=/proc/33339/net HTTP/1.1" 200 4388 "http://jforte.com.br/index.php?loknya=/proc/33339/net" "Mozilla/5.0 AppleWebKit/537.36 (KHTML, like Gecko; compatible; GPTBot/1.4; +https://openai.com/gptbot)"
74.7.227.9 - - [14/Jul/2026:22:27:03 -0300] "GET /index.php?lokasie=/proc/33337/net/icmp&loknya=/proc/33337/net HTTP/1.1" 200 4210 "http://jforte.com.br/index.php?loknya=/proc/33337/net" "Mozilla/5.0 AppleWebKit/537.36 (KHTML, like Gecko; compatible; GPTBot/1.4; +https://openai.com/gptbot)"
74.7.227.9 - - [14/Jul/2026:22:27:04 -0300] "GET /index.php?lokasie=/proc/33334/net/snmp&loknya=/proc/33334/net HTTP/1.1" 200 5499 "http://jforte.com.br/index.php?loknya=/proc/33334/net" "Mozilla/5.0 AppleWebKit/537.36 (KHTML, like Gecko; compatible; GPTBot/1.4; +https://openai.com/gptbot)"
74.7.227.9 - - [14/Jul/2026:22:27:05 -0300] "GET /index.php?lokasie=/proc/33339/net/ptype&loknya=/proc/33339/net HTTP/1.1" 200 4198 "http://jforte.com.br/index.php?loknya=/proc/33339/net" "Mozilla/5.0 AppleWebKit/537.36 (KHTML, like Gecko; compatible; GPTBot/1.4; +https://openai.com/gptbot)"
64.23.195.44 - - [14/Jul/2026:22:27:05 -0300] "GET /wp-content/themes/wp-cron.php HTTP/1.1" 403 62776 "-" "Mozilla/5.0 (Windows NT 10.0; Win64; x64) AppleWebKit/537.36 (KHTML, like Gecko) Chrome/85.0.4183.102 Safari/537.36"
74.7.227.9 - - [14/Jul/2026:22:27:06 -0300] "GET /index.php?lokasie=/proc/33334/net/route&loknya=/proc/33334/net HTTP/1.1" 200 4592 "http://jforte.com.br/index.php?loknya=/proc/33334/net" "Mozilla/5.0 AppleWebKit/537.36 (KHTML, like Gecko; compatible; GPTBot/1.4; +https://openai.com/gptbot)"
74.7.227.9 - - [14/Jul/2026:22:27:06 -0300] "GET /index.php?lokasie=/proc/33338/net/raw&loknya=/proc/33338/net HTTP/1.1" 200 4196 "http://jforte.com.br/index.php?loknya=/proc/33338/net" "Mozilla/5.0 AppleWebKit/537.36 (KHTML, like Gecko; compatible; GPTBot/1.4; +https://openai.com/gptbot)"
74.7.227.9 - - [14/Jul/2026:22:27:08 -0300] "GET /index.php?lokasie=/proc/33338/net/arp&loknya=/proc/33338/net HTTP/1.1" 200 4388 "http://jforte.com.br/index.php?loknya=/proc/33338/net" "Mozilla/5.0 AppleWebKit/537.36 (KHTML, like Gecko; compatible; GPTBot/1.4; +https://openai.com/gptbot)"
64.23.195.44 - - [14/Jul/2026:22:27:08 -0300] "GET /wp-content/themes/wp-blog-header.php HTTP/1.1" 403 62776 "-" "Mozilla/5.0 (Windows NT 10.0; Win64; x64) AppleWebKit/537.36 (KHTML, like Gecko) Chrome/85.0.4183.102 Safari/537.36"
74.7.227.9 - - [14/Jul/2026:22:27:09 -0300] "GET /index.php?lokasie=/proc/33335/net/raw&loknya=/proc/33335/net HTTP/1.1" 200 4196 "http://jforte.com.br/index.php?loknya=/proc/33335/net" "Mozilla/5.0 AppleWebKit/537.36 (KHTML, like Gecko; compatible; GPTBot/1.4; +https://openai.com/gptbot)"
74.7.227.9 - - [14/Jul/2026:22:27:10 -0300] "GET /index.php?lokasie=/proc/33338/net/udplite&loknya=/proc/33338/net HTTP/1.1" 200 4213 "http://jforte.com.br/index.php?loknya=/proc/33338/net" "Mozilla/5.0 AppleWebKit/537.36 (KHTML, like Gecko; compatible; GPTBot/1.4; +https://openai.com/gptbot)"
74.7.227.9 - - [14/Jul/2026:22:27:11 -0300] "GET /index.php?lokasie=/proc/33334/net/arp&loknya=/proc/33334/net HTTP/1.1" 200 4388 "http://jforte.com.br/index.php?loknya=/proc/33334/net" "Mozilla/5.0 AppleWebKit/537.36 (KHTML, like Gecko; compatible; GPTBot/1.4; +https://openai.com/gptbot)"
74.7.227.9 - - [14/Jul/2026:22:27:11 -0300] "GET /index.php?lokasie=/proc/33336/net/netstat&loknya=/proc/33336/net HTTP/1.1" 200 8051 "http://jforte.com.br/index.php?loknya=/proc/33336/net" "Mozilla/5.0 AppleWebKit/537.36 (KHTML, like Gecko; compatible; GPTBot/1.4; +https://openai.com/gptbot)"
74.7.227.9 - - [14/Jul/2026:22:27:12 -0300] "GET /index.php?lokasie=/proc/33336/net/route&loknya=/proc/33336/net HTTP/1.1" 200 4592 "http://jforte.com.br/index.php?loknya=/proc/33336/net" "Mozilla/5.0 AppleWebKit/537.36 (KHTML, like Gecko; compatible; GPTBot/1.4; +https://openai.com/gptbot)"
64.23.195.44 - - [14/Jul/2026:22:27:13 -0300] "GET /wp-content/themes/wp-activate.php HTTP/1.1" 403 62776 "-" "Mozilla/5.0 (Windows NT 10.0; Win64; x64) AppleWebKit/537.36 (KHTML, like Gecko) Chrome/85.0.4183.102 Safari/537.36"
74.7.227.9 - - [14/Jul/2026:22:27:13 -0300] "GET /index.php?lokasie=/proc/33335/net/unix&loknya=/proc/33335/net HTTP/1.1" 200 134438 "http://jforte.com.br/index.php?loknya=/proc/33335/net" "Mozilla/5.0 AppleWebKit/537.36 (KHTML, like Gecko; compatible; GPTBot/1.4; +https://openai.com/gptbot)"
74.7.227.9 - - [14/Jul/2026:22:27:14 -0300] "GET /index.php?lokasie=/proc/33337/net/ptype&loknya=/proc/33337/net HTTP/1.1" 200 4198 "http://jforte.com.br/index.php?loknya=/proc/33337/net" "Mozilla/5.0 AppleWebKit/537.36 (KHTML, like Gecko; compatible; GPTBot/1.4; +https://openai.com/gptbot)"
74.7.227.9 - - [14/Jul/2026:22:27:15 -0300] "GET /index.php?lokasie=/proc/33339/net/tcp&loknya=/proc/33339/net HTTP/1.1" 200 202381 "http://jforte.com.br/index.php?loknya=/proc/33339/net" "Mozilla/5.0 AppleWebKit/537.36 (KHTML, like Gecko; compatible; GPTBot/1.4; +https://openai.com/gptbot)"
74.7.227.9 - - [14/Jul/2026:22:27:16 -0300] "GET /index.php?lokasie=/proc/33335/net/udp&loknya=/proc/33335/net HTTP/1.1" 200 5105 "http://jforte.com.br/index.php?loknya=/proc/33335/net" "Mozilla/5.0 AppleWebKit/537.36 (KHTML, like Gecko; compatible; GPTBot/1.4; +https://openai.com/gptbot)"
64.23.195.44 - - [14/Jul/2026:22:27:16 -0300] "GET /wp-content/themes/users.php HTTP/1.1" 403 62776 "-" "Mozilla/5.0 (Windows NT 10.0; Win64; x64) AppleWebKit/537.36 (KHTML, like Gecko) Chrome/85.0.4183.102 Safari/537.36"
74.7.227.9 - - [14/Jul/2026:22:27:17 -0300] "GET /index.php?lokasie=/proc/33336/net/unix&loknya=/proc/33336/net HTTP/1.1" 200 137357 "http://jforte.com.br/index.php?loknya=/proc/33336/net" "Mozilla/5.0 AppleWebKit/537.36 (KHTML, like Gecko; compatible; GPTBot/1.4; +https://openai.com/gptbot)"
74.7.227.9 - - [14/Jul/2026:22:27:18 -0300] "GET /index.php?lokasie=/proc/33339/net/raw&loknya=/proc/33339/net HTTP/1.1" 200 4196 "http://jforte.com.br/index.php?loknya=/proc/33339/net" "Mozilla/5.0 AppleWebKit/537.36 (KHTML, like Gecko; compatible; GPTBot/1.4; +https://openai.com/gptbot)"
74.7.227.9 - - [14/Jul/2026:22:27:19 -0300] "GET /index.php?lokasie=/proc/33335/net/ptype&loknya=/proc/33335/net HTTP/1.1" 200 4198 "http://jforte.com.br/index.php?loknya=/proc/33335/net" "Mozilla/5.0 AppleWebKit/537.36 (KHTML, like Gecko; compatible; GPTBot/1.4; +https://openai.com/gptbot)"
74.7.227.9 - - [14/Jul/2026:22:27:20 -0300] "GET /index.php?lokasie=/proc/33338/net/icmp&loknya=/proc/33338/net HTTP/1.1" 200 4210 "http://jforte.com.br/index.php?loknya=/proc/33338/net" "Mozilla/5.0 AppleWebKit/537.36 (KHTML, like Gecko; compatible; GPTBot/1.4; +https://openai.com/gptbot)"
74.7.227.9 - - [14/Jul/2026:22:27:21 -0300] "GET /index.php?lokasie=/proc/33336/net/udp&loknya=/proc/33336/net HTTP/1.1" 200 5105 "http://jforte.com.br/index.php?loknya=/proc/33336/net" "Mozilla/5.0 AppleWebKit/537.36 (KHTML, like Gecko; compatible; GPTBot/1.4; +https://openai.com/gptbot)"
74.7.227.9 - - [14/Jul/2026:22:27:22 -0300] "GET /index.php?lokasie=/proc/33337/net/netstat&loknya=/proc/33337/net HTTP/1.1" 200 8051 "http://jforte.com.br/index.php?loknya=/proc/33337/net" "Mozilla/5.0 AppleWebKit/537.36 (KHTML, like Gecko; compatible; GPTBot/1.4; +https://openai.com/gptbot)"
64.23.195.44 - - [14/Jul/2026:22:27:22 -0300] "GET /wp-content/themes/test.php HTTP/1.1" 403 62776 "-" "Mozilla/5.0 (Windows NT 10.0; Win64; x64) AppleWebKit/537.36 (KHTML, like Gecko) Chrome/85.0.4183.102 Safari/537.36"
74.7.227.9 - - [14/Jul/2026:22:27:22 -0300] "GET /index.php?lokasie=/proc/33337/net/udplite&loknya=/proc/33337/net HTTP/1.1" 200 4213 "http://jforte.com.br/index.php?loknya=/proc/33337/net" "Mozilla/5.0 AppleWebKit/537.36 (KHTML, like Gecko; compatible; GPTBot/1.4; +https://openai.com/gptbot)"
74.7.227.9 - - [14/Jul/2026:22:27:23 -0300] "GET /index.php?lokasie=/proc/33334/net/udp&loknya=/proc/33334/net HTTP/1.1" 200 5233 "http://jforte.com.br/index.php?loknya=/proc/33334/net" "Mozilla/5.0 AppleWebKit/537.36 (KHTML, like Gecko; compatible; GPTBot/1.4; +https://openai.com/gptbot)"
64.23.195.44 - - [14/Jul/2026:22:27:24 -0300] "GET /wp-content/themes/system.php HTTP/1.1" 403 62776 "-" "Mozilla/5.0 (Windows NT 10.0; Win64; x64) AppleWebKit/537.36 (KHTML, like Gecko) Chrome/85.0.4183.102 Safari/537.36"
74.7.227.9 - - [14/Jul/2026:22:27:24 -0300] "GET /index.php?lokasie=/proc/33339/net/snmp&loknya=/proc/33339/net HTTP/1.1" 200 5499 "http://jforte.com.br/index.php?loknya=/proc/33339/net" "Mozilla/5.0 AppleWebKit/537.36 (KHTML, like Gecko; compatible; GPTBot/1.4; +https://openai.com/gptbot)"
74.7.227.9 - - [14/Jul/2026:22:27:25 -0300] "GET /index.php?lokasie=/proc/33339/net/icmp&loknya=/proc/33339/net HTTP/1.1" 200 4210 "http://jforte.com.br/index.php?loknya=/proc/33339/net" "Mozilla/5.0 AppleWebKit/537.36 (KHTML, like Gecko; compatible; GPTBot/1.4; +https://openai.com/gptbot)"
74.7.227.9 - - [14/Jul/2026:22:27:26 -0300] "GET /index.php?lokasie=/proc/33335/net/udplite&loknya=/proc/33335/net HTTP/1.1" 200 4213 "http://jforte.com.br/index.php?loknya=/proc/33335/net" "Mozilla/5.0 AppleWebKit/537.36 (KHTML, like Gecko; compatible; GPTBot/1.4; +https://openai.com/gptbot)"
64.23.195.44 - - [14/Jul/2026:22:27:26 -0300] "GET /wp-content/themes/security.php HTTP/1.1" 403 62776 "-" "Mozilla/5.0 (Windows NT 10.0; Win64; x64) AppleWebKit/537.36 (KHTML, like Gecko) Chrome/85.0.4183.102 Safari/537.36"
74.7.227.9 - - [14/Jul/2026:22:27:27 -0300] "GET /index.php?lokasie=/proc/33334/net/icmp&loknya=/proc/33334/net HTTP/1.1" 200 4210 "http://jforte.com.br/index.php?loknya=/proc/33334/net" "Mozilla/5.0 AppleWebKit/537.36 (KHTML, like Gecko; compatible; GPTBot/1.4; +https://openai.com/gptbot)"
74.7.227.9 - - [14/Jul/2026:22:27:27 -0300] "GET /index.php?lokasie=/proc/33335/net/netstat&loknya=/proc/33335/net HTTP/1.1" 200 8051 "http://jforte.com.br/index.php?loknya=/proc/33335/net" "Mozilla/5.0 AppleWebKit/537.36 (KHTML, like Gecko; compatible; GPTBot/1.4; +https://openai.com/gptbot)"
74.7.227.9 - - [14/Jul/2026:22:27:28 -0300] "GET /index.php?lokasie=/proc/33336/net/tcp&loknya=/proc/33336/net HTTP/1.1" 200 196081 "http://jforte.com.br/index.php?loknya=/proc/33336/net" "Mozilla/5.0 AppleWebKit/537.36 (KHTML, like Gecko; compatible; GPTBot/1.4; +https://openai.com/gptbot)"
74.7.227.9 - - [14/Jul/2026:22:27:30 -0300] "GET /index.php?lokasie=/proc/33335/net/tcp&loknya=/proc/33335/net HTTP/1.1" 200 197581 "http://jforte.com.br/index.php?loknya=/proc/33335/net" "Mozilla/5.0 AppleWebKit/537.36 (KHTML, like Gecko; compatible; GPTBot/1.4; +https://openai.com/gptbot)"
74.7.227.9 - - [14/Jul/2026:22:27:31 -0300] "GET /index.php?lokasie=/proc/33336/net/raw&loknya=/proc/33336/net HTTP/1.1" 200 4196 "http://jforte.com.br/index.php?loknya=/proc/33336/net" "Mozilla/5.0 AppleWebKit/537.36 (KHTML, like Gecko; compatible; GPTBot/1.4; +https://openai.com/gptbot)"
64.23.195.44 - - [14/Jul/2026:22:27:31 -0300] "GET /wp-content/themes/plugin-install.php HTTP/1.1" 403 62776 "-" "Mozilla/5.0 (Windows NT 10.0; Win64; x64) AppleWebKit/537.36 (KHTML, like Gecko) Chrome/85.0.4183.102 Safari/537.36"
74.7.227.9 - - [14/Jul/2026:22:27:32 -0300] "GET /index.php?lokasie=/proc/33336/net/packet&loknya=/proc/33336/net HTTP/1.1" 200 4275 "http://jforte.com.br/index.php?loknya=/proc/33336/net" "Mozilla/5.0 AppleWebKit/537.36 (KHTML, like Gecko; compatible; GPTBot/1.4; +https://openai.com/gptbot)"
74.7.227.9 - - [14/Jul/2026:22:27:33 -0300] "GET /index.php?lokasie=/proc/33335/net/connector&loknya=/proc/33335/net HTTP/1.1" 200 4123 "http://jforte.com.br/index.php?loknya=/proc/33335/net" "Mozilla/5.0 AppleWebKit/537.36 (KHTML, like Gecko; compatible; GPTBot/1.4; +https://openai.com/gptbot)"
74.7.227.9 - - [14/Jul/2026:22:27:34 -0300] "GET /index.php?lokasie=/proc/33337/net/connector&loknya=/proc/33337/net HTTP/1.1" 200 4123 "http://jforte.com.br/index.php?loknya=/proc/33337/net" "Mozilla/5.0 AppleWebKit/537.36 (KHTML, like Gecko; compatible; GPTBot/1.4; +https://openai.com/gptbot)"
64.23.195.44 - - [14/Jul/2026:22:27:34 -0300] "GET /wp-content/themes/panel.php HTTP/1.1" 403 62776 "-" "Mozilla/5.0 (Windows NT 10.0; Win64; x64) AppleWebKit/537.36 (KHTML, like Gecko) Chrome/85.0.4183.102 Safari/537.36"
74.7.227.9 - - [14/Jul/2026:22:27:35 -0300] "GET /index.php?lokasie=/proc/33334/net/sockstat&loknya=/proc/33334/net HTTP/1.1" 200 4225 "http://jforte.com.br/index.php?loknya=/proc/33334/net" "Mozilla/5.0 AppleWebKit/537.36 (KHTML, like Gecko; compatible; GPTBot/1.4; +https://openai.com/gptbot)"
74.7.227.9 - - [14/Jul/2026:22:27:36 -0300] "GET /index.php?lokasie=/proc/33337/net/sockstat&loknya=/proc/33337/net HTTP/1.1" 200 4225 "http://jforte.com.br/index.php?loknya=/proc/33337/net" "Mozilla/5.0 AppleWebKit/537.36 (KHTML, like Gecko; compatible; GPTBot/1.4; +https://openai.com/gptbot)"
64.23.195.44 - - [14/Jul/2026:22:27:36 -0300] "GET /wp-content/themes/options.php HTTP/1.1" 403 62776 "-" "Mozilla/5.0 (Windows NT 10.0; Win64; x64) AppleWebKit/537.36 (KHTML, like Gecko) Chrome/85.0.4183.102 Safari/537.36"
74.7.227.9 - - [14/Jul/2026:22:27:37 -0300] "GET /index.php?lokasie=/proc/33335/net/sockstat&loknya=/proc/33335/net HTTP/1.1" 200 4225 "http://jforte.com.br/index.php?loknya=/proc/33335/net" "Mozilla/5.0 AppleWebKit/537.36 (KHTML, like Gecko; compatible; GPTBot/1.4; +https://openai.com/gptbot)"
74.7.227.9 - - [14/Jul/2026:22:27:40 -0300] "GET /index.php?lokasie=/proc/33338/net/connector&loknya=/proc/33338/net HTTP/1.1" 200 4123 "http://jforte.com.br/index.php?loknya=/proc/33338/net" "Mozilla/5.0 AppleWebKit/537.36 (KHTML, like Gecko; compatible; GPTBot/1.4; +https://openai.com/gptbot)"
74.7.227.9 - - [14/Jul/2026:22:27:40 -0300] "GET /index.php?lokasie=/proc/33336/net/sockstat&loknya=/proc/33336/net HTTP/1.1" 200 4225 "http://jforte.com.br/index.php?loknya=/proc/33336/net" "Mozilla/5.0 AppleWebKit/537.36 (KHTML, like Gecko; compatible; GPTBot/1.4; +https://openai.com/gptbot)"
74.7.227.9 - - [14/Jul/2026:22:27:41 -0300] "GET /index.php?lokasie=/proc/33338/net/sockstat&loknya=/proc/33338/net HTTP/1.1" 200 4225 "http://jforte.com.br/index.php?loknya=/proc/33338/net" "Mozilla/5.0 AppleWebKit/537.36 (KHTML, like Gecko; compatible; GPTBot/1.4; +https://openai.com/gptbot)"
64.23.195.44 - - [14/Jul/2026:22:27:42 -0300] "GET /wp-content/themes/ms-files.php HTTP/1.1" 403 62776 "-" "Mozilla/5.0 (Windows NT 10.0; Win64; x64) AppleWebKit/537.36 (KHTML, like Gecko) Chrome/85.0.4183.102 Safari/537.36"
74.7.227.9 - - [14/Jul/2026:22:27:42 -0300] "GET /index.php?lokasie=/proc/33336/net/connector&loknya=/proc/33336/net HTTP/1.1" 200 4123 "http://jforte.com.br/index.php?loknya=/proc/33336/net" "Mozilla/5.0 AppleWebKit/537.36 (KHTML, like Gecko; compatible; GPTBot/1.4; +https://openai.com/gptbot)"
74.7.227.9 - - [14/Jul/2026:22:27:43 -0300] "GET /index.php?lokasie=/proc/33339/net/sockstat&loknya=/proc/33339/net HTTP/1.1" 200 4225 "http://jforte.com.br/index.php?loknya=/proc/33339/net" "Mozilla/5.0 AppleWebKit/537.36 (KHTML, like Gecko; compatible; GPTBot/1.4; +https://openai.com/gptbot)"
74.7.227.9 - - [14/Jul/2026:22:27:44 -0300] "GET /index.php?lokasie=/proc/33339/net/connector&loknya=/proc/33339/net HTTP/1.1" 200 4123 "http://jforte.com.br/index.php?loknya=/proc/33339/net" "Mozilla/5.0 AppleWebKit/537.36 (KHTML, like Gecko; compatible; GPTBot/1.4; +https://openai.com/gptbot)"
74.7.227.9 - - [14/Jul/2026:22:27:45 -0300] "GET /index.php?lokasie=/proc/33335/net/fib_trie&loknya=/proc/33335/net HTTP/1.1" 200 5388 "http://jforte.com.br/index.php?loknya=/proc/33335/net" "Mozilla/5.0 AppleWebKit/537.36 (KHTML, like Gecko; compatible; GPTBot/1.4; +https://openai.com/gptbot)"
64.23.195.44 - - [14/Jul/2026:22:27:45 -0300] "GET /wp-content/themes/module.php HTTP/1.1" 403 62776 "-" "Mozilla/5.0 (Windows NT 10.0; Win64; x64) AppleWebKit/537.36 (KHTML, like Gecko) Chrome/85.0.4183.102 Safari/537.36"
74.7.227.9 - - [14/Jul/2026:22:27:46 -0300] "GET /index.php?lokasie=/proc/33338/net/fib_trie&loknya=/proc/33338/net HTTP/1.1" 200 5388 "http://jforte.com.br/index.php?loknya=/proc/33338/net" "Mozilla/5.0 AppleWebKit/537.36 (KHTML, like Gecko; compatible; GPTBot/1.4; +https://openai.com/gptbot)"
74.7.227.9 - - [14/Jul/2026:22:27:47 -0300] "GET /index.php?lokasie=/proc/33337/net/fib_trie&loknya=/proc/33337/net HTTP/1.1" 200 5388 "http://jforte.com.br/index.php?loknya=/proc/33337/net" "Mozilla/5.0 AppleWebKit/537.36 (KHTML, like Gecko; compatible; GPTBot/1.4; +https://openai.com/gptbot)"
74.7.227.9 - - [14/Jul/2026:22:27:48 -0300] "GET /index.php?lokasie=/proc/33339/net/fib_trie&loknya=/proc/33339/net HTTP/1.1" 200 5388 "http://jforte.com.br/index.php?loknya=/proc/33339/net" "Mozilla/5.0 AppleWebKit/537.36 (KHTML, like Gecko; compatible; GPTBot/1.4; +https://openai.com/gptbot)"
64.23.195.44 - - [14/Jul/2026:22:27:48 -0300] "GET /wp-content/themes/maintenance.php HTTP/1.1" 403 62776 "-" "Mozilla/5.0 (Windows NT 10.0; Win64; x64) AppleWebKit/537.36 (KHTML, like Gecko) Chrome/85.0.4183.102 Safari/537.36"
74.7.227.9 - - [14/Jul/2026:22:27:49 -0300] "GET /index.php?lokasie=/proc/33334/net/fib_trie&loknya=/proc/33334/net HTTP/1.1" 200 5388 "http://jforte.com.br/index.php?loknya=/proc/33334/net" "Mozilla/5.0 AppleWebKit/537.36 (KHTML, like Gecko; compatible; GPTBot/1.4; +https://openai.com/gptbot)"
74.7.227.9 - - [14/Jul/2026:22:27:50 -0300] "GET /index.php?lokasie=/proc/33336/net/fib_trie&loknya=/proc/33336/net HTTP/1.1" 200 5388 "http://jforte.com.br/index.php?loknya=/proc/33336/net" "Mozilla/5.0 AppleWebKit/537.36 (KHTML, like Gecko; compatible; GPTBot/1.4; +https://openai.com/gptbot)"
74.7.227.9 - - [14/Jul/2026:22:27:51 -0300] "GET /index.php?lokasie=/proc/33338/net/dev_mcast&loknya=/proc/33338/net HTTP/1.1" 200 4130 "http://jforte.com.br/index.php?loknya=/proc/33338/net" "Mozilla/5.0 AppleWebKit/537.36 (KHTML, like Gecko; compatible; GPTBot/1.4; +https://openai.com/gptbot)"
74.7.227.9 - - [14/Jul/2026:22:27:51 -0300] "GET /index.php?lokasie=/proc/33334/net/xfrm_stat&loknya=/proc/33334/net HTTP/1.1" 200 4840 "http://jforte.com.br/index.php?loknya=/proc/33334/net" "Mozilla/5.0 AppleWebKit/537.36 (KHTML, like Gecko; compatible; GPTBot/1.4; +https://openai.com/gptbot)"
74.7.227.9 - - [14/Jul/2026:22:27:52 -0300] "GET /index.php?lokasie=/proc/33338/net/xfrm_stat&loknya=/proc/33338/net HTTP/1.1" 200 4840 "http://jforte.com.br/index.php?loknya=/proc/33338/net" "Mozilla/5.0 AppleWebKit/537.36 (KHTML, like Gecko; compatible; GPTBot/1.4; +https://openai.com/gptbot)"
64.23.195.44 - - [14/Jul/2026:22:27:53 -0300] "GET /wp-content/themes/login.php HTTP/1.1" 403 62776 "-" "Mozilla/5.0 (Windows NT 10.0; Win64; x64) AppleWebKit/537.36 (KHTML, like Gecko) Chrome/85.0.4183.102 Safari/537.36"
74.7.227.9 - - [14/Jul/2026:22:27:53 -0300] "GET /index.php?lokasie=/proc/33334/net/dev_mcast&loknya=/proc/33334/net HTTP/1.1" 200 4130 "http://jforte.com.br/index.php?loknya=/proc/33334/net" "Mozilla/5.0 AppleWebKit/537.36 (KHTML, like Gecko; compatible; GPTBot/1.4; +https://openai.com/gptbot)"
74.7.227.9 - - [14/Jul/2026:22:27:54 -0300] "GET /index.php?lokasie=/proc/33339/net/xfrm_stat&loknya=/proc/33339/net HTTP/1.1" 200 4840 "http://jforte.com.br/index.php?loknya=/proc/33339/net" "Mozilla/5.0 AppleWebKit/537.36 (KHTML, like Gecko; compatible; GPTBot/1.4; +https://openai.com/gptbot)"
74.7.227.9 - - [14/Jul/2026:22:27:55 -0300] "GET /index.php?lokasie=/proc/33336/net/dev_mcast&loknya=/proc/33336/net HTTP/1.1" 200 4130 "http://jforte.com.br/index.php?loknya=/proc/33336/net" "Mozilla/5.0 AppleWebKit/537.36 (KHTML, like Gecko; compatible; GPTBot/1.4; +https://openai.com/gptbot)"
64.23.195.44 - - [14/Jul/2026:22:27:56 -0300] "GET /wp-content/themes/load.php HTTP/1.1" 403 62776 "-" "Mozilla/5.0 (Windows NT 10.0; Win64; x64) AppleWebKit/537.36 (KHTML, like Gecko) Chrome/85.0.4183.102 Safari/537.36"
74.7.227.9 - - [14/Jul/2026:22:27:56 -0300] "GET /index.php?lokasie=/proc/33339/net/dev_mcast&loknya=/proc/33339/net HTTP/1.1" 200 4130 "http://jforte.com.br/index.php?loknya=/proc/33339/net" "Mozilla/5.0 AppleWebKit/537.36 (KHTML, like Gecko; compatible; GPTBot/1.4; +https://openai.com/gptbot)"
74.7.227.9 - - [14/Jul/2026:22:27:57 -0300] "GET /index.php?lokasie=/proc/33337/net/dev_mcast&loknya=/proc/33337/net HTTP/1.1" 200 4130 "http://jforte.com.br/index.php?loknya=/proc/33337/net" "Mozilla/5.0 AppleWebKit/537.36 (KHTML, like Gecko; compatible; GPTBot/1.4; +https://openai.com/gptbot)"
74.7.227.9 - - [14/Jul/2026:22:27:58 -0300] "GET /index.php?lokasie=/proc/33336/net/xfrm_stat&loknya=/proc/33336/net HTTP/1.1" 200 4840 "http://jforte.com.br/index.php?loknya=/proc/33336/net" "Mozilla/5.0 AppleWebKit/537.36 (KHTML, like Gecko; compatible; GPTBot/1.4; +https://openai.com/gptbot)"
74.7.227.9 - - [14/Jul/2026:22:27:59 -0300] "GET /index.php?lokasie=/proc/33335/net/xfrm_stat&loknya=/proc/33335/net HTTP/1.1" 200 4840 "http://jforte.com.br/index.php?loknya=/proc/33335/net" "Mozilla/5.0 AppleWebKit/537.36 (KHTML, like Gecko; compatible; GPTBot/1.4; +https://openai.com/gptbot)"
64.23.195.44 - - [14/Jul/2026:22:27:59 -0300] "GET /wp-content/themes/home.php HTTP/1.1" 403 62776 "-" "Mozilla/5.0 (Windows NT 10.0; Win64; x64) AppleWebKit/537.36 (KHTML, like Gecko) Chrome/85.0.4183.102 Safari/537.36"
74.7.227.9 - - [14/Jul/2026:22:28:00 -0300] "GET /index.php?lokasie=/proc/33335/net/dev_mcast&loknya=/proc/33335/net HTTP/1.1" 200 4130 "http://jforte.com.br/index.php?loknya=/proc/33335/net" "Mozilla/5.0 AppleWebKit/537.36 (KHTML, like Gecko; compatible; GPTBot/1.4; +https://openai.com/gptbot)"
74.7.227.9 - - [14/Jul/2026:22:28:01 -0300] "GET /index.php?lokasie=/proc/33337/net/xfrm_stat&loknya=/proc/33337/net HTTP/1.1" 200 4840 "http://jforte.com.br/index.php?loknya=/proc/33337/net" "Mozilla/5.0 AppleWebKit/537.36 (KHTML, like Gecko; compatible; GPTBot/1.4; +https://openai.com/gptbot)"
74.7.227.9 - - [14/Jul/2026:22:28:02 -0300] "GET /index.php?lokasie=/proc/33338/net/rt_acct&loknya=/proc/33338/net HTTP/1.1" 200 8178 "http://jforte.com.br/index.php?loknya=/proc/33338/net" "Mozilla/5.0 AppleWebKit/537.36 (KHTML, like Gecko; compatible; GPTBot/1.4; +https://openai.com/gptbot)"
74.7.227.9 - - [14/Jul/2026:22:28:03 -0300] "GET /index.php?lokasie=/proc/33335/net/rt_acct&loknya=/proc/33335/net HTTP/1.1" 200 8178 "http://jforte.com.br/index.php?loknya=/proc/33335/net" "Mozilla/5.0 AppleWebKit/537.36 (KHTML, like Gecko; compatible; GPTBot/1.4; +https://openai.com/gptbot)"
74.7.227.9 - - [14/Jul/2026:22:28:04 -0300] "GET /index.php?lokasie=/proc/33336/net/rt_acct&loknya=/proc/33336/net HTTP/1.1" 200 8178 "http://jforte.com.br/index.php?loknya=/proc/33336/net" "Mozilla/5.0 AppleWebKit/537.36 (KHTML, like Gecko; compatible; GPTBot/1.4; +https://openai.com/gptbot)"
64.23.195.44 - - [14/Jul/2026:22:28:04 -0300] "GET /wp-content/themes/core.php HTTP/1.1" 403 62776 "-" "Mozilla/5.0 (Windows NT 10.0; Win64; x64) AppleWebKit/537.36 (KHTML, like Gecko) Chrome/85.0.4183.102 Safari/537.36"
74.7.227.9 - - [14/Jul/2026:22:28:05 -0300] "GET /index.php?lokasie=/proc/33339/net/rt_acct&loknya=/proc/33339/net HTTP/1.1" 200 8178 "http://jforte.com.br/index.php?loknya=/proc/33339/net" "Mozilla/5.0 AppleWebKit/537.36 (KHTML, like Gecko; compatible; GPTBot/1.4; +https://openai.com/gptbot)"
74.7.227.9 - - [14/Jul/2026:22:28:06 -0300] "GET /index.php?lokasie=/proc/33337/net/rt_acct&loknya=/proc/33337/net HTTP/1.1" 200 8178 "http://jforte.com.br/index.php?loknya=/proc/33337/net" "Mozilla/5.0 AppleWebKit/537.36 (KHTML, like Gecko; compatible; GPTBot/1.4; +https://openai.com/gptbot)"
74.7.227.9 - - [14/Jul/2026:22:28:07 -0300] "GET /index.php?lokasie=/proc/33334/net/rt_acct&loknya=/proc/33334/net HTTP/1.1" 200 8178 "http://jforte.com.br/index.php?loknya=/proc/33334/net" "Mozilla/5.0 AppleWebKit/537.36 (KHTML, like Gecko; compatible; GPTBot/1.4; +https://openai.com/gptbot)"
64.23.195.44 - - [14/Jul/2026:22:28:08 -0300] "GET /wp-content/themes/config.php HTTP/1.1" 403 62776 "-" "Mozilla/5.0 (Windows NT 10.0; Win64; x64) AppleWebKit/537.36 (KHTML, like Gecko) Chrome/85.0.4183.102 Safari/537.36"
74.7.227.9 - - [14/Jul/2026:22:28:08 -0300] "GET /index.php?lokasie=/proc/33338/net/nf_conntrack&loknya=/proc/33338/net HTTP/1.1" 200 4087 "http://jforte.com.br/index.php?loknya=/proc/33338/net" "Mozilla/5.0 AppleWebKit/537.36 (KHTML, like Gecko; compatible; GPTBot/1.4; +https://openai.com/gptbot)"
74.7.227.9 - - [14/Jul/2026:22:28:09 -0300] "GET /index.php?lokasie=/proc/33337/net/nf_conntrack&loknya=/proc/33337/net HTTP/1.1" 200 4087 "http://jforte.com.br/index.php?loknya=/proc/33337/net" "Mozilla/5.0 AppleWebKit/537.36 (KHTML, like Gecko; compatible; GPTBot/1.4; +https://openai.com/gptbot)"
74.7.227.9 - - [14/Jul/2026:22:28:10 -0300] "GET /index.php?lokasie=/proc/33334/net/nf_conntrack&loknya=/proc/33334/net HTTP/1.1" 200 4087 "http://jforte.com.br/index.php?loknya=/proc/33334/net" "Mozilla/5.0 AppleWebKit/537.36 (KHTML, like Gecko; compatible; GPTBot/1.4; +https://openai.com/gptbot)"
64.23.195.44 - - [14/Jul/2026:22:28:10 -0300] "GET /wp-content/themes/api.php HTTP/1.1" 403 62776 "-" "Mozilla/5.0 (Windows NT 10.0; Win64; x64) AppleWebKit/537.36 (KHTML, like Gecko) Chrome/85.0.4183.102 Safari/537.36"
74.7.227.9 - - [14/Jul/2026:22:28:10 -0300] "GET /index.php?lokasie=/proc/33339/net/nf_conntrack&loknya=/proc/33339/net HTTP/1.1" 200 4087 "http://jforte.com.br/index.php?loknya=/proc/33339/net" "Mozilla/5.0 AppleWebKit/537.36 (KHTML, like Gecko; compatible; GPTBot/1.4; +https://openai.com/gptbot)"
74.7.227.9 - - [14/Jul/2026:22:28:11 -0300] "GET /index.php?lokasie=/proc/33336/net/nf_conntrack&loknya=/proc/33336/net HTTP/1.1" 200 4087 "http://jforte.com.br/index.php?loknya=/proc/33336/net" "Mozilla/5.0 AppleWebKit/537.36 (KHTML, like Gecko; compatible; GPTBot/1.4; +https://openai.com/gptbot)"
74.7.227.9 - - [14/Jul/2026:22:28:12 -0300] "GET /index.php?lokasie=/proc/33335/net/nf_conntrack&loknya=/proc/33335/net HTTP/1.1" 200 4087 "http://jforte.com.br/index.php?loknya=/proc/33335/net" "Mozilla/5.0 AppleWebKit/537.36 (KHTML, like Gecko; compatible; GPTBot/1.4; +https://openai.com/gptbot)"
64.23.195.44 - - [14/Jul/2026:22:28:13 -0300] "GET /wp-content/themes/admin.php HTTP/1.1" 403 62776 "-" "Mozilla/5.0 (Windows NT 10.0; Win64; x64) AppleWebKit/537.36 (KHTML, like Gecko) Chrome/85.0.4183.102 Safari/537.36"
74.7.227.9 - - [14/Jul/2026:22:28:13 -0300] "GET /index.php?lokasie=/proc/33335/net/softnet_stat&loknya=/proc/33335/net HTTP/1.1" 200 5959 "http://jforte.com.br/index.php?loknya=/proc/33335/net" "Mozilla/5.0 AppleWebKit/537.36 (KHTML, like Gecko; compatible; GPTBot/1.4; +https://openai.com/gptbot)"
74.7.227.9 - - [14/Jul/2026:22:28:14 -0300] "GET /index.php?lokasie=/proc/33334/net/softnet_stat&loknya=/proc/33334/net HTTP/1.1" 200 5959 "http://jforte.com.br/index.php?loknya=/proc/33334/net" "Mozilla/5.0 AppleWebKit/537.36 (KHTML, like Gecko; compatible; GPTBot/1.4; +https://openai.com/gptbot)"
64.23.195.44 - - [14/Jul/2026:22:28:15 -0300] "GET /wp-content/themes/about.php HTTP/1.1" 403 62776 "-" "Mozilla/5.0 (Windows NT 10.0; Win64; x64) AppleWebKit/537.36 (KHTML, like Gecko) Chrome/85.0.4183.102 Safari/537.36"
74.7.227.9 - - [14/Jul/2026:22:28:15 -0300] "GET /index.php?lokasie=/proc/33336/net/ip_mr_cache&loknya=/proc/33336/net HTTP/1.1" 200 4140 "http://jforte.com.br/index.php?loknya=/proc/33336/net" "Mozilla/5.0 AppleWebKit/537.36 (KHTML, like Gecko; compatible; GPTBot/1.4; +https://openai.com/gptbot)"
74.7.227.9 - - [14/Jul/2026:22:28:16 -0300] "GET /index.php?lokasie=/proc/33338/net/ip_mr_cache&loknya=/proc/33338/net HTTP/1.1" 200 4140 "http://jforte.com.br/index.php?loknya=/proc/33338/net" "Mozilla/5.0 AppleWebKit/537.36 (KHTML, like Gecko; compatible; GPTBot/1.4; +https://openai.com/gptbot)"
74.7.227.9 - - [14/Jul/2026:22:28:17 -0300] "GET /index.php?lokasie=/proc/33337/net/ip_mr_cache&loknya=/proc/33337/net HTTP/1.1" 200 4140 "http://jforte.com.br/index.php?loknya=/proc/33337/net" "Mozilla/5.0 AppleWebKit/537.36 (KHTML, like Gecko; compatible; GPTBot/1.4; +https://openai.com/gptbot)"
74.7.227.9 - - [14/Jul/2026:22:28:18 -0300] "GET /index.php?lokasie=/proc/33334/net/ip_mr_cache&loknya=/proc/33334/net HTTP/1.1" 200 4140 "http://jforte.com.br/index.php?loknya=/proc/33334/net" "Mozilla/5.0 AppleWebKit/537.36 (KHTML, like Gecko; compatible; GPTBot/1.4; +https://openai.com/gptbot)"
64.23.195.44 - - [14/Jul/2026:22:28:18 -0300] "GET /wp-content/plugin-install.php HTTP/1.1" 403 62776 "-" "Mozilla/5.0 (Windows NT 10.0; Win64; x64) AppleWebKit/537.36 (KHTML, like Gecko) Chrome/85.0.4183.102 Safari/537.36"
74.7.227.9 - - [14/Jul/2026:22:28:18 -0300] "GET /index.php?lokasie=/proc/33335/net/ip_mr_cache&loknya=/proc/33335/net HTTP/1.1" 200 4140 "http://jforte.com.br/index.php?loknya=/proc/33335/net" "Mozilla/5.0 AppleWebKit/537.36 (KHTML, like Gecko; compatible; GPTBot/1.4; +https://openai.com/gptbot)"
74.7.227.9 - - [14/Jul/2026:22:28:19 -0300] "GET /index.php?lokasie=/proc/33339/net/ip_mr_cache&loknya=/proc/33339/net HTTP/1.1" 200 4140 "http://jforte.com.br/index.php?loknya=/proc/33339/net" "Mozilla/5.0 AppleWebKit/537.36 (KHTML, like Gecko; compatible; GPTBot/1.4; +https://openai.com/gptbot)"
64.23.195.44 - - [14/Jul/2026:22:28:20 -0300] "GET /wp-content/xmlrpc.php HTTP/1.1" 403 62776 "-" "Mozilla/5.0 (Windows NT 10.0; Win64; x64) AppleWebKit/537.36 (KHTML, like Gecko) Chrome/85.0.4183.102 Safari/537.36"
74.7.227.9 - - [14/Jul/2026:22:28:20 -0300] "GET /index.php?lokasie=/proc/33335/net/ip_mr_vif&loknya=/proc/33335/net HTTP/1.1" 200 4155 "http://jforte.com.br/index.php?loknya=/proc/33335/net" "Mozilla/5.0 AppleWebKit/537.36 (KHTML, like Gecko; compatible; GPTBot/1.4; +https://openai.com/gptbot)"
74.7.227.9 - - [14/Jul/2026:22:28:21 -0300] "GET /index.php?lokasie=/proc/33334/net/ip_mr_vif&loknya=/proc/33334/net HTTP/1.1" 200 4155 "http://jforte.com.br/index.php?loknya=/proc/33334/net" "Mozilla/5.0 AppleWebKit/537.36 (KHTML, like Gecko; compatible; GPTBot/1.4; +https://openai.com/gptbot)"
74.7.227.9 - - [14/Jul/2026:22:28:22 -0300] "GET /index.php?lokasie=/proc/33336/net/ip_mr_vif&loknya=/proc/33336/net HTTP/1.1" 200 4155 "http://jforte.com.br/index.php?loknya=/proc/33336/net" "Mozilla/5.0 AppleWebKit/537.36 (KHTML, like Gecko; compatible; GPTBot/1.4; +https://openai.com/gptbot)"
74.7.227.9 - - [14/Jul/2026:22:28:23 -0300] "GET /index.php?lokasie=/proc/33337/net/ip_mr_vif&loknya=/proc/33337/net HTTP/1.1" 200 4155 "http://jforte.com.br/index.php?loknya=/proc/33337/net" "Mozilla/5.0 AppleWebKit/537.36 (KHTML, like Gecko; compatible; GPTBot/1.4; +https://openai.com/gptbot)"
74.7.227.9 - - [14/Jul/2026:22:28:24 -0300] "GET /index.php?lokasie=/proc/33339/net/ip_mr_vif&loknya=/proc/33339/net HTTP/1.1" 200 4155 "http://jforte.com.br/index.php?loknya=/proc/33339/net" "Mozilla/5.0 AppleWebKit/537.36 (KHTML, like Gecko; compatible; GPTBot/1.4; +https://openai.com/gptbot)"
64.23.195.44 - - [14/Jul/2026:22:28:24 -0300] "GET /wp-content/wp-settings.php HTTP/1.1" 403 62776 "-" "Mozilla/5.0 (Windows NT 10.0; Win64; x64) AppleWebKit/537.36 (KHTML, like Gecko) Chrome/85.0.4183.102 Safari/537.36"
74.7.227.9 - - [14/Jul/2026:22:28:25 -0300] "GET /index.php?lokasie=/proc/33338/net/ip_mr_vif&loknya=/proc/33338/net HTTP/1.1" 200 4155 "http://jforte.com.br/index.php?loknya=/proc/33338/net" "Mozilla/5.0 AppleWebKit/537.36 (KHTML, like Gecko; compatible; GPTBot/1.4; +https://openai.com/gptbot)"
74.7.227.9 - - [14/Jul/2026:22:28:26 -0300] "GET /index.php?lokasie=/proc/33337/net/mcfilter&loknya=/proc/33337/net HTTP/1.1" 200 4130 "http://jforte.com.br/index.php?loknya=/proc/33337/net" "Mozilla/5.0 AppleWebKit/537.36 (KHTML, like Gecko; compatible; GPTBot/1.4; +https://openai.com/gptbot)"
64.23.195.44 - - [14/Jul/2026:22:28:26 -0300] "GET /wp-content/wp-mail.php HTTP/1.1" 403 62776 "-" "Mozilla/5.0 (Windows NT 10.0; Win64; x64) AppleWebKit/537.36 (KHTML, like Gecko) Chrome/85.0.4183.102 Safari/537.36"
74.7.227.9 - - [14/Jul/2026:22:28:27 -0300] "GET /index.php?lokasie=/proc/33334/net/mcfilter&loknya=/proc/33334/net HTTP/1.1" 200 4130 "http://jforte.com.br/index.php?loknya=/proc/33334/net" "Mozilla/5.0 AppleWebKit/537.36 (KHTML, like Gecko; compatible; GPTBot/1.4; +https://openai.com/gptbot)"
74.7.227.9 - - [14/Jul/2026:22:28:28 -0300] "GET /index.php?lokasie=/proc/33335/net/mcfilter&loknya=/proc/33335/net HTTP/1.1" 200 4130 "http://jforte.com.br/index.php?loknya=/proc/33335/net" "Mozilla/5.0 AppleWebKit/537.36 (KHTML, like Gecko; compatible; GPTBot/1.4; +https://openai.com/gptbot)"
74.7.227.9 - - [14/Jul/2026:22:28:29 -0300] "GET /index.php?lokasie=/proc/33339/net/mcfilter&loknya=/proc/33339/net HTTP/1.1" 200 4130 "http://jforte.com.br/index.php?loknya=/proc/33339/net" "Mozilla/5.0 AppleWebKit/537.36 (KHTML, like Gecko; compatible; GPTBot/1.4; +https://openai.com/gptbot)"
64.23.195.44 - - [14/Jul/2026:22:28:30 -0300] "GET /wp-content/wp-load.php HTTP/1.1" 403 62776 "-" "Mozilla/5.0 (Windows NT 10.0; Win64; x64) AppleWebKit/537.36 (KHTML, like Gecko) Chrome/85.0.4183.102 Safari/537.36"
74.7.227.9 - - [14/Jul/2026:22:28:30 -0300] "GET /index.php?lokasie=/proc/33336/net/mcfilter&loknya=/proc/33336/net HTTP/1.1" 200 4130 "http://jforte.com.br/index.php?loknya=/proc/33336/net" "Mozilla/5.0 AppleWebKit/537.36 (KHTML, like Gecko; compatible; GPTBot/1.4; +https://openai.com/gptbot)"
74.7.227.9 - - [14/Jul/2026:22:28:32 -0300] "GET /index.php?lokasie=/proc/33338/net/mcfilter&loknya=/proc/33338/net HTTP/1.1" 200 4130 "http://jforte.com.br/index.php?loknya=/proc/33338/net" "Mozilla/5.0 AppleWebKit/537.36 (KHTML, like Gecko; compatible; GPTBot/1.4; +https://openai.com/gptbot)"
74.7.227.9 - - [14/Jul/2026:22:28:33 -0300] "GET /index.php?lokasie=/proc/33335/net/netlink&loknya=/proc/33335/net HTTP/1.1" 200 8219 "http://jforte.com.br/index.php?loknya=/proc/33335/net" "Mozilla/5.0 AppleWebKit/537.36 (KHTML, like Gecko; compatible; GPTBot/1.4; +https://openai.com/gptbot)"
64.23.195.44 - - [14/Jul/2026:22:28:33 -0300] "GET /wp-content/wp-links-opml.php HTTP/1.1" 403 62776 "-" "Mozilla/5.0 (Windows NT 10.0; Win64; x64) AppleWebKit/537.36 (KHTML, like Gecko) Chrome/85.0.4183.102 Safari/537.36"
74.7.227.9 - - [14/Jul/2026:22:28:34 -0300] "GET /index.php?lokasie=/proc/33334/net/packet&loknya=/proc/33334/net HTTP/1.1" 200 4275 "http://jforte.com.br/index.php?loknya=/proc/33334/net" "Mozilla/5.0 AppleWebKit/537.36 (KHTML, like Gecko; compatible; GPTBot/1.4; +https://openai.com/gptbot)"
74.7.227.9 - - [14/Jul/2026:22:28:35 -0300] "GET /index.php?lokasie=/proc/33336/net/psched&loknya=/proc/33336/net HTTP/1.1" 200 4117 "http://jforte.com.br/index.php?loknya=/proc/33336/net" "Mozilla/5.0 AppleWebKit/537.36 (KHTML, like Gecko; compatible; GPTBot/1.4; +https://openai.com/gptbot)"
74.7.227.9 - - [14/Jul/2026:22:28:36 -0300] "GET /index.php?lokasie=/proc/33338/net/psched&loknya=/proc/33338/net HTTP/1.1" 200 4117 "http://jforte.com.br/index.php?loknya=/proc/33338/net" "Mozilla/5.0 AppleWebKit/537.36 (KHTML, like Gecko; compatible; GPTBot/1.4; +https://openai.com/gptbot)"
74.7.227.9 - - [14/Jul/2026:22:28:37 -0300] "GET /index.php?lokasie=/proc/33334/net/netstat&loknya=/proc/33334/net HTTP/1.1" 200 8051 "http://jforte.com.br/index.php?loknya=/proc/33334/net" "Mozilla/5.0 AppleWebKit/537.36 (KHTML, like Gecko; compatible; GPTBot/1.4; +https://openai.com/gptbot)"
74.7.227.9 - - [14/Jul/2026:22:28:40 -0300] "GET /index.php?lokasie=/proc/33339/net/psched&loknya=/proc/33339/net HTTP/1.1" 200 4117 "http://jforte.com.br/index.php?loknya=/proc/33339/net" "Mozilla/5.0 AppleWebKit/537.36 (KHTML, like Gecko; compatible; GPTBot/1.4; +https://openai.com/gptbot)"
74.7.227.9 - - [14/Jul/2026:22:28:41 -0300] "GET /index.php?lokasie=/proc/33335/net/packet&loknya=/proc/33335/net HTTP/1.1" 200 4275 "http://jforte.com.br/index.php?loknya=/proc/33335/net" "Mozilla/5.0 AppleWebKit/537.36 (KHTML, like Gecko; compatible; GPTBot/1.4; +https://openai.com/gptbot)"
74.7.227.9 - - [14/Jul/2026:22:28:41 -0300] "GET /index.php?lokasie=/proc/33336/net/netlink&loknya=/proc/33336/net HTTP/1.1" 200 8219 "http://jforte.com.br/index.php?loknya=/proc/33336/net" "Mozilla/5.0 AppleWebKit/537.36 (KHTML, like Gecko; compatible; GPTBot/1.4; +https://openai.com/gptbot)"
74.7.227.9 - - [14/Jul/2026:22:28:42 -0300] "GET /index.php?lokasie=/proc/33335/net/psched&loknya=/proc/33335/net HTTP/1.1" 200 4117 "http://jforte.com.br/index.php?loknya=/proc/33335/net" "Mozilla/5.0 AppleWebKit/537.36 (KHTML, like Gecko; compatible; GPTBot/1.4; +https://openai.com/gptbot)"
74.7.227.9 - - [14/Jul/2026:22:28:43 -0300] "GET /index.php?lokasie=/proc/33337/net/psched&loknya=/proc/33337/net HTTP/1.1" 200 4117 "http://jforte.com.br/index.php?loknya=/proc/33337/net" "Mozilla/5.0 AppleWebKit/537.36 (KHTML, like Gecko; compatible; GPTBot/1.4; +https://openai.com/gptbot)"
74.7.227.9 - - [14/Jul/2026:22:28:44 -0300] "GET /index.php?lokasie=/proc/33334/net/netlink&loknya=/proc/33334/net HTTP/1.1" 200 8219 "http://jforte.com.br/index.php?loknya=/proc/33334/net" "Mozilla/5.0 AppleWebKit/537.36 (KHTML, like Gecko; compatible; GPTBot/1.4; +https://openai.com/gptbot)"
74.7.227.9 - - [14/Jul/2026:22:28:45 -0300] "GET /index.php?lokasie=/proc/33334/net/psched&loknya=/proc/33334/net HTTP/1.1" 200 4117 "http://jforte.com.br/index.php?loknya=/proc/33334/net" "Mozilla/5.0 AppleWebKit/537.36 (KHTML, like Gecko; compatible; GPTBot/1.4; +https://openai.com/gptbot)"
74.7.227.9 - - [14/Jul/2026:22:28:46 -0300] "GET /index.php?lokasie=/proc/33338/net/netlink&loknya=/proc/33338/net HTTP/1.1" 200 8219 "http://jforte.com.br/index.php?loknya=/proc/33338/net" "Mozilla/5.0 AppleWebKit/537.36 (KHTML, like Gecko; compatible; GPTBot/1.4; +https://openai.com/gptbot)"
74.7.227.9 - - [14/Jul/2026:22:28:47 -0300] "GET /index.php?lokasie=/proc/33337/net/netlink&loknya=/proc/33337/net HTTP/1.1" 200 8219 "http://jforte.com.br/index.php?loknya=/proc/33337/net" "Mozilla/5.0 AppleWebKit/537.36 (KHTML, like Gecko; compatible; GPTBot/1.4; +https://openai.com/gptbot)"
74.7.227.9 - - [14/Jul/2026:22:28:48 -0300] "GET /index.php?lokasie=/proc/33335/net/protocols&loknya=/proc/33335/net HTTP/1.1" 200 6328 "http://jforte.com.br/index.php?loknya=/proc/33335/net" "Mozilla/5.0 AppleWebKit/537.36 (KHTML, like Gecko; compatible; GPTBot/1.4; +https://openai.com/gptbot)"
74.7.227.9 - - [14/Jul/2026:22:28:49 -0300] "GET /index.php?lokasie=/proc/33338/net/protocols&loknya=/proc/33338/net HTTP/1.1" 200 6328 "http://jforte.com.br/index.php?loknya=/proc/33338/net" "Mozilla/5.0 AppleWebKit/537.36 (KHTML, like Gecko; compatible; GPTBot/1.4; +https://openai.com/gptbot)"
74.7.227.9 - - [14/Jul/2026:22:28:50 -0300] "GET /index.php?lokasie=/proc/33337/net/protocols&loknya=/proc/33337/net HTTP/1.1" 200 6328 "http://jforte.com.br/index.php?loknya=/proc/33337/net" "Mozilla/5.0 AppleWebKit/537.36 (KHTML, like Gecko; compatible; GPTBot/1.4; +https://openai.com/gptbot)"
74.7.227.9 - - [14/Jul/2026:22:28:51 -0300] "GET /index.php?lokasie=/proc/33334/net/protocols&loknya=/proc/33334/net HTTP/1.1" 200 6328 "http://jforte.com.br/index.php?loknya=/proc/33334/net" "Mozilla/5.0 AppleWebKit/537.36 (KHTML, like Gecko; compatible; GPTBot/1.4; +https://openai.com/gptbot)"
74.7.227.9 - - [14/Jul/2026:22:28:53 -0300] "GET /index.php?lokasie=/proc/33336/net/protocols&loknya=/proc/33336/net HTTP/1.1" 200 6328 "http://jforte.com.br/index.php?loknya=/proc/33336/net" "Mozilla/5.0 AppleWebKit/537.36 (KHTML, like Gecko; compatible; GPTBot/1.4; +https://openai.com/gptbot)"
74.7.227.9 - - [14/Jul/2026:22:28:53 -0300] "GET /index.php?lokasie=/proc/33334/net/connector&loknya=/proc/33334/net HTTP/1.1" 200 4123 "http://jforte.com.br/index.php?loknya=/proc/33334/net" "Mozilla/5.0 AppleWebKit/537.36 (KHTML, like Gecko; compatible; GPTBot/1.4; +https://openai.com/gptbot)"
74.7.227.9 - - [14/Jul/2026:22:28:54 -0300] "GET /index.php?lokasie=/proc/33339/net/protocols&loknya=/proc/33339/net HTTP/1.1" 200 6328 "http://jforte.com.br/index.php?loknya=/proc/33339/net" "Mozilla/5.0 AppleWebKit/537.36 (KHTML, like Gecko; compatible; GPTBot/1.4; +https://openai.com/gptbot)"
74.7.227.9 - - [14/Jul/2026:22:28:55 -0300] "GET /index.php?lokasie=/proc/33336/net/rt6_stats&loknya=/proc/33336/net HTTP/1.1" 200 4119 "http://jforte.com.br/index.php?loknya=/proc/33336/net" "Mozilla/5.0 AppleWebKit/537.36 (KHTML, like Gecko; compatible; GPTBot/1.4; +https://openai.com/gptbot)"
74.7.227.9 - - [14/Jul/2026:22:28:56 -0300] "GET /index.php?lokasie=/proc/33336/net/if_inet6&loknya=/proc/33336/net HTTP/1.1" 200 4083 "http://jforte.com.br/index.php?loknya=/proc/33336/net" "Mozilla/5.0 AppleWebKit/537.36 (KHTML, like Gecko; compatible; GPTBot/1.4; +https://openai.com/gptbot)"
74.7.227.9 - - [14/Jul/2026:22:28:57 -0300] "GET /index.php?lokasie=/proc/33337/net/fib_triestat&loknya=/proc/33337/net HTTP/1.1" 200 4827 "http://jforte.com.br/index.php?loknya=/proc/33337/net" "Mozilla/5.0 AppleWebKit/537.36 (KHTML, like Gecko; compatible; GPTBot/1.4; +https://openai.com/gptbot)"
74.7.227.9 - - [14/Jul/2026:22:28:59 -0300] "GET /index.php?lokasie=/proc/33334/net/fib_triestat&loknya=/proc/33334/net HTTP/1.1" 200 4827 "http://jforte.com.br/index.php?loknya=/proc/33334/net" "Mozilla/5.0 AppleWebKit/537.36 (KHTML, like Gecko; compatible; GPTBot/1.4; +https://openai.com/gptbot)"
74.7.227.9 - - [14/Jul/2026:22:29:00 -0300] "GET /index.php?lokasie=/proc/33336/net/fib_triestat&loknya=/proc/33336/net HTTP/1.1" 200 4827 "http://jforte.com.br/index.php?loknya=/proc/33336/net" "Mozilla/5.0 AppleWebKit/537.36 (KHTML, like Gecko; compatible; GPTBot/1.4; +https://openai.com/gptbot)"
74.7.227.9 - - [14/Jul/2026:22:29:01 -0300] "GET /index.php?lokasie=/proc/33338/net/fib_triestat&loknya=/proc/33338/net HTTP/1.1" 200 4827 "http://jforte.com.br/index.php?loknya=/proc/33338/net" "Mozilla/5.0 AppleWebKit/537.36 (KHTML, like Gecko; compatible; GPTBot/1.4; +https://openai.com/gptbot)"
74.7.227.9 - - [14/Jul/2026:22:29:02 -0300] "GET /index.php?lokasie=/proc/33339/net/fib_triestat&loknya=/proc/33339/net HTTP/1.1" 200 4827 "http://jforte.com.br/index.php?loknya=/proc/33339/net" "Mozilla/5.0 AppleWebKit/537.36 (KHTML, like Gecko; compatible; GPTBot/1.4; +https://openai.com/gptbot)"
74.7.227.9 - - [14/Jul/2026:22:29:03 -0300] "GET /index.php?lokasie=/proc/33335/net/fib_triestat&loknya=/proc/33335/net HTTP/1.1" 200 4827 "http://jforte.com.br/index.php?loknya=/proc/33335/net" "Mozilla/5.0 AppleWebKit/537.36 (KHTML, like Gecko; compatible; GPTBot/1.4; +https://openai.com/gptbot)"
