403Webshell
Server IP : 162.214.67.83  /  Your IP : 216.73.217.31
Web Server : Apache
System : Linux dedi-13542965.clustter.com.br 5.14.0-687.20.1.el9_8.x86_64 #1 SMP PREEMPT_DYNAMIC Tue Jun 30 06:22:49 EDT 2026 x86_64
User : jforte ( 1063)
PHP Version : 8.2.32
Disable Function : NONE
MySQL : OFF  |  cURL : ON  |  WGET : ON  |  Perl : ON  |  Python : OFF  |  Sudo : ON  |  Pkexec : ON
Directory :  /home/jforte/access-logs/

Upload File :
current_dir [ Writeable ] document_root [ Writeable ]

 

Command :


[ Back ]     

Current File : /home/jforte/access-logs/jforte.com.br
170.106.167.214 - - [14/Jul/2026:12:47:27 -0300] "GET /wp-admin/update-core.php?lokasie=/home/jforte/public_html/wp-admin/network/settings.php&loknya=/home/jforte/public_html/wp-admin/network HTTP/1.1" 200 33656 "-" "Mozilla/5.0 (iPhone; CPU iPhone OS 13_2_3 like Mac OS X) AppleWebKit/605.1.15 (KHTML, like Gecko) Version/13.0.3 Mobile/15E148 Safari/604.1"
114.119.151.171 - - [14/Jul/2026:12:49:14 -0300] "GET /?lokasie=/home/jforte/public_html/wp-load.php&loknya=/home/jforte/public_html HTTP/1.1" 200 8636 "http://jforte.com.br/?C=S%3BO%3DA" "Mozilla/5.0 (Linux; Android 7.0;) AppleWebKit/537.36 (HTML, like Gecko) Mobile Safari/537.36 (compatible; PetalBot;+https://webmaster.petalsearch.com/site/petalbot)"
114.119.139.59 - - [14/Jul/2026:12:50:37 -0300] "GET /2026/07/13/pinap-skachat-besplatno-sekrety-uspeshnogo-ispolzovaniia-prilozheniia/ HTTP/1.1" 200 57219 "http://jforte.com.br/2026/07/10/best-online-casinos-canada-top-rated-sites-in-03-2025/" "Mozilla/5.0 (Linux; Android 7.0;) AppleWebKit/537.36 (HTML, like Gecko) Mobile Safari/537.36 (compatible; PetalBot;+https://webmaster.petalsearch.com/site/petalbot)"
114.119.151.59 - - [14/Jul/2026:12:52:02 -0300] "GET /2026/07/13/1xbet-1khbet-bonus-uchityvavshimisia-registratsii-400-obzor-i-otzyvy-o-1xbet-stavki-na-futbol-tennis-boks-vkhod-na-1-iks-bet/ HTTP/1.1" 200 57219 "http://jforte.com.br/2026/07/10/best-online-casinos-canada-top-rated-sites-in-03-2025/" "Mozilla/5.0 (Linux; Android 7.0;) AppleWebKit/537.36 (HTML, like Gecko) Mobile Safari/537.36 (compatible; PetalBot;+https://webmaster.petalsearch.com/site/petalbot)"
114.119.128.58 - - [14/Jul/2026:12:53:25 -0300] "GET /2026/07/12/kto-vyigryvaet-v-pinco-unikalnye-dannye-realnoi-statistiki-pobeditelei/?loknya=/home/jforte/public_html/wp-admin HTTP/1.1" 200 149653 "http://jforte.com.br/2026/07/12/kto-vyigryvaet-v-pinco-unikalnye-dannye-realnoi-statistiki-pobeditelei/" "Mozilla/5.0 (Linux; Android 7.0;) AppleWebKit/537.36 (HTML, like Gecko) Mobile Safari/537.36 (compatible; PetalBot;+https://webmaster.petalsearch.com/site/petalbot)"
49.51.252.146 - - [14/Jul/2026:12:57:23 -0300] "GET /wp-admin/update-core.php?lokasie=/home/jforte/public_html/wp-admin/network/about.php&loknya=/home/jforte/public_html/wp-admin/network HTTP/1.1" 200 4554 "-" "Mozilla/5.0 (iPhone; CPU iPhone OS 13_2_3 like Mac OS X) AppleWebKit/605.1.15 (KHTML, like Gecko) Version/13.0.3 Mobile/15E148 Safari/604.1"
114.119.128.58 - - [14/Jul/2026:12:57:35 -0300] "GET /2026/07/12/kto-vyigryvaet-v-pinco-unikalnye-dannye-realnoi-statistiki-pobeditelei/?loknya=/home/jforte/public_html/.tmb HTTP/1.1" 200 5324 "http://jforte.com.br/2026/07/12/kto-vyigryvaet-v-pinco-unikalnye-dannye-realnoi-statistiki-pobeditelei/" "Mozilla/5.0 (Linux; Android 7.0;) AppleWebKit/537.36 (HTML, like Gecko) Mobile Safari/537.36 (compatible; PetalBot;+https://webmaster.petalsearch.com/site/petalbot)"
114.119.128.58 - - [14/Jul/2026:12:58:58 -0300] "GET /2026/07/12/kto-vyigryvaet-v-pinco-unikalnye-dannye-realnoi-statistiki-pobeditelei/?lokasie=/home/jforte/public_html/wp-config-sample.php&loknya=/home/jforte/public_html HTTP/1.1" 200 7846 "http://jforte.com.br/2026/07/12/kto-vyigryvaet-v-pinco-unikalnye-dannye-realnoi-statistiki-pobeditelei/" "Mozilla/5.0 (Linux; Android 7.0;) AppleWebKit/537.36 (HTML, like Gecko) Mobile Safari/537.36 (compatible; PetalBot;+https://webmaster.petalsearch.com/site/petalbot)"
114.119.151.171 - - [14/Jul/2026:13:00:22 -0300] "GET /2026/07/12/kto-vyigryvaet-v-pinco-unikalnye-dannye-realnoi-statistiki-pobeditelei/?lokasie=/home/jforte/public_html/vgqsfrxq.php&loknya=/home/jforte/public_html HTTP/1.1" 200 4122 "http://jforte.com.br/2026/07/12/kto-vyigryvaet-v-pinco-unikalnye-dannye-realnoi-statistiki-pobeditelei/" "Mozilla/5.0 (Linux; Android 7.0;) AppleWebKit/537.36 (HTML, like Gecko) Mobile Safari/537.36 (compatible; PetalBot;+https://webmaster.petalsearch.com/site/petalbot)"
114.119.143.50 - - [14/Jul/2026:13:01:46 -0300] "GET /2026/07/12/kto-vyigryvaet-v-pinco-unikalnye-dannye-realnoi-statistiki-pobeditelei/?lokasie=/home/jforte/public_html/fhxxkjel.php&loknya=/home/jforte/public_html HTTP/1.1" 200 31080 "http://jforte.com.br/2026/07/12/kto-vyigryvaet-v-pinco-unikalnye-dannye-realnoi-statistiki-pobeditelei/" "Mozilla/5.0 (Linux; Android 7.0;) AppleWebKit/537.36 (HTML, like Gecko) Mobile Safari/537.36 (compatible; PetalBot;+https://webmaster.petalsearch.com/site/petalbot)"
114.119.148.138 - - [14/Jul/2026:13:04:33 -0300] "GET /?loknya=/home/jforte/ HTTP/1.1" 200 61114 "http://jforte.com.br/?C=S%3BO%3DA" "Mozilla/5.0 (Linux; Android 7.0;) AppleWebKit/537.36 (HTML, like Gecko) Mobile Safari/537.36 (compatible; PetalBot;+https://webmaster.petalsearch.com/site/petalbot)"
114.119.156.84 - - [14/Jul/2026:13:05:57 -0300] "GET /2026/07/12/kto-vyigryvaet-v-pinco-unikalnye-dannye-realnoi-statistiki-pobeditelei/?lokasie=/home/jforte/public_html/error_log&loknya=/home/jforte/public_html HTTP/1.1" 200 174668 "http://jforte.com.br/2026/07/12/kto-vyigryvaet-v-pinco-unikalnye-dannye-realnoi-statistiki-pobeditelei/" "Mozilla/5.0 (Linux; Android 7.0;) AppleWebKit/537.36 (HTML, like Gecko) Mobile Safari/537.36 (compatible; PetalBot;+https://webmaster.petalsearch.com/site/petalbot)"
51.68.247.219 - - [14/Jul/2026:13:06:12 -0300] "GET /robots.txt HTTP/1.1" 200 57218 "-" "Mozilla/5.0 (compatible; AhrefsBot/7.0; +http://ahrefs.com/robot/)"
51.68.247.200 - - [14/Jul/2026:13:06:14 -0300] "GET / HTTP/1.1" 200 57218 "-" "Mozilla/5.0 (compatible; AhrefsBot/7.0; +http://ahrefs.com/robot/)"
43.159.143.190 - - [14/Jul/2026:13:07:05 -0300] "GET /wp-admin/link-add.php?lokasie=/home/jforte/public_html/wp-admin/customize.php&loknya=/home/jforte/public_html/wp-admin HTTP/1.1" 200 18693 "-" "Mozilla/5.0 (iPhone; CPU iPhone OS 13_2_3 like Mac OS X) AppleWebKit/605.1.15 (KHTML, like Gecko) Version/13.0.3 Mobile/15E148 Safari/604.1"
114.119.151.171 - - [14/Jul/2026:13:07:21 -0300] "GET /2026/07/12/crazy-time-statistiche-survive-cronologia-risultati-2025/?loknya=/home/jforte/public_html/wp-content HTTP/1.1" 200 18650 "http://jforte.com.br/2026/07/12/crazy-time-statistiche-survive-cronologia-risultati-2025/" "Mozilla/5.0 (Linux; Android 7.0;) AppleWebKit/537.36 (HTML, like Gecko) Mobile Safari/537.36 (compatible; PetalBot;+https://webmaster.petalsearch.com/site/petalbot)"
43.164.133.138 - - [14/Jul/2026:13:07:49 -0300] "GET / HTTP/1.1" 200 57219 "-" "Mozilla/5.0 (iPhone; CPU iPhone OS 13_2_3 like Mac OS X) AppleWebKit/605.1.15 (KHTML, like Gecko) Version/13.0.3 Mobile/15E148 Safari/604.1"
114.119.128.58 - - [14/Jul/2026:13:08:46 -0300] "GET /2026/07/12/crazy-time-statistiche-survive-cronologia-risultati-2025/?loknya=/home/jforte/public_html/.well-known HTTP/1.1" 200 6503 "http://jforte.com.br/2026/07/12/crazy-time-statistiche-survive-cronologia-risultati-2025/" "Mozilla/5.0 (Linux; Android 7.0;) AppleWebKit/537.36 (HTML, like Gecko) Mobile Safari/537.36 (compatible; PetalBot;+https://webmaster.petalsearch.com/site/petalbot)"
114.119.151.59 - - [14/Jul/2026:13:10:09 -0300] "GET /2026/07/12/crazy-time-statistiche-survive-cronologia-risultati-2025/?loknya=/home/jforte HTTP/1.1" 200 60971 "http://jforte.com.br/2026/07/12/crazy-time-statistiche-survive-cronologia-risultati-2025/" "Mozilla/5.0 (Linux; Android 7.0;) AppleWebKit/537.36 (HTML, like Gecko) Mobile Safari/537.36 (compatible; PetalBot;+https://webmaster.petalsearch.com/site/petalbot)"
114.119.151.171 - - [14/Jul/2026:13:11:31 -0300] "GET /2026/07/12/crazy-time-statistiche-survive-cronologia-risultati-2025/?lokasie=/home/jforte/public_html/xfttrplq.php&loknya=/home/jforte/public_html HTTP/1.1" 200 20784 "http://jforte.com.br/2026/07/12/crazy-time-statistiche-survive-cronologia-risultati-2025/" "Mozilla/5.0 (Linux; Android 7.0;) AppleWebKit/537.36 (HTML, like Gecko) Mobile Safari/537.36 (compatible; PetalBot;+https://webmaster.petalsearch.com/site/petalbot)"
114.119.143.50 - - [14/Jul/2026:13:12:56 -0300] "GET /?lokasie=/home/jforte/public_html/xfttrplq.php&loknya=/home/jforte/public_html HTTP/1.1" 200 20783 "http://jforte.com.br/?C=S%3BO%3DA" "Mozilla/5.0 (Linux; Android 7.0;) AppleWebKit/537.36 (HTML, like Gecko) Mobile Safari/537.36 (compatible; PetalBot;+https://webmaster.petalsearch.com/site/petalbot)"
114.119.156.84 - - [14/Jul/2026:13:14:19 -0300] "GET /2026/07/12/crazy-time-statistiche-survive-cronologia-risultati-2025/?lokasie=/home/jforte/public_html/wp-settings.php&loknya=/home/jforte/public_html HTTP/1.1" 200 40528 "http://jforte.com.br/2026/07/12/crazy-time-statistiche-survive-cronologia-risultati-2025/" "Mozilla/5.0 (Linux; Android 8.0.0; SM-G955U Build/R16NW) AppleWebKit/537.36 (KHTML, like Gecko) Chrome/148.0.0.0 Mobile Safari/537.36"
114.119.128.102 - - [14/Jul/2026:13:15:42 -0300] "GET /2026/07/12/crazy-time-statistiche-survive-cronologia-risultati-2025/?lokasie=/home/jforte/public_html/wp-links-opml.php&loknya=/home/jforte/public_html HTTP/1.1" 200 7176 "http://jforte.com.br/2026/07/12/crazy-time-statistiche-survive-cronologia-risultati-2025/" "Mozilla/5.0 (Linux; Android 7.0;) AppleWebKit/537.36 (HTML, like Gecko) Mobile Safari/537.36 (compatible; PetalBot;+https://webmaster.petalsearch.com/site/petalbot)"
43.135.211.148 - - [14/Jul/2026:13:16:26 -0300] "GET /wp-admin/update-core.php?loknya=/home/jforte/public_html/.well-known/acme-challenge HTTP/1.1" 200 5497 "-" "Mozilla/5.0 (iPhone; CPU iPhone OS 13_2_3 like Mac OS X) AppleWebKit/605.1.15 (KHTML, like Gecko) Version/13.0.3 Mobile/15E148 Safari/604.1"
114.119.139.59 - - [14/Jul/2026:13:17:06 -0300] "GET /2026/07/12/e-spor-bahisleri-nedir/ HTTP/1.1" 200 57219 "http://jforte.com.br/2026/06/" "Mozilla/5.0 (Linux; Android 7.0;) AppleWebKit/537.36 (HTML, like Gecko) Mobile Safari/537.36 (compatible; PetalBot;+https://webmaster.petalsearch.com/site/petalbot)"
114.119.151.59 - - [14/Jul/2026:13:18:29 -0300] "GET /2026/07/12/crazy-time-statistiche-survive-cronologia-risultati-2025/?lokasie=/home/jforte/public_html/wcqpnjgc.php&loknya=/home/jforte/public_html HTTP/1.1" 200 31080 "http://jforte.com.br/2026/07/12/crazy-time-statistiche-survive-cronologia-risultati-2025/" "Mozilla/5.0 (Linux; Android 7.0;) AppleWebKit/537.36 (HTML, like Gecko) Mobile Safari/537.36 (compatible; PetalBot;+https://webmaster.petalsearch.com/site/petalbot)"
114.119.151.171 - - [14/Jul/2026:13:22:40 -0300] "GET /2026/07/12/crazy-time-statistiche-survive-cronologia-risultati-2025/?lokasie=/home/jforte/public_html/kruyauoj.php&loknya=/home/jforte/public_html HTTP/1.1" 200 5399 "http://jforte.com.br/2026/07/12/crazy-time-statistiche-survive-cronologia-risultati-2025/" "Mozilla/5.0 (Linux; Android 7.0;) AppleWebKit/537.36 (HTML, like Gecko) Mobile Safari/537.36 (compatible; PetalBot;+https://webmaster.petalsearch.com/site/petalbot)"
114.119.156.84 - - [14/Jul/2026:13:25:27 -0300] "GET /2026/07/12/crazy-time-statistiche-survive-cronologia-risultati-2025/?lokasie=/home/jforte/public_html/error_log&loknya=/home/jforte/public_html HTTP/1.1" 200 174668 "http://jforte.com.br/2026/07/12/crazy-time-statistiche-survive-cronologia-risultati-2025/" "Mozilla/5.0 (Linux; Android 7.0;) AppleWebKit/537.36 (HTML, like Gecko) Mobile Safari/537.36 (compatible; PetalBot;+https://webmaster.petalsearch.com/site/petalbot)"
101.32.15.141 - - [14/Jul/2026:13:26:33 -0300] "GET /wp-admin/update-core.php?check_ip=$reverse_ip&host= HTTP/1.1" 200 149667 "-" "Mozilla/5.0 (iPhone; CPU iPhone OS 13_2_3 like Mac OS X) AppleWebKit/605.1.15 (KHTML, like Gecko) Version/13.0.3 Mobile/15E148 Safari/604.1"
114.119.128.102 - - [14/Jul/2026:13:28:27 -0300] "GET /2026/07/12/kto-vyigryvaet-v-pinco-unikalnye-dannye-realnoi-statistiki-pobeditelei/?lokasie=/home/jforte/public_html/.htaccess&loknya=/home/jforte/public_html HTTP/1.1" 200 5354 "http://jforte.com.br/2026/07/12/kto-vyigryvaet-v-pinco-unikalnye-dannye-realnoi-statistiki-pobeditelei/" "Mozilla/5.0 (Linux; Android 7.0;) AppleWebKit/537.36 (HTML, like Gecko) Mobile Safari/537.36 (compatible; PetalBot;+https://webmaster.petalsearch.com/site/petalbot)"
114.119.151.59 - - [14/Jul/2026:13:29:39 -0300] "GET /2026/07/10/lucky-jungle-casino-review-2026-vart-omdome-filma-har/ HTTP/1.1" 200 57219 "http://jforte.com.br/2026/07/10/best-online-casinos-canada-top-rated-sites-in-03-2025/" "Mozilla/5.0 (Linux; Android 7.0;) AppleWebKit/537.36 (HTML, like Gecko) Mobile Safari/537.36 (compatible; PetalBot;+https://webmaster.petalsearch.com/site/petalbot)"
85.208.96.208 - - [14/Jul/2026:13:30:35 -0300] "GET /robots.txt HTTP/1.1" 200 57218 "-" "Mozilla/5.0 (compatible; SemrushBot/7~bl; +http://www.semrush.com/bot.html)"
185.191.171.5 - - [14/Jul/2026:13:30:36 -0300] "GET /2026/07/04/top-picks-real-money-online-casinos-regarding-aussies/ HTTP/1.1" 200 57218 "-" "Mozilla/5.0 (compatible; SemrushBot/7~bl; +http://www.semrush.com/bot.html)"
114.119.128.58 - - [14/Jul/2026:13:31:02 -0300] "GET /2026/07/10/best-online-casinos-canada-top-rated-sites-in-03-2025/?loknya=/ HTTP/1.1" 200 38984 "http://jforte.com.br/2026/07/10/best-online-casinos-canada-top-rated-sites-in-03-2025/" "Mozilla/5.0 (Linux; Android 7.0;) AppleWebKit/537.36 (HTML, like Gecko) Mobile Safari/537.36 (compatible; PetalBot;+https://webmaster.petalsearch.com/site/petalbot)"
114.119.148.138 - - [14/Jul/2026:13:32:25 -0300] "GET /2026/07/10/best-online-casinos-canada-top-rated-sites-in-03-2025/?lokasie=/home/jforte/public_html/wp-login.php&loknya=/home/jforte/public_html HTTP/1.1" 200 67137 "http://jforte.com.br/2026/07/10/best-online-casinos-canada-top-rated-sites-in-03-2025/" "Mozilla/5.0 (Linux; Android 7.0;) AppleWebKit/537.36 (HTML, like Gecko) Mobile Safari/537.36 (compatible; PetalBot;+https://webmaster.petalsearch.com/site/petalbot)"
114.119.151.59 - - [14/Jul/2026:13:33:49 -0300] "GET /2026/07/10/best-online-casinos-canada-top-rated-sites-in-03-2025/?lokasie=/home/jforte/public_html/wp-config.php&loknya=/home/jforte/public_html HTTP/1.1" 200 8151 "http://jforte.com.br/2026/07/10/best-online-casinos-canada-top-rated-sites-in-03-2025/" "Mozilla/5.0 (Linux; Android 7.0;) AppleWebKit/537.36 (HTML, like Gecko) Mobile Safari/537.36 (compatible; PetalBot;+https://webmaster.petalsearch.com/site/petalbot)"
185.191.171.6 - - [14/Jul/2026:13:33:55 -0300] "GET /2026/07/04/mostbet-com-vkhod-spustia-vk/ HTTP/1.1" 200 57218 "-" "Mozilla/5.0 (compatible; SemrushBot/7~bl; +http://www.semrush.com/bot.html)"
114.119.151.171 - - [14/Jul/2026:13:35:13 -0300] "GET /2026/07/12/kto-vyigryvaet-v-pinco-unikalnye-dannye-realnoi-statistiki-pobeditelei/?lokasie=/home/jforte/public_html/wp-signup.php&loknya=/home/jforte/public_html HTTP/1.1" 200 45736 "http://jforte.com.br/2026/07/12/kto-vyigryvaet-v-pinco-unikalnye-dannye-realnoi-statistiki-pobeditelei/" "Mozilla/5.0 (Linux; Android 7.0;) AppleWebKit/537.36 (HTML, like Gecko) Mobile Safari/537.36 (compatible; PetalBot;+https://webmaster.petalsearch.com/site/petalbot)"
85.208.96.193 - - [14/Jul/2026:13:35:51 -0300] "GET /2026/07/11/plinko-france-jouez-et-gagnez-avec-les-meilleurs-casinos/ HTTP/1.1" 200 57218 "-" "Mozilla/5.0 (compatible; SemrushBot/7~bl; +http://www.semrush.com/bot.html)"
114.119.151.59 - - [14/Jul/2026:13:36:36 -0300] "GET /2026/07/10/best-online-casinos-canada-top-rated-sites-in-03-2025/?lokasie=/home/jforte/public_html/readme.html&loknya=/home/jforte/public_html HTTP/1.1" 200 13426 "http://jforte.com.br/2026/07/10/best-online-casinos-canada-top-rated-sites-in-03-2025/" "Mozilla/5.0 (Linux; Android 7.0;) AppleWebKit/537.36 (HTML, like Gecko) Mobile Safari/537.36 (compatible; PetalBot;+https://webmaster.petalsearch.com/site/petalbot)"
85.208.96.211 - - [14/Jul/2026:13:38:38 -0300] "GET /2026/07/07/sweet-bienestar-classic-le-jeu-de-machine-a-sous-original-similar-pragmatic-play-2/ HTTP/1.1" 200 57218 "-" "Mozilla/5.0 (compatible; SemrushBot/7~bl; +http://www.semrush.com/bot.html)"
114.119.148.138 - - [14/Jul/2026:13:39:23 -0300] "GET /2026/07/04/en-iyi-slot-siteleri-guncel-listesi-guvenilir-casino-tavsiyeleri/?lokasie=/home/jforte/public_html/wp-config-sample.php&loknya=/home/jforte/public_html HTTP/1.1" 200 7847 "http://jforte.com.br/2026/07/04/en-iyi-slot-siteleri-guncel-listesi-guvenilir-casino-tavsiyeleri/" "Mozilla/5.0 (Linux; Android 7.0;) AppleWebKit/537.36 (HTML, like Gecko) Mobile Safari/537.36 (compatible; PetalBot;+https://webmaster.petalsearch.com/site/petalbot)"
114.119.128.58 - - [14/Jul/2026:13:40:46 -0300] "GET /2026/07/04/en-iyi-slot-siteleri-guncel-listesi-guvenilir-casino-tavsiyeleri/?lokasie=/home/jforte/public_html/wp-comments-post.php&loknya=/home/jforte/public_html HTTP/1.1" 200 6798 "http://jforte.com.br/2026/07/04/en-iyi-slot-siteleri-guncel-listesi-guvenilir-casino-tavsiyeleri/" "Mozilla/5.0 (Linux; Android 7.0;) AppleWebKit/537.36 (HTML, like Gecko) Mobile Safari/537.36 (compatible; PetalBot;+https://webmaster.petalsearch.com/site/petalbot)"
114.119.151.171 - - [14/Jul/2026:13:42:10 -0300] "GET /2026/07/04/en-iyi-slot-siteleri-guncel-listesi-guvenilir-casino-tavsiyeleri/?lokasie=/home/jforte/public_html/index.php&loknya=/home/jforte/public_html HTTP/1.1" 200 4552 "http://jforte.com.br/2026/07/04/en-iyi-slot-siteleri-guncel-listesi-guvenilir-casino-tavsiyeleri/" "Mozilla/5.0 (Linux; Android 7.0;) AppleWebKit/537.36 (HTML, like Gecko) Mobile Safari/537.36 (compatible; PetalBot;+https://webmaster.petalsearch.com/site/petalbot)"
114.119.139.59 - - [14/Jul/2026:13:43:34 -0300] "GET /2026/07/04/en-iyi-slot-siteleri-guncel-listesi-guvenilir-casino-tavsiyeleri/?lokasie=/home/jforte/public_html/ORVX-AgAvcX.php&loknya=/home/jforte/public_html HTTP/1.1" 200 198495 "http://jforte.com.br/2026/07/04/en-iyi-slot-siteleri-guncel-listesi-guvenilir-casino-tavsiyeleri/" "Mozilla/5.0 (Linux; Android 7.0;) AppleWebKit/537.36 (HTML, like Gecko) Mobile Safari/537.36 (compatible; PetalBot;+https://webmaster.petalsearch.com/site/petalbot)"
203.25.124.45 - - [14/Jul/2026:13:45:53 -0300] "GET /wp-content/plugins/advanced-product-fields-for-woocommerce/db.php HTTP/1.1" 200 57218 "-" "Go-http-client/1.1"
114.119.128.58 - - [14/Jul/2026:13:46:21 -0300] "GET /2026/07/04/die-besten-on-the-internet-casinos-in-deutschland-im-vergleich-2026/?loknya=/home/jforte/public_html/wp-includes HTTP/1.1" 200 416025 "http://jforte.com.br/2026/07/04/die-besten-on-the-internet-casinos-in-deutschland-im-vergleich-2026/" "Mozilla/5.0 (Linux; Android 7.0;) AppleWebKit/537.36 (HTML, like Gecko) Mobile Safari/537.36 (compatible; PetalBot;+https://webmaster.petalsearch.com/site/petalbot)"
114.119.151.171 - - [14/Jul/2026:13:47:44 -0300] "GET /2026/07/04/die-besten-on-the-internet-casinos-in-deutschland-im-vergleich-2026/?loknya=/home/jforte/public_html/wp-admin HTTP/1.1" 200 149654 "http://jforte.com.br/2026/07/04/die-besten-on-the-internet-casinos-in-deutschland-im-vergleich-2026/" "Mozilla/5.0 (Linux; Android 7.0;) AppleWebKit/537.36 (HTML, like Gecko) Mobile Safari/537.36 (compatible; PetalBot;+https://webmaster.petalsearch.com/site/petalbot)"
114.119.128.102 - - [14/Jul/2026:13:49:07 -0300] "GET /2026/07/04/die-besten-on-the-internet-casinos-in-deutschland-im-vergleich-2026/?loknya=/home/jforte/public_html/.well-known HTTP/1.1" 200 6504 "http://jforte.com.br/2026/07/04/die-besten-on-the-internet-casinos-in-deutschland-im-vergleich-2026/" "Mozilla/5.0 (Linux; Android 7.0;) AppleWebKit/537.36 (HTML, like Gecko) Mobile Safari/537.36 (compatible; PetalBot;+https://webmaster.petalsearch.com/site/petalbot)"
114.119.143.50 - - [14/Jul/2026:13:50:31 -0300] "GET /2026/07/04/die-besten-on-the-internet-casinos-in-deutschland-im-vergleich-2026/?lokasie=/home/jforte/public_html/zyrapzdo.php&loknya=/home/jforte/public_html HTTP/1.1" 200 31080 "http://jforte.com.br/2026/07/04/die-besten-on-the-internet-casinos-in-deutschland-im-vergleich-2026/" "Mozilla/5.0 (Linux; Android 7.0;) AppleWebKit/537.36 (HTML, like Gecko) Mobile Safari/537.36 (compatible; PetalBot;+https://webmaster.petalsearch.com/site/petalbot)"
114.119.151.59 - - [14/Jul/2026:13:51:56 -0300] "GET /2026/07/04/die-besten-on-the-internet-casinos-in-deutschland-im-vergleich-2026/?lokasie=/home/jforte/public_html/wp-login.php&loknya=/home/jforte/public_html HTTP/1.1" 200 67136 "http://jforte.com.br/2026/07/04/die-besten-on-the-internet-casinos-in-deutschland-im-vergleich-2026/" "Mozilla/5.0 (Linux; Android 7.0;) AppleWebKit/537.36 (HTML, like Gecko) Mobile Safari/537.36 (compatible; PetalBot;+https://webmaster.petalsearch.com/site/petalbot)"
114.119.156.84 - - [14/Jul/2026:13:53:19 -0300] "GET /2026/07/04/die-besten-on-the-internet-casinos-in-deutschland-im-vergleich-2026/?lokasie=/home/jforte/public_html/readme.html&loknya=/home/jforte/public_html HTTP/1.1" 200 13426 "http://jforte.com.br/2026/07/04/die-besten-on-the-internet-casinos-in-deutschland-im-vergleich-2026/" "Mozilla/5.0 (Linux; Android 7.0;) AppleWebKit/537.36 (HTML, like Gecko) Mobile Safari/537.36 (compatible; PetalBot;+https://webmaster.petalsearch.com/site/petalbot)"
49.51.72.76 - - [14/Jul/2026:13:54:02 -0300] "GET / HTTP/1.1" 200 57216 "-" "Mozilla/5.0 (iPhone; CPU iPhone OS 13_2_3 like Mac OS X) AppleWebKit/605.1.15 (KHTML, like Gecko) Version/13.0.3 Mobile/15E148 Safari/604.1"
114.119.151.171 - - [14/Jul/2026:13:54:41 -0300] "GET /2026/07/10/best-online-casinos-canada-top-rated-sites-in-03-2025/?lokasie=/home/jforte/public_html/wp-links-opml.php&loknya=/home/jforte/public_html HTTP/1.1" 200 7176 "http://jforte.com.br/2026/07/10/best-online-casinos-canada-top-rated-sites-in-03-2025/" "Mozilla/5.0 (Linux; Android 7.0;) AppleWebKit/537.36 (HTML, like Gecko) Mobile Safari/537.36 (compatible; PetalBot;+https://webmaster.petalsearch.com/site/petalbot)"
114.119.143.50 - - [14/Jul/2026:13:56:05 -0300] "GET /2026/07/04/die-besten-on-the-internet-casinos-in-deutschland-im-vergleich-2026/?lokasie=/home/jforte/public_html/index.php&loknya=/home/jforte/public_html HTTP/1.1" 200 4551 "http://jforte.com.br/2026/07/04/die-besten-on-the-internet-casinos-in-deutschland-im-vergleich-2026/" "Mozilla/5.0 (Linux; Android 7.0;) AppleWebKit/537.36 (HTML, like Gecko) Mobile Safari/537.36 (compatible; PetalBot;+https://webmaster.petalsearch.com/site/petalbot)"
43.166.239.145 - - [14/Jul/2026:13:57:20 -0300] "GET /wp-admin/update-core.php?lokasie=/home/jforte/public_html/wp-admin//index.php&loknya=/home/jforte/public_html/wp-admin/ HTTP/1.1" 200 14089 "-" "Mozilla/5.0 (iPhone; CPU iPhone OS 13_2_3 like Mac OS X) AppleWebKit/605.1.15 (KHTML, like Gecko) Version/13.0.3 Mobile/15E148 Safari/604.1"
114.119.156.84 - - [14/Jul/2026:13:57:29 -0300] "GET /2026/07/04/bookmaker-mostbet-tr-guvenli-spor-bahisleri-empieza-casino-icin-bahis-yapin-kayit/?loknya=/home/jforte/public_html/.well-known HTTP/1.1" 200 6503 "http://jforte.com.br/2026/07/04/bookmaker-mostbet-tr-guvenli-spor-bahisleri-empieza-casino-icin-bahis-yapin-kayit/" "Mozilla/5.0 (Linux; Android 7.0;) AppleWebKit/537.36 (HTML, like Gecko) Mobile Safari/537.36 (compatible; PetalBot;+https://webmaster.petalsearch.com/site/petalbot)"
114.119.151.59 - - [14/Jul/2026:13:58:52 -0300] "GET /2026/07/04/bookmaker-mostbet-tr-guvenli-spor-bahisleri-empieza-casino-icin-bahis-yapin-kayit/?lokasie=/home/jforte/public_html/wp-settings.php&loknya=/home/jforte/public_html HTTP/1.1" 200 40528 "http://jforte.com.br/2026/07/04/bookmaker-mostbet-tr-guvenli-spor-bahisleri-empieza-casino-icin-bahis-yapin-kayit/" "Mozilla/5.0 (Linux; Android 7.0;) AppleWebKit/537.36 (HTML, like Gecko) Mobile Safari/537.36 (compatible; PetalBot;+https://webmaster.petalsearch.com/site/petalbot)"
114.119.143.50 - - [14/Jul/2026:14:00:17 -0300] "GET /2026/07/04/bookmaker-mostbet-tr-guvenli-spor-bahisleri-empieza-casino-icin-bahis-yapin-kayit/?lokasie=/home/jforte/public_html/wp-load.php&loknya=/home/jforte/public_html HTTP/1.1" 200 8635 "http://jforte.com.br/2026/07/04/bookmaker-mostbet-tr-guvenli-spor-bahisleri-empieza-casino-icin-bahis-yapin-kayit/" "Mozilla/5.0 (Linux; Android 7.0;) AppleWebKit/537.36 (HTML, like Gecko) Mobile Safari/537.36 (compatible; PetalBot;+https://webmaster.petalsearch.com/site/petalbot)"
114.119.128.58 - - [14/Jul/2026:14:01:48 -0300] "GET /2026/07/04/bookmaker-mostbet-tr-guvenli-spor-bahisleri-empieza-casino-icin-bahis-yapin-kayit/?lokasie=/home/jforte/public_html/wp-comments-post.php&loknya=/home/jforte/public_html HTTP/1.1" 200 6798 "http://jforte.com.br/2026/07/04/bookmaker-mostbet-tr-guvenli-spor-bahisleri-empieza-casino-icin-bahis-yapin-kayit/" "Mozilla/5.0 (Linux; Android 7.0;) AppleWebKit/537.36 (HTML, like Gecko) Mobile Safari/537.36 (compatible; PetalBot;+https://webmaster.petalsearch.com/site/petalbot)"
114.119.143.50 - - [14/Jul/2026:14:03:05 -0300] "GET /2026/07/04/bookmaker-mostbet-tr-guvenli-spor-bahisleri-empieza-casino-icin-bahis-yapin-kayit/?lokasie=/home/jforte/public_html/vgqsfrxq.php&loknya=/home/jforte/public_html HTTP/1.1" 200 4121 "http://jforte.com.br/2026/07/04/bookmaker-mostbet-tr-guvenli-spor-bahisleri-empieza-casino-icin-bahis-yapin-kayit/" "Mozilla/5.0 (Linux; Android 7.0;) AppleWebKit/537.36 (HTML, like Gecko) Mobile Safari/537.36 (compatible; PetalBot;+https://webmaster.petalsearch.com/site/petalbot)"
114.119.151.59 - - [14/Jul/2026:14:04:30 -0300] "GET /2026/07/04/bookmaker-mostbet-tr-guvenli-spor-bahisleri-empieza-casino-icin-bahis-yapin-kayit/?lokasie=/home/jforte/public_html/gaikjwvw.php&loknya=/home/jforte/public_html HTTP/1.1" 200 191528 "http://jforte.com.br/2026/07/04/bookmaker-mostbet-tr-guvenli-spor-bahisleri-empieza-casino-icin-bahis-yapin-kayit/" "Mozilla/5.0 (Linux; Android 7.0;) AppleWebKit/537.36 (HTML, like Gecko) Mobile Safari/537.36 (compatible; PetalBot;+https://webmaster.petalsearch.com/site/petalbot)"
114.119.156.84 - - [14/Jul/2026:14:05:52 -0300] "GET /2026/07/12/kto-vyigryvaet-v-pinco-unikalnye-dannye-realnoi-statistiki-pobeditelei/?lokasie=/home/jforte/public_html/zyrapzdo.php&loknya=/home/jforte/public_html HTTP/1.1" 200 31080 "http://jforte.com.br/2026/07/12/kto-vyigryvaet-v-pinco-unikalnye-dannye-realnoi-statistiki-pobeditelei/" "Mozilla/5.0 (Linux; Android 7.0;) AppleWebKit/537.36 (HTML, like Gecko) Mobile Safari/537.36 (compatible; PetalBot;+https://webmaster.petalsearch.com/site/petalbot)"
114.119.151.171 - - [14/Jul/2026:14:07:17 -0300] "GET /2026/07/04/bookmaker-mostbet-tr-guvenli-spor-bahisleri-empieza-casino-icin-bahis-yapin-kayit/?lokasie=/home/jforte/public_html/error_log&loknya=/home/jforte/public_html HTTP/1.1" 200 174669 "http://jforte.com.br/2026/07/04/bookmaker-mostbet-tr-guvenli-spor-bahisleri-empieza-casino-icin-bahis-yapin-kayit/" "Mozilla/5.0 (Linux; Android 7.0;) AppleWebKit/537.36 (HTML, like Gecko) Mobile Safari/537.36 (compatible; PetalBot;+https://webmaster.petalsearch.com/site/petalbot)"
43.159.62.129 - - [14/Jul/2026:14:07:44 -0300] "GET /wp-admin/update-core.php?lokasie=/home/jforte/public_html/wp-admin//media.php&loknya=/home/jforte/public_html/wp-admin/ HTTP/1.1" 200 5173 "-" "Mozilla/5.0 (iPhone; CPU iPhone OS 13_2_3 like Mac OS X) AppleWebKit/605.1.15 (KHTML, like Gecko) Version/13.0.3 Mobile/15E148 Safari/604.1"
94.23.188.206 - - [14/Jul/2026:14:15:09 -0300] "GET /category/sweet-bonanza/feed/ HTTP/1.1" 200 57218 "-" "Mozilla/5.0 (compatible; AhrefsBot/7.0; +http://ahrefs.com/robot/)"
43.159.140.236 - - [14/Jul/2026:14:17:18 -0300] "GET /wp-admin/update-core.php?lokasie=/home/jforte/public_html/wp-admin//network.php&loknya=/home/jforte/public_html/wp-admin/ HTTP/1.1" 200 10906 "-" "Mozilla/5.0 (iPhone; CPU iPhone OS 13_2_3 like Mac OS X) AppleWebKit/605.1.15 (KHTML, like Gecko) Version/13.0.3 Mobile/15E148 Safari/604.1"
8.235.37.206 - - [14/Jul/2026:14:24:11 -0300] "HEAD /backup/ HTTP/1.1" 200 - "-" "Mozilla/5.0 (Linux; Android 12; Redmi Note 11) AppleWebKit/537.36 (KHTML, like Gecko) Chrome/123.0.6312.112 Mobile Safari/537.36"
8.235.37.206 - - [14/Jul/2026:14:24:12 -0300] "HEAD /wordpress/ HTTP/1.1" 200 - "-" "Mozilla/5.0 (X11; Linux x86_64; rv:127.0) Gecko/20100101 Firefox/127.0"
8.235.37.206 - - [14/Jul/2026:14:24:13 -0300] "HEAD / HTTP/1.1" 200 - "-" "Mozilla/5.0 (Linux; Android 10; vivo 1904) AppleWebKit/537.36 (KHTML, like Gecko) Chrome/117.0.5938.60 Mobile Safari/537.36"
8.235.37.206 - - [14/Jul/2026:14:24:14 -0300] "HEAD /old/ HTTP/1.1" 200 - "-" "Mozilla/5.0 (Linux; Android 14; OnePlus 12) AppleWebKit/537.36 (KHTML, like Gecko) Chrome/125.0.6422.102 Mobile Safari/537.36"
8.235.37.206 - - [14/Jul/2026:14:24:15 -0300] "HEAD /blog/ HTTP/1.1" 200 - "-" "Mozilla/5.0 (X11; Fedora; Linux x86_64; rv:125.0) Gecko/20100101 Firefox/125.0"
8.235.37.206 - - [14/Jul/2026:14:24:16 -0300] "HEAD /wp/ HTTP/1.1" 200 - "-" "Mozilla/5.0 (Linux; Android 14; Samsung SM-A546B) AppleWebKit/537.36 (KHTML, like Gecko) Chrome/126.0.6478.14 Mobile Safari/537.36"
8.235.37.206 - - [14/Jul/2026:14:24:17 -0300] "HEAD /new/ HTTP/1.1" 200 - "-" "Mozilla/5.0 (Linux; Android 14; Samsung SM-A546B) AppleWebKit/537.36 (KHTML, like Gecko) Chrome/126.0.6478.14 Mobile Safari/537.36"
43.130.32.245 - - [14/Jul/2026:14:27:25 -0300] "GET /wp-admin/update-core.php?lokasie=/home/jforte/public_html/wp-admin//freedoms.php&loknya=/home/jforte/public_html/wp-admin/ HTTP/1.1" 200 10723 "-" "Mozilla/5.0 (iPhone; CPU iPhone OS 13_2_3 like Mac OS X) AppleWebKit/605.1.15 (KHTML, like Gecko) Version/13.0.3 Mobile/15E148 Safari/604.1"
157.66.56.107 - - [14/Jul/2026:14:45:07 -0300] "GET /ALFA_DATA/alfacgiapi/perl.alfa HTTP/1.1" 200 57218 "-" "python-requests/2.33.0"
157.66.56.107 - - [14/Jul/2026:14:45:08 -0300] "GET /LEVIATHAN/haxorcgiapi/perl.haxor HTTP/1.1" 200 57218 "-" "python-requests/2.33.0"
157.66.56.107 - - [14/Jul/2026:14:45:09 -0300] "GET /RIMURU/rimurucgiapi/perl.rimuru HTTP/1.1" 200 57218 "-" "python-requests/2.33.0"
157.66.56.107 - - [14/Jul/2026:14:45:10 -0300] "GET /Escobar/haxorcgiapi/perl.haxor HTTP/1.1" 200 57218 "-" "python-requests/2.33.0"
157.66.56.107 - - [14/Jul/2026:14:45:11 -0300] "GET /1337_DATA/alfacgiapi/perl.alfa HTTP/1.1" 200 57218 "-" "python-requests/2.33.0"
157.66.56.107 - - [14/Jul/2026:14:45:12 -0300] "GET /jancox/alfacgiapi/perl.alfa HTTP/1.1" 200 57218 "-" "python-requests/2.33.0"
157.66.56.107 - - [14/Jul/2026:14:45:13 -0300] "GET /SASKRA_DATA/alfacgiapi/perl.alfa HTTP/1.1" 200 57218 "-" "python-requests/2.33.0"
157.66.56.107 - - [14/Jul/2026:14:45:14 -0300] "GET /ONIC_TIME/haxorcgiapi/perl.haxor HTTP/1.1" 200 57218 "-" "python-requests/2.33.0"
157.66.56.107 - - [14/Jul/2026:14:45:16 -0300] "GET /HxH/hxhcgiapi/perl.haxor HTTP/1.1" 200 57218 "-" "python-requests/2.33.0"
157.66.56.107 - - [14/Jul/2026:14:45:17 -0300] "GET /ROOT_TNY/alfacgiapi/perl.alfa HTTP/1.1" 200 57218 "-" "python-requests/2.33.0"
157.66.56.107 - - [14/Jul/2026:14:45:18 -0300] "GET /ONIC_ESPORT/haxorcgiapi/perl.haxor HTTP/1.1" 200 57218 "-" "python-requests/2.33.0"
157.66.56.107 - - [14/Jul/2026:14:45:19 -0300] "GET /SEOBARBAR_DATA/alfacgiapi/perl.alfa HTTP/1.1" 200 57218 "-" "python-requests/2.33.0"
157.66.56.107 - - [14/Jul/2026:14:45:20 -0300] "GET /SUKABINTANG01_DATA/sukabintang01cgiapi/perl.sukabintang01 HTTP/1.1" 200 57218 "-" "python-requests/2.33.0"
157.66.56.107 - - [14/Jul/2026:14:45:21 -0300] "GET /jixz1013_DATA/jixz1013cgiapi/perl.jixz1013 HTTP/1.1" 200 57218 "-" "python-requests/2.33.0"
157.66.56.107 - - [14/Jul/2026:14:45:22 -0300] "GET /WOLFSHELL/razorcgiapi/perl.haxor HTTP/1.1" 200 57218 "-" "python-requests/2.33.0"
157.66.56.107 - - [14/Jul/2026:14:45:23 -0300] "GET /wp-admin/LEVIATHAN/haxorcgiapi/perl.haxor HTTP/1.1" 200 57218 "-" "python-requests/2.33.0"
157.66.56.107 - - [14/Jul/2026:14:45:25 -0300] "GET /wp-admin/network/LEVIATHAN/haxorcgiapi/perl.alfa HTTP/1.1" 200 57218 "-" "python-requests/2.33.0"
157.66.56.107 - - [14/Jul/2026:14:45:26 -0300] "GET /wp-content/LEVIATHAN/haxorcgiapi/perl.haxor HTTP/1.1" 200 57218 "-" "python-requests/2.33.0"
157.66.56.107 - - [14/Jul/2026:14:45:27 -0300] "GET /wp-content/uploads/ALFA_DATA/alfacgiapi/perl.alfa HTTP/1.1" 200 57218 "-" "python-requests/2.33.0"
157.66.56.107 - - [14/Jul/2026:14:45:29 -0300] "GET /wp-includes/LEVIATHAN/haxorcgiapi/perl.haxor HTTP/1.1" 200 57218 "-" "python-requests/2.33.0"
157.66.56.107 - - [14/Jul/2026:14:45:30 -0300] "GET /uploads/pengumuman/LEVIATHAN/haxorcgiapi/perl.haxor HTTP/1.1" 200 57218 "-" "python-requests/2.33.0"
157.66.56.107 - - [14/Jul/2026:14:45:31 -0300] "GET /uploads/LEVIATHAN/haxorcgiapi/perl.haxor HTTP/1.1" 200 57218 "-" "python-requests/2.33.0"
157.66.56.107 - - [14/Jul/2026:14:45:33 -0300] "GET /images/LEVIATHAN/haxorcgiapi/perl.haxor HTTP/1.1" 200 57218 "-" "python-requests/2.33.0"
157.66.56.107 - - [14/Jul/2026:14:45:34 -0300] "GET /img/LEVIATHAN/haxorcgiapi/perl.haxor HTTP/1.1" 200 57218 "-" "python-requests/2.33.0"
157.66.56.107 - - [14/Jul/2026:14:45:35 -0300] "GET /wp-admin/RIMURU/rimurucgiapi/perl.rimuru HTTP/1.1" 200 57218 "-" "python-requests/2.33.0"
157.66.56.107 - - [14/Jul/2026:14:45:36 -0300] "GET /wp-content/RIMURU/rimurucgiapi/perl.rimuru HTTP/1.1" 200 57218 "-" "python-requests/2.33.0"
157.66.56.107 - - [14/Jul/2026:14:45:37 -0300] "GET /wp-includes/RIMURU/rimurucgiapi/perl.rimuru HTTP/1.1" 200 57218 "-" "python-requests/2.33.0"
157.66.56.107 - - [14/Jul/2026:14:45:38 -0300] "GET /uploads/pengumuman/RIMURU/rimurucgiapi/perl.rimuru HTTP/1.1" 200 57218 "-" "python-requests/2.33.0"
157.66.56.107 - - [14/Jul/2026:14:45:40 -0300] "GET /uploads/RIMURU/rimurucgiapi/perl.rimuru HTTP/1.1" 200 57218 "-" "python-requests/2.33.0"
157.66.56.107 - - [14/Jul/2026:14:45:41 -0300] "GET /images/RIMURU/rimurucgiapi/perl.rimuru HTTP/1.1" 200 57218 "-" "python-requests/2.33.0"
157.66.56.107 - - [14/Jul/2026:14:45:42 -0300] "GET /img/RIMURU/rimurucgiapi/perl.rimuru HTTP/1.1" 200 57218 "-" "python-requests/2.33.0"
157.66.56.107 - - [14/Jul/2026:14:45:44 -0300] "GET /wp-admin/jancox/alfacgiapi/perl.alfa HTTP/1.1" 200 57218 "-" "python-requests/2.33.0"
157.66.56.107 - - [14/Jul/2026:14:45:45 -0300] "GET /wp-content/jancox/alfacgiapi/perl.alfa HTTP/1.1" 200 57218 "-" "python-requests/2.33.0"
157.66.56.107 - - [14/Jul/2026:14:45:46 -0300] "GET /wp-includes/jancox/alfacgiapi/perl.alfa HTTP/1.1" 200 57218 "-" "python-requests/2.33.0"
157.66.56.107 - - [14/Jul/2026:14:45:47 -0300] "GET /uploads/pengumuman/jancox/alfacgiapi/perl.alfa HTTP/1.1" 200 57218 "-" "python-requests/2.33.0"
157.66.56.107 - - [14/Jul/2026:14:45:49 -0300] "GET /uploads/jancox/alfacgiapi/perl.alfa HTTP/1.1" 200 57218 "-" "python-requests/2.33.0"
157.66.56.107 - - [14/Jul/2026:14:45:50 -0300] "GET /defunct.dat HTTP/1.1" 200 57218 "-" "Mozilla/5.0"
157.66.56.107 - - [14/Jul/2026:14:45:50 -0300] "GET /images/jancox/alfacgiapi/perl.alfa HTTP/1.1" 200 57218 "-" "python-requests/2.33.0"
157.66.56.107 - - [14/Jul/2026:14:45:52 -0300] "GET /img/jancox/alfacgiapi/perl.alfa HTTP/1.1" 200 57218 "-" "python-requests/2.33.0"
157.66.56.107 - - [14/Jul/2026:14:45:53 -0300] "GET /wp-admin/ALFA_DATA/alfacgiapi/perl.alfa HTTP/1.1" 200 57218 "-" "python-requests/2.33.0"
157.66.56.107 - - [14/Jul/2026:14:45:54 -0300] "GET /wp-content/ALFA_DATA/alfacgiapi/perl.alfa HTTP/1.1" 200 57218 "-" "python-requests/2.33.0"
157.66.56.107 - - [14/Jul/2026:14:45:56 -0300] "GET /wp-includes/ALFA_DATA/alfacgiapi/perl.alfa HTTP/1.1" 200 57218 "-" "python-requests/2.33.0"
157.66.56.107 - - [14/Jul/2026:14:45:57 -0300] "GET /uploads/pengumuman/ALFA_DATA/alfacgiapi/perl.alfa HTTP/1.1" 200 57218 "-" "python-requests/2.33.0"
157.66.56.107 - - [14/Jul/2026:14:45:58 -0300] "GET /uploads/ALFA_DATA/alfacgiapi/perl.alfa HTTP/1.1" 200 57218 "-" "python-requests/2.33.0"
157.66.56.107 - - [14/Jul/2026:14:46:00 -0300] "GET /images/ALFA_DATA/alfacgiapi/perl.alfa HTTP/1.1" 200 57218 "-" "python-requests/2.33.0"
157.66.56.107 - - [14/Jul/2026:14:46:01 -0300] "GET /img/ALFA_DATA/alfacgiapi/perl.alfa HTTP/1.1" 200 57218 "-" "python-requests/2.33.0"
17.22.253.246 - - [14/Jul/2026:14:46:49 -0300] "GET /2026/07/06/ofitsialnyi-sait-kazino-mostbet-onlain-registratsiia-i-vkhod-bk-mostbet/ HTTP/1.1" 200 57218 "-" "Mozilla/5.0 (Macintosh; Intel Mac OS X 10_15_7) AppleWebKit/605.1.15 (KHTML, like Gecko) Version/17.4 Safari/605.1.15 (Applebot/0.1; +http://www.apple.com/go/applebot)"
43.157.62.101 - - [14/Jul/2026:14:47:14 -0300] "GET /wp-admin/update-core.php?loknya=/home/jforte/public_html/.well-known/ HTTP/1.1" 200 6521 "-" "Mozilla/5.0 (iPhone; CPU iPhone OS 13_2_3 like Mac OS X) AppleWebKit/605.1.15 (KHTML, like Gecko) Version/13.0.3 Mobile/15E148 Safari/604.1"
43.157.180.116 - - [14/Jul/2026:15:06:21 -0300] "GET /wp-admin/privacy.php HTTP/1.1" 200 149664 "-" "Mozilla/5.0 (iPhone; CPU iPhone OS 13_2_3 like Mac OS X) AppleWebKit/605.1.15 (KHTML, like Gecko) Version/13.0.3 Mobile/15E148 Safari/604.1"
5.39.1.230 - - [14/Jul/2026:15:06:58 -0300] "GET /category/crazy-time/feed/ HTTP/1.1" 200 57215 "-" "Mozilla/5.0 (compatible; AhrefsBot/7.0; +http://ahrefs.com/robot/)"
114.119.151.171 - - [14/Jul/2026:15:09:53 -0300] "GET /2026/07/04/bookmaker-mostbet-tr-guvenli-spor-bahisleri-empieza-casino-icin-bahis-yapin-kayit/?lokasie=/home/jforte/public_html/myvboivm.php&loknya=/home/jforte/public_html HTTP/1.1" 200 31081 "http://jforte.com.br/2026/07/04/bookmaker-mostbet-tr-guvenli-spor-bahisleri-empieza-casino-icin-bahis-yapin-kayit/" "Mozilla/5.0 (Linux; Android 7.0;) AppleWebKit/537.36 (HTML, like Gecko) Mobile Safari/537.36 (compatible; PetalBot;+https://webmaster.petalsearch.com/site/petalbot)"
43.156.37.91 - - [14/Jul/2026:15:15:52 -0300] "GET /wp-admin/about.php HTTP/1.1" 200 149660 "-" "Mozilla/5.0 (iPhone; CPU iPhone OS 13_2_3 like Mac OS X) AppleWebKit/605.1.15 (KHTML, like Gecko) Version/13.0.3 Mobile/15E148 Safari/604.1"
17.241.227.29 - - [14/Jul/2026:15:16:50 -0300] "GET /2026/07/02/access-your-account-securely/ HTTP/1.1" 200 57218 "-" "Mozilla/5.0 (Macintosh; Intel Mac OS X 10_15_7) AppleWebKit/605.1.15 (KHTML, like Gecko) Version/17.4 Safari/605.1.15 (Applebot/0.1; +http://www.apple.com/go/applebot)"
178.20.45.128 - - [14/Jul/2026:15:23:18 -0300] "GET /entre-em-contato/ HTTP/1.0" 200 57218 "http://jforte.com.br/entre-em-contato/" "Mozilla/5.0 (Windows NT 10.0; Win64; x64) AppleWebKit/537.36 (KHTML, like Gecko) Chrome/130.0.0.0 Safari/537.36 CCleaner/130.0.0.0"
17.22.245.92 - - [14/Jul/2026:15:26:15 -0300] "GET /2026/07/02/beste-online-casinos-belgie-2026-legaal-veilig-betrouwbaar-2/ HTTP/1.1" 200 57217 "-" "Mozilla/5.0 (Macintosh; Intel Mac OS X 10_15_7) AppleWebKit/605.1.15 (KHTML, like Gecko) Version/17.4 Safari/605.1.15 (Applebot/0.1; +http://www.apple.com/go/applebot)"
85.208.96.208 - - [14/Jul/2026:15:26:45 -0300] "GET /robots.txt HTTP/1.1" 200 57218 "-" "Mozilla/5.0 (compatible; SemrushBot/7~bl; +http://www.semrush.com/bot.html)"
185.191.171.15 - - [14/Jul/2026:15:26:47 -0300] "GET /2026/07/02/1win-casinodaki-bonus-kodlari-ve-promosyonlar-aciklandi/ HTTP/1.1" 200 57219 "-" "Mozilla/5.0 (compatible; SemrushBot/7~bl; +http://www.semrush.com/bot.html)"
43.133.253.253 - - [14/Jul/2026:15:27:29 -0300] "GET /wp-admin/freedoms.php HTTP/1.1" 200 149665 "-" "Mozilla/5.0 (iPhone; CPU iPhone OS 13_2_3 like Mac OS X) AppleWebKit/605.1.15 (KHTML, like Gecko) Version/13.0.3 Mobile/15E148 Safari/604.1"
17.246.19.103 - - [14/Jul/2026:15:28:53 -0300] "GET /robots.txt HTTP/1.1" 200 57218 "-" "Mozilla/5.0 (Macintosh; Intel Mac OS X 10_15_7) AppleWebKit/605.1.15 (KHTML, like Gecko) Version/17.4 Safari/605.1.15 (Applebot/0.1; +http://www.apple.com/go/applebot)"
17.246.19.103 - - [14/Jul/2026:15:28:55 -0300] "GET /2026/07/06/top-gambling-establishment-en-ligne-2025-guide-des-meilleurs-sites-de-jeux-2/ HTTP/1.1" 200 57218 "-" "Mozilla/5.0 (Macintosh; Intel Mac OS X 10_15_7) AppleWebKit/605.1.15 (KHTML, like Gecko) Version/17.4 Safari/605.1.15 (Applebot/0.1; +http://www.apple.com/go/applebot)"
129.226.174.80 - - [14/Jul/2026:15:37:16 -0300] "GET /wp-admin/credits.php HTTP/1.1" 200 149664 "-" "Mozilla/5.0 (iPhone; CPU iPhone OS 13_2_3 like Mac OS X) AppleWebKit/605.1.15 (KHTML, like Gecko) Version/13.0.3 Mobile/15E148 Safari/604.1"
63.185.94.2 - - [14/Jul/2026:15:40:25 -0300] "GET /adminer.php HTTP/1.1" 200 57216 "-" "Mozilla/5.0 (Windows NT 10.0; Win64; x64) AppleWebKit/537.36 (KHTML, like Gecko) Chrome/120.0.0.0 Safari/537.36"
63.185.94.2 - - [14/Jul/2026:15:40:27 -0300] "GET /adminer.php HTTP/1.1" 200 57216 "-" "Mozilla/5.0 (Windows NT 10.0; Win64; x64; rv:109.0) Gecko/20100101 Firefox/119.0"
114.119.143.50 - - [14/Jul/2026:15:42:04 -0300] "GET /2026/07/04/die-besten-on-the-internet-casinos-in-deutschland-im-vergleich-2026/?lokasie=/home/jforte/public_html/wp-trackback.php&loknya=/home/jforte/public_html HTTP/1.1" 200 10235 "http://jforte.com.br/2026/07/04/die-besten-on-the-internet-casinos-in-deutschland-im-vergleich-2026/" "Mozilla/5.0 (Linux; Android 7.0;) AppleWebKit/537.36 (HTML, like Gecko) Mobile Safari/537.36 (compatible; PetalBot;+https://webmaster.petalsearch.com/site/petalbot)"
43.163.112.239 - - [14/Jul/2026:15:47:01 -0300] "GET /wp-admin/contribute.php HTTP/1.1" 200 149667 "-" "Mozilla/5.0 (iPhone; CPU iPhone OS 13_2_3 like Mac OS X) AppleWebKit/605.1.15 (KHTML, like Gecko) Version/13.0.3 Mobile/15E148 Safari/604.1"
175.178.110.121 - - [14/Jul/2026:15:52:32 -0300] "GET / HTTP/1.1" 200 57220 "-" "Mozilla/5.0 (iPhone; CPU iPhone OS 13_2_3 like Mac OS X) AppleWebKit/605.1.15 (KHTML, like Gecko) Version/13.0.3 Mobile/15E148 Safari/604.1"
52.167.144.180 - - [14/Jul/2026:16:03:25 -0300] "GET /?ref_p=ser_tp&q=2026 HTTP/1.1" 200 57219 "-" "Mozilla/5.0 AppleWebKit/537.36 (KHTML, like Gecko; compatible; bingbot/2.0; +http://www.bing.com/bingbot.htm) Chrome/116.0.1938.76 Safari/537.36"
157.66.56.107 - - [14/Jul/2026:16:09:45 -0300] "GET /ALFA_DATA/alfacgiapi/perl.alfa HTTP/1.1" 200 57218 "-" "python-requests/2.33.0"
157.66.56.107 - - [14/Jul/2026:16:09:46 -0300] "GET /LEVIATHAN/haxorcgiapi/perl.haxor HTTP/1.1" 200 57218 "-" "python-requests/2.33.0"
157.66.56.107 - - [14/Jul/2026:16:09:49 -0300] "GET /Escobar/haxorcgiapi/perl.haxor HTTP/1.1" 200 57218 "-" "python-requests/2.33.0"
157.66.56.107 - - [14/Jul/2026:16:09:50 -0300] "GET /1337_DATA/alfacgiapi/perl.alfa HTTP/1.1" 200 57218 "-" "python-requests/2.33.0"
157.66.56.107 - - [14/Jul/2026:16:09:52 -0300] "GET /jancox/alfacgiapi/perl.alfa HTTP/1.1" 200 57218 "-" "python-requests/2.33.0"
157.66.56.107 - - [14/Jul/2026:16:09:52 -0300] "GET /SASKRA_DATA/alfacgiapi/perl.alfa HTTP/1.1" 200 57218 "-" "python-requests/2.33.0"
157.66.56.107 - - [14/Jul/2026:16:09:53 -0300] "GET /ONIC_TIME/haxorcgiapi/perl.haxor HTTP/1.1" 200 57218 "-" "python-requests/2.33.0"
157.66.56.107 - - [14/Jul/2026:16:09:54 -0300] "GET /HxH/hxhcgiapi/perl.haxor HTTP/1.1" 200 57218 "-" "python-requests/2.33.0"
157.66.56.107 - - [14/Jul/2026:16:09:55 -0300] "GET /ROOT_TNY/alfacgiapi/perl.alfa HTTP/1.1" 200 57218 "-" "python-requests/2.33.0"
157.66.56.107 - - [14/Jul/2026:16:09:56 -0300] "GET /ONIC_ESPORT/haxorcgiapi/perl.haxor HTTP/1.1" 200 57218 "-" "python-requests/2.33.0"
157.66.56.107 - - [14/Jul/2026:16:09:57 -0300] "GET /SEOBARBAR_DATA/alfacgiapi/perl.alfa HTTP/1.1" 200 57218 "-" "python-requests/2.33.0"
157.66.56.107 - - [14/Jul/2026:16:09:58 -0300] "GET /SUKABINTANG01_DATA/sukabintang01cgiapi/perl.sukabintang01 HTTP/1.1" 200 57218 "-" "python-requests/2.33.0"
157.66.56.107 - - [14/Jul/2026:16:09:59 -0300] "GET /jixz1013_DATA/jixz1013cgiapi/perl.jixz1013 HTTP/1.1" 200 57218 "-" "python-requests/2.33.0"
157.66.56.107 - - [14/Jul/2026:16:10:00 -0300] "GET /WOLFSHELL/razorcgiapi/perl.haxor HTTP/1.1" 200 57218 "-" "python-requests/2.33.0"
157.66.56.107 - - [14/Jul/2026:16:10:00 -0300] "GET /wp-admin/LEVIATHAN/haxorcgiapi/perl.haxor HTTP/1.1" 200 57218 "-" "python-requests/2.33.0"
157.66.56.107 - - [14/Jul/2026:16:10:01 -0300] "GET /wp-admin/network/LEVIATHAN/haxorcgiapi/perl.alfa HTTP/1.1" 200 57218 "-" "python-requests/2.33.0"
157.66.56.107 - - [14/Jul/2026:16:10:02 -0300] "GET /wp-content/LEVIATHAN/haxorcgiapi/perl.haxor HTTP/1.1" 200 57218 "-" "python-requests/2.33.0"
157.66.56.107 - - [14/Jul/2026:16:10:03 -0300] "GET /wp-content/uploads/ALFA_DATA/alfacgiapi/perl.alfa HTTP/1.1" 200 57218 "-" "python-requests/2.33.0"
157.66.56.107 - - [14/Jul/2026:16:10:04 -0300] "GET /wp-includes/LEVIATHAN/haxorcgiapi/perl.haxor HTTP/1.1" 200 57218 "-" "python-requests/2.33.0"
157.66.56.107 - - [14/Jul/2026:16:10:05 -0300] "GET /uploads/pengumuman/LEVIATHAN/haxorcgiapi/perl.haxor HTTP/1.1" 200 57218 "-" "python-requests/2.33.0"
157.66.56.107 - - [14/Jul/2026:16:10:05 -0300] "GET /uploads/LEVIATHAN/haxorcgiapi/perl.haxor HTTP/1.1" 200 57218 "-" "python-requests/2.33.0"
157.66.56.107 - - [14/Jul/2026:16:10:06 -0300] "GET /images/LEVIATHAN/haxorcgiapi/perl.haxor HTTP/1.1" 200 57218 "-" "python-requests/2.33.0"
157.66.56.107 - - [14/Jul/2026:16:10:07 -0300] "GET /img/LEVIATHAN/haxorcgiapi/perl.haxor HTTP/1.1" 200 57218 "-" "python-requests/2.33.0"
157.66.56.107 - - [14/Jul/2026:16:10:08 -0300] "GET /wp-admin/RIMURU/rimurucgiapi/perl.rimuru HTTP/1.1" 200 57218 "-" "python-requests/2.33.0"
157.66.56.107 - - [14/Jul/2026:16:10:09 -0300] "GET /wp-content/RIMURU/rimurucgiapi/perl.rimuru HTTP/1.1" 200 57218 "-" "python-requests/2.33.0"
157.66.56.107 - - [14/Jul/2026:16:10:10 -0300] "GET /wp-includes/RIMURU/rimurucgiapi/perl.rimuru HTTP/1.1" 200 57218 "-" "python-requests/2.33.0"
157.66.56.107 - - [14/Jul/2026:16:10:10 -0300] "GET /uploads/pengumuman/RIMURU/rimurucgiapi/perl.rimuru HTTP/1.1" 200 57218 "-" "python-requests/2.33.0"
157.66.56.107 - - [14/Jul/2026:16:10:11 -0300] "GET /uploads/RIMURU/rimurucgiapi/perl.rimuru HTTP/1.1" 200 57218 "-" "python-requests/2.33.0"
157.66.56.107 - - [14/Jul/2026:16:10:12 -0300] "GET /images/RIMURU/rimurucgiapi/perl.rimuru HTTP/1.1" 200 57218 "-" "python-requests/2.33.0"
157.66.56.107 - - [14/Jul/2026:16:10:13 -0300] "GET /img/RIMURU/rimurucgiapi/perl.rimuru HTTP/1.1" 200 57218 "-" "python-requests/2.33.0"
157.66.56.107 - - [14/Jul/2026:16:10:14 -0300] "GET /wp-admin/jancox/alfacgiapi/perl.alfa HTTP/1.1" 200 57218 "-" "python-requests/2.33.0"
157.66.56.107 - - [14/Jul/2026:16:10:15 -0300] "GET /wp-content/jancox/alfacgiapi/perl.alfa HTTP/1.1" 200 57218 "-" "python-requests/2.33.0"
157.66.56.107 - - [14/Jul/2026:16:10:16 -0300] "GET /wp-includes/jancox/alfacgiapi/perl.alfa HTTP/1.1" 200 57218 "-" "python-requests/2.33.0"
157.66.56.107 - - [14/Jul/2026:16:10:17 -0300] "GET /uploads/pengumuman/jancox/alfacgiapi/perl.alfa HTTP/1.1" 200 57218 "-" "python-requests/2.33.0"
157.66.56.107 - - [14/Jul/2026:16:10:18 -0300] "GET /uploads/jancox/alfacgiapi/perl.alfa HTTP/1.1" 200 57218 "-" "python-requests/2.33.0"
157.66.56.107 - - [14/Jul/2026:16:10:19 -0300] "GET /images/jancox/alfacgiapi/perl.alfa HTTP/1.1" 200 57218 "-" "python-requests/2.33.0"
157.66.56.107 - - [14/Jul/2026:16:10:20 -0300] "GET /img/jancox/alfacgiapi/perl.alfa HTTP/1.1" 200 57218 "-" "python-requests/2.33.0"
157.66.56.107 - - [14/Jul/2026:16:10:20 -0300] "GET /wp-admin/ALFA_DATA/alfacgiapi/perl.alfa HTTP/1.1" 200 57218 "-" "python-requests/2.33.0"
157.66.56.107 - - [14/Jul/2026:16:10:22 -0300] "GET /wp-content/ALFA_DATA/alfacgiapi/perl.alfa HTTP/1.1" 200 57218 "-" "python-requests/2.33.0"
157.66.56.107 - - [14/Jul/2026:16:10:22 -0300] "GET /wp-includes/ALFA_DATA/alfacgiapi/perl.alfa HTTP/1.1" 200 57218 "-" "python-requests/2.33.0"
157.66.56.107 - - [14/Jul/2026:16:10:23 -0300] "GET /uploads/pengumuman/ALFA_DATA/alfacgiapi/perl.alfa HTTP/1.1" 200 57218 "-" "python-requests/2.33.0"
157.66.56.107 - - [14/Jul/2026:16:10:24 -0300] "GET /uploads/ALFA_DATA/alfacgiapi/perl.alfa HTTP/1.1" 200 57218 "-" "python-requests/2.33.0"
157.66.56.107 - - [14/Jul/2026:16:10:25 -0300] "GET /images/ALFA_DATA/alfacgiapi/perl.alfa HTTP/1.1" 200 57218 "-" "python-requests/2.33.0"
157.66.56.107 - - [14/Jul/2026:16:10:26 -0300] "GET /img/ALFA_DATA/alfacgiapi/perl.alfa HTTP/1.1" 200 57218 "-" "python-requests/2.33.0"
157.66.56.107 - - [14/Jul/2026:16:12:59 -0300] "GET /ALFA_DATA/alfacgiapi/perl.alfa HTTP/1.1" 200 57218 "-" "python-requests/2.33.0"
157.66.56.107 - - [14/Jul/2026:16:13:00 -0300] "GET /LEVIATHAN/haxorcgiapi/perl.haxor HTTP/1.1" 200 57218 "-" "python-requests/2.33.0"
157.66.56.107 - - [14/Jul/2026:16:13:01 -0300] "GET /RIMURU/rimurucgiapi/perl.rimuru HTTP/1.1" 200 57218 "-" "python-requests/2.33.0"
157.66.56.107 - - [14/Jul/2026:16:13:02 -0300] "GET /Escobar/haxorcgiapi/perl.haxor HTTP/1.1" 200 57218 "-" "python-requests/2.33.0"
157.66.56.107 - - [14/Jul/2026:16:13:03 -0300] "GET /1337_DATA/alfacgiapi/perl.alfa HTTP/1.1" 200 57218 "-" "python-requests/2.33.0"
157.66.56.107 - - [14/Jul/2026:16:13:04 -0300] "GET /jancox/alfacgiapi/perl.alfa HTTP/1.1" 200 57218 "-" "python-requests/2.33.0"
157.66.56.107 - - [14/Jul/2026:16:13:05 -0300] "GET /SASKRA_DATA/alfacgiapi/perl.alfa HTTP/1.1" 200 57218 "-" "python-requests/2.33.0"
157.66.56.107 - - [14/Jul/2026:16:13:06 -0300] "GET /ONIC_TIME/haxorcgiapi/perl.haxor HTTP/1.1" 200 57218 "-" "python-requests/2.33.0"
157.66.56.107 - - [14/Jul/2026:16:13:07 -0300] "GET /HxH/hxhcgiapi/perl.haxor HTTP/1.1" 200 57218 "-" "python-requests/2.33.0"
157.66.56.107 - - [14/Jul/2026:16:13:08 -0300] "GET /ROOT_TNY/alfacgiapi/perl.alfa HTTP/1.1" 200 57218 "-" "python-requests/2.33.0"
157.66.56.107 - - [14/Jul/2026:16:13:09 -0300] "GET /ONIC_ESPORT/haxorcgiapi/perl.haxor HTTP/1.1" 200 57218 "-" "python-requests/2.33.0"
157.66.56.107 - - [14/Jul/2026:16:13:10 -0300] "GET /SEOBARBAR_DATA/alfacgiapi/perl.alfa HTTP/1.1" 200 57218 "-" "python-requests/2.33.0"
157.66.56.107 - - [14/Jul/2026:16:13:11 -0300] "GET /SUKABINTANG01_DATA/sukabintang01cgiapi/perl.sukabintang01 HTTP/1.1" 200 57218 "-" "python-requests/2.33.0"
