74.7.227.9 - - [14/Jul/2026:21:16:20 -0300] "GET /index.php?loknya=/proc/138850 HTTP/1.1" 200 72520 "http://jforte.com.br/index.php?loknya=/proc" "Mozilla/5.0 AppleWebKit/537.36 (KHTML, like Gecko; compatible; GPTBot/1.4; +https://openai.com/gptbot)"
74.7.227.9 - - [14/Jul/2026:21:16:21 -0300] "GET /index.php?loknya=/proc/342538 HTTP/1.1" 200 71990 "http://jforte.com.br/index.php?loknya=/proc" "Mozilla/5.0 AppleWebKit/537.36 (KHTML, like Gecko; compatible; GPTBot/1.4; +https://openai.com/gptbot)"
45.130.83.103 - - [14/Jul/2026:21:16:22 -0300] "GET /wp-admin/profile.php HTTP/1.1" 200 149663 "http://jforte.com.br/wp-login.php" "Mozilla/5.0 (X11; Linux x86_64) AppleWebKit/537.36 (KHTML, like Gecko) Chrome/118.0.0.0 Safari/537.36"
74.7.227.9 - - [14/Jul/2026:21:16:23 -0300] "GET /index.php?loknya=/proc/790040 HTTP/1.1" 200 71344 "http://jforte.com.br/index.php?loknya=/proc" "Mozilla/5.0 AppleWebKit/537.36 (KHTML, like Gecko; compatible; GPTBot/1.4; +https://openai.com/gptbot)"
74.7.227.9 - - [14/Jul/2026:21:16:23 -0300] "GET /index.php?lokasie=/sbin/nsec3hash&loknya=/sbin HTTP/1.1" 200 22509 "http://jforte.com.br/index.php?loknya=/sbin" "Mozilla/5.0 AppleWebKit/537.36 (KHTML, like Gecko; compatible; GPTBot/1.4; +https://openai.com/gptbot)"
74.7.227.9 - - [14/Jul/2026:21:16:24 -0300] "GET /index.php?loknya=/proc/33304 HTTP/1.1" 200 71781 "http://jforte.com.br/index.php?loknya=/proc" "Mozilla/5.0 AppleWebKit/537.36 (KHTML, like Gecko; compatible; GPTBot/1.4; +https://openai.com/gptbot)"
74.7.227.9 - - [14/Jul/2026:21:16:25 -0300] "GET /index.php?lokasie=/proc/240260/smaps&loknya=/proc/240260 HTTP/1.1" 200 4037 "http://jforte.com.br/index.php?loknya=/proc/240260" "Mozilla/5.0 AppleWebKit/537.36 (KHTML, like Gecko; compatible; GPTBot/1.4; +https://openai.com/gptbot)"
74.7.227.9 - - [14/Jul/2026:21:16:26 -0300] "GET /index.php?lokasie=/lib64/libmlx4.so.1&loknya=/lib64 HTTP/1.1" 200 86981 "http://jforte.com.br/index.php?loknya=/lib64" "Mozilla/5.0 AppleWebKit/537.36 (KHTML, like Gecko; compatible; GPTBot/1.4; +https://openai.com/gptbot)"
45.130.83.103 - - [14/Jul/2026:21:16:26 -0300] "GET /wp-admin/edit.php HTTP/1.1" 200 149660 "http://jforte.com.br/wp-login.php" "Mozilla/5.0 (X11; Linux x86_64) AppleWebKit/537.36 (KHTML, like Gecko) Chrome/118.0.0.0 Safari/537.36"
74.7.227.9 - - [14/Jul/2026:21:16:27 -0300] "GET /index.php?lokasie=/sbin/mkfs.vfat&loknya=/sbin HTTP/1.1" 200 78862 "http://jforte.com.br/index.php?loknya=/sbin" "Mozilla/5.0 AppleWebKit/537.36 (KHTML, like Gecko; compatible; GPTBot/1.4; +https://openai.com/gptbot)"
74.7.227.9 - - [14/Jul/2026:21:16:28 -0300] "GET /index.php?lokasie=/sbin/semodule&loknya=/sbin HTTP/1.1" 200 44449 "http://jforte.com.br/index.php?loknya=/sbin" "Mozilla/5.0 AppleWebKit/537.36 (KHTML, like Gecko; compatible; GPTBot/1.4; +https://openai.com/gptbot)"
74.7.227.9 - - [14/Jul/2026:21:16:29 -0300] "GET /index.php?lokasie=/proc/240260/personality&loknya=/proc/240260 HTTP/1.1" 200 4043 "http://jforte.com.br/index.php?loknya=/proc/240260" "Mozilla/5.0 AppleWebKit/537.36 (KHTML, like Gecko; compatible; GPTBot/1.4; +https://openai.com/gptbot)"
74.7.227.9 - - [14/Jul/2026:21:16:30 -0300] "GET /index.php?loknya=/proc/1990 HTTP/1.1" 200 70830 "http://jforte.com.br/index.php?loknya=/proc" "Mozilla/5.0 AppleWebKit/537.36 (KHTML, like Gecko; compatible; GPTBot/1.4; +https://openai.com/gptbot)"
45.130.83.103 - - [14/Jul/2026:21:16:31 -0300] "GET /wp-admin/plugins.php HTTP/1.1" 200 149663 "http://jforte.com.br/wp-login.php" "Mozilla/5.0 (X11; Linux x86_64) AppleWebKit/537.36 (KHTML, like Gecko) Chrome/118.0.0.0 Safari/537.36"
74.7.227.9 - - [14/Jul/2026:21:16:31 -0300] "GET /index.php?loknya=/proc/1713 HTTP/1.1" 200 70830 "http://jforte.com.br/index.php?loknya=/proc" "Mozilla/5.0 AppleWebKit/537.36 (KHTML, like Gecko; compatible; GPTBot/1.4; +https://openai.com/gptbot)"
45.130.83.103 - - [14/Jul/2026:21:16:32 -0300] "POST /wp-login.php HTTP/1.1" 200 62780 "http://jforte.com.br/wp-login.php" "Mozilla/5.0 (Windows NT 11.0; Win64; x64) AppleWebKit/537.36 (KHTML, like Gecko) Chrome/118.0.0.0 Safari/537.36"
74.7.227.9 - - [14/Jul/2026:21:16:32 -0300] "GET /index.php?loknya=/proc/1686 HTTP/1.1" 200 70830 "http://jforte.com.br/index.php?loknya=/proc" "Mozilla/5.0 AppleWebKit/537.36 (KHTML, like Gecko; compatible; GPTBot/1.4; +https://openai.com/gptbot)"
74.7.227.9 - - [14/Jul/2026:21:16:34 -0300] "GET /index.php?lokasie=/proc/790040/auxv&loknya=/proc/790040 HTTP/1.1" 200 4036 "http://jforte.com.br/index.php?loknya=/proc/790040" "Mozilla/5.0 AppleWebKit/537.36 (KHTML, like Gecko; compatible; GPTBot/1.4; +https://openai.com/gptbot)"
45.130.83.103 - - [14/Jul/2026:21:16:34 -0300] "GET /wp-admin/index.php HTTP/1.1" 200 149661 "http://jforte.com.br/wp-login.php" "Mozilla/5.0 (Macintosh; Intel Mac OS X 13_6_1) AppleWebKit/537.36 (KHTML, like Gecko) Chrome/121.0.0.0 Safari/537.36"
74.7.227.9 - - [14/Jul/2026:21:16:34 -0300] "GET /index.php?lokasie=/proc/790040/arch_status&loknya=/proc/790040 HTTP/1.1" 200 4066 "http://jforte.com.br/index.php?loknya=/proc/790040" "Mozilla/5.0 AppleWebKit/537.36 (KHTML, like Gecko; compatible; GPTBot/1.4; +https://openai.com/gptbot)"
74.7.227.9 - - [14/Jul/2026:21:16:35 -0300] "GET /index.php?lokasie=/proc/790040/numa_maps&loknya=/proc/790040 HTTP/1.1" 200 4041 "http://jforte.com.br/index.php?loknya=/proc/790040" "Mozilla/5.0 AppleWebKit/537.36 (KHTML, like Gecko; compatible; GPTBot/1.4; +https://openai.com/gptbot)"
74.7.227.9 - - [14/Jul/2026:21:16:36 -0300] "GET /index.php?loknya=/proc/33304/net HTTP/1.1" 200 76851 "http://jforte.com.br/index.php?loknya=/proc/33304" "Mozilla/5.0 AppleWebKit/537.36 (KHTML, like Gecko; compatible; GPTBot/1.4; +https://openai.com/gptbot)"
74.7.227.9 - - [14/Jul/2026:21:16:37 -0300] "GET /index.php?loknya=/proc/1715 HTTP/1.1" 200 70830 "http://jforte.com.br/index.php?loknya=/proc" "Mozilla/5.0 AppleWebKit/537.36 (KHTML, like Gecko; compatible; GPTBot/1.4; +https://openai.com/gptbot)"
45.130.83.103 - - [14/Jul/2026:21:16:37 -0300] "GET /wp-admin/profile.php HTTP/1.1" 200 149663 "http://jforte.com.br/wp-login.php" "Mozilla/5.0 (Macintosh; Intel Mac OS X 13_6_1) AppleWebKit/537.36 (KHTML, like Gecko) Chrome/121.0.0.0 Safari/537.36"
74.7.227.9 - - [14/Jul/2026:21:16:38 -0300] "GET /index.php?loknya=/proc/1186 HTTP/1.1" 200 70830 "http://jforte.com.br/index.php?loknya=/proc" "Mozilla/5.0 AppleWebKit/537.36 (KHTML, like Gecko; compatible; GPTBot/1.4; +https://openai.com/gptbot)"
74.7.227.9 - - [14/Jul/2026:21:16:39 -0300] "GET /index.php?loknya=/proc/1571 HTTP/1.1" 200 71466 "http://jforte.com.br/index.php?loknya=/proc" "Mozilla/5.0 AppleWebKit/537.36 (KHTML, like Gecko; compatible; GPTBot/1.4; +https://openai.com/gptbot)"
74.7.227.9 - - [14/Jul/2026:21:16:40 -0300] "GET /index.php?loknya=/proc/3736 HTTP/1.1" 200 70886 "http://jforte.com.br/index.php?loknya=/proc" "Mozilla/5.0 AppleWebKit/537.36 (KHTML, like Gecko; compatible; GPTBot/1.4; +https://openai.com/gptbot)"
45.130.83.103 - - [14/Jul/2026:21:16:41 -0300] "GET /wp-admin/edit.php HTTP/1.1" 200 149660 "http://jforte.com.br/wp-login.php" "Mozilla/5.0 (Macintosh; Intel Mac OS X 13_6_1) AppleWebKit/537.36 (KHTML, like Gecko) Chrome/121.0.0.0 Safari/537.36"
74.7.227.9 - - [14/Jul/2026:21:16:41 -0300] "GET /index.php?loknya=/proc/1716 HTTP/1.1" 200 70830 "http://jforte.com.br/index.php?loknya=/proc" "Mozilla/5.0 AppleWebKit/537.36 (KHTML, like Gecko; compatible; GPTBot/1.4; +https://openai.com/gptbot)"
74.7.227.9 - - [14/Jul/2026:21:16:42 -0300] "GET /index.php?lokasie=/proc/1713/smaps_rollup&loknya=/proc/1713 HTTP/1.1" 200 4038 "http://jforte.com.br/index.php?loknya=/proc/1713" "Mozilla/5.0 AppleWebKit/537.36 (KHTML, like Gecko; compatible; GPTBot/1.4; +https://openai.com/gptbot)"
74.7.227.9 - - [14/Jul/2026:21:16:43 -0300] "GET /index.php?loknya=/proc/1686/map_files HTTP/1.1" 200 5188 "http://jforte.com.br/index.php?loknya=/proc/1686" "Mozilla/5.0 AppleWebKit/537.36 (KHTML, like Gecko; compatible; GPTBot/1.4; +https://openai.com/gptbot)"
45.130.83.103 - - [14/Jul/2026:21:16:44 -0300] "GET /wp-admin/plugins.php HTTP/1.1" 200 149663 "http://jforte.com.br/wp-login.php" "Mozilla/5.0 (Macintosh; Intel Mac OS X 13_6_1) AppleWebKit/537.36 (KHTML, like Gecko) Chrome/121.0.0.0 Safari/537.36"
74.7.227.9 - - [14/Jul/2026:21:16:44 -0300] "GET /index.php?loknya=/proc/2775 HTTP/1.1" 200 70830 "http://jforte.com.br/index.php?loknya=/proc" "Mozilla/5.0 AppleWebKit/537.36 (KHTML, like Gecko; compatible; GPTBot/1.4; +https://openai.com/gptbot)"
74.7.227.9 - - [14/Jul/2026:21:16:45 -0300] "GET /index.php?loknya=/proc/1714 HTTP/1.1" 200 70830 "http://jforte.com.br/index.php?loknya=/proc" "Mozilla/5.0 AppleWebKit/537.36 (KHTML, like Gecko; compatible; GPTBot/1.4; +https://openai.com/gptbot)"
74.7.227.9 - - [14/Jul/2026:21:16:46 -0300] "GET /index.php?loknya=/proc/1966 HTTP/1.1" 200 70830 "http://jforte.com.br/index.php?loknya=/proc" "Mozilla/5.0 AppleWebKit/537.36 (KHTML, like Gecko; compatible; GPTBot/1.4; +https://openai.com/gptbot)"
74.7.227.9 - - [14/Jul/2026:21:16:47 -0300] "GET /index.php?lokasie=/proc/33304/net/dev&loknya=/proc/33304/net HTTP/1.1" 200 4539 "http://jforte.com.br/index.php?loknya=/proc/33304/net" "Mozilla/5.0 AppleWebKit/537.36 (KHTML, like Gecko; compatible; GPTBot/1.4; +https://openai.com/gptbot)"
74.7.227.9 - - [14/Jul/2026:21:16:48 -0300] "GET /index.php?lokasie=/proc/33304/net/udp&loknya=/proc/33304/net HTTP/1.1" 200 5105 "http://jforte.com.br/index.php?loknya=/proc/33304/net" "Mozilla/5.0 AppleWebKit/537.36 (KHTML, like Gecko; compatible; GPTBot/1.4; +https://openai.com/gptbot)"
74.7.227.9 - - [14/Jul/2026:21:16:49 -0300] "GET /index.php?lokasie=/proc/33304/net/unix&loknya=/proc/33304/net HTTP/1.1" 200 112155 "http://jforte.com.br/index.php?loknya=/proc/33304/net" "Mozilla/5.0 AppleWebKit/537.36 (KHTML, like Gecko; compatible; GPTBot/1.4; +https://openai.com/gptbot)"
74.7.227.9 - - [14/Jul/2026:21:16:50 -0300] "GET /index.php?lokasie=/proc/33304/net/raw&loknya=/proc/33304/net HTTP/1.1" 200 4196 "http://jforte.com.br/index.php?loknya=/proc/33304/net" "Mozilla/5.0 AppleWebKit/537.36 (KHTML, like Gecko; compatible; GPTBot/1.4; +https://openai.com/gptbot)"
74.7.227.9 - - [14/Jul/2026:21:16:50 -0300] "GET /index.php?lokasie=/proc/33304/net/igmp&loknya=/proc/33304/net HTTP/1.1" 200 4261 "http://jforte.com.br/index.php?loknya=/proc/33304/net" "Mozilla/5.0 AppleWebKit/537.36 (KHTML, like Gecko; compatible; GPTBot/1.4; +https://openai.com/gptbot)"
74.7.227.9 - - [14/Jul/2026:21:16:51 -0300] "GET /index.php?lokasie=/proc/33304/net/arp&loknya=/proc/33304/net HTTP/1.1" 200 4388 "http://jforte.com.br/index.php?loknya=/proc/33304/net" "Mozilla/5.0 AppleWebKit/537.36 (KHTML, like Gecko; compatible; GPTBot/1.4; +https://openai.com/gptbot)"
45.130.83.101 - - [14/Jul/2026:21:16:51 -0300] "POST /wp-login.php HTTP/1.1" 200 62780 "http://jforte.com.br/wp-login.php" "Mozilla/5.0 (Macintosh; Intel Mac OS X 13_6_1) AppleWebKit/605.1.15 (KHTML, like Gecko) Version/17.0 Safari/605.1.15"
74.7.227.9 - - [14/Jul/2026:21:16:52 -0300] "GET /index.php?lokasie=/proc/33304/net/netstat&loknya=/proc/33304/net HTTP/1.1" 200 8047 "http://jforte.com.br/index.php?loknya=/proc/33304/net" "Mozilla/5.0 AppleWebKit/537.36 (KHTML, like Gecko; compatible; GPTBot/1.4; +https://openai.com/gptbot)"
74.7.227.9 - - [14/Jul/2026:21:16:53 -0300] "GET /index.php?lokasie=/proc/33304/net/netlink&loknya=/proc/33304/net HTTP/1.1" 200 8219 "http://jforte.com.br/index.php?loknya=/proc/33304/net" "Mozilla/5.0 AppleWebKit/537.36 (KHTML, like Gecko; compatible; GPTBot/1.4; +https://openai.com/gptbot)"
45.130.83.101 - - [14/Jul/2026:21:16:54 -0300] "GET /wp-admin/index.php HTTP/1.1" 200 149661 "http://jforte.com.br/wp-login.php" "Mozilla/5.0 (X11; Linux x86_64) AppleWebKit/537.36 (KHTML, like Gecko) Chrome/120.0.0.0 Safari/537.36"
74.7.227.9 - - [14/Jul/2026:21:16:54 -0300] "GET /index.php?lokasie=/proc/33304/net/packet&loknya=/proc/33304/net HTTP/1.1" 200 4275 "http://jforte.com.br/index.php?loknya=/proc/33304/net" "Mozilla/5.0 AppleWebKit/537.36 (KHTML, like Gecko; compatible; GPTBot/1.4; +https://openai.com/gptbot)"
74.7.227.9 - - [14/Jul/2026:21:16:55 -0300] "GET /index.php?lokasie=/proc/33304/net/ptype&loknya=/proc/33304/net HTTP/1.1" 200 4198 "http://jforte.com.br/index.php?loknya=/proc/33304/net" "Mozilla/5.0 AppleWebKit/537.36 (KHTML, like Gecko; compatible; GPTBot/1.4; +https://openai.com/gptbot)"
74.7.227.9 - - [14/Jul/2026:21:16:56 -0300] "GET /index.php?lokasie=/proc/33304/net/tcp&loknya=/proc/33304/net HTTP/1.1" 200 111481 "http://jforte.com.br/index.php?loknya=/proc/33304/net" "Mozilla/5.0 AppleWebKit/537.36 (KHTML, like Gecko; compatible; GPTBot/1.4; +https://openai.com/gptbot)"
45.130.83.101 - - [14/Jul/2026:21:16:56 -0300] "GET /wp-admin/profile.php HTTP/1.1" 200 149663 "http://jforte.com.br/wp-login.php" "Mozilla/5.0 (X11; Linux x86_64) AppleWebKit/537.36 (KHTML, like Gecko) Chrome/120.0.0.0 Safari/537.36"
74.7.227.9 - - [14/Jul/2026:21:16:57 -0300] "GET /index.php?lokasie=/proc/33304/net/protocols&loknya=/proc/33304/net HTTP/1.1" 200 6328 "http://jforte.com.br/index.php?loknya=/proc/33304/net" "Mozilla/5.0 AppleWebKit/537.36 (KHTML, like Gecko; compatible; GPTBot/1.4; +https://openai.com/gptbot)"
74.7.227.9 - - [14/Jul/2026:21:16:57 -0300] "GET /index.php?lokasie=/proc/33304/net/connector&loknya=/proc/33304/net HTTP/1.1" 200 4123 "http://jforte.com.br/index.php?loknya=/proc/33304/net" "Mozilla/5.0 AppleWebKit/537.36 (KHTML, like Gecko; compatible; GPTBot/1.4; +https://openai.com/gptbot)"
45.130.83.101 - - [14/Jul/2026:21:16:58 -0300] "GET /wp-admin/edit.php HTTP/1.1" 200 149660 "http://jforte.com.br/wp-login.php" "Mozilla/5.0 (X11; Linux x86_64) AppleWebKit/537.36 (KHTML, like Gecko) Chrome/120.0.0.0 Safari/537.36"
74.7.227.9 - - [14/Jul/2026:21:16:58 -0300] "GET /index.php?lokasie=/proc/33304/net/route&loknya=/proc/33304/net HTTP/1.1" 200 4592 "http://jforte.com.br/index.php?loknya=/proc/33304/net" "Mozilla/5.0 AppleWebKit/537.36 (KHTML, like Gecko; compatible; GPTBot/1.4; +https://openai.com/gptbot)"
74.7.227.9 - - [14/Jul/2026:21:16:59 -0300] "GET /index.php?lokasie=/proc/33304/net/icmp&loknya=/proc/33304/net HTTP/1.1" 200 4210 "http://jforte.com.br/index.php?loknya=/proc/33304/net" "Mozilla/5.0 AppleWebKit/537.36 (KHTML, like Gecko; compatible; GPTBot/1.4; +https://openai.com/gptbot)"
74.7.227.9 - - [14/Jul/2026:21:16:59 -0300] "GET /index.php?lokasie=/proc/33304/net/psched&loknya=/proc/33304/net HTTP/1.1" 200 4117 "http://jforte.com.br/index.php?loknya=/proc/33304/net" "Mozilla/5.0 AppleWebKit/537.36 (KHTML, like Gecko; compatible; GPTBot/1.4; +https://openai.com/gptbot)"
74.7.227.9 - - [14/Jul/2026:21:17:00 -0300] "GET /index.php?lokasie=/proc/33304/net/udplite&loknya=/proc/33304/net HTTP/1.1" 200 4213 "http://jforte.com.br/index.php?loknya=/proc/33304/net" "Mozilla/5.0 AppleWebKit/537.36 (KHTML, like Gecko; compatible; GPTBot/1.4; +https://openai.com/gptbot)"
74.7.227.9 - - [14/Jul/2026:21:17:01 -0300] "GET /index.php?lokasie=/proc/33304/net/snmp&loknya=/proc/33304/net HTTP/1.1" 200 5498 "http://jforte.com.br/index.php?loknya=/proc/33304/net" "Mozilla/5.0 AppleWebKit/537.36 (KHTML, like Gecko; compatible; GPTBot/1.4; +https://openai.com/gptbot)"
74.7.227.9 - - [14/Jul/2026:21:17:02 -0300] "GET /index.php?lokasie=/proc/33304/net/rt_cache&loknya=/proc/33304/net HTTP/1.1" 200 4211 "http://jforte.com.br/index.php?loknya=/proc/33304/net" "Mozilla/5.0 AppleWebKit/537.36 (KHTML, like Gecko; compatible; GPTBot/1.4; +https://openai.com/gptbot)"
74.7.227.9 - - [14/Jul/2026:21:17:03 -0300] "GET /index.php?lokasie=/proc/33304/net/mcfilter&loknya=/proc/33304/net HTTP/1.1" 200 4130 "http://jforte.com.br/index.php?loknya=/proc/33304/net" "Mozilla/5.0 AppleWebKit/537.36 (KHTML, like Gecko; compatible; GPTBot/1.4; +https://openai.com/gptbot)"
45.130.83.101 - - [14/Jul/2026:21:17:03 -0300] "GET /wp-admin/plugins.php HTTP/1.1" 200 149663 "http://jforte.com.br/wp-login.php" "Mozilla/5.0 (X11; Linux x86_64) AppleWebKit/537.36 (KHTML, like Gecko) Chrome/120.0.0.0 Safari/537.36"
74.7.227.9 - - [14/Jul/2026:21:17:04 -0300] "GET /index.php?lokasie=/proc/33304/net/rt_acct&loknya=/proc/33304/net HTTP/1.1" 200 8178 "http://jforte.com.br/index.php?loknya=/proc/33304/net" "Mozilla/5.0 AppleWebKit/537.36 (KHTML, like Gecko; compatible; GPTBot/1.4; +https://openai.com/gptbot)"
74.7.227.9 - - [14/Jul/2026:21:17:05 -0300] "GET /index.php?lokasie=/proc/33304/net/ip_mr_vif&loknya=/proc/33304/net HTTP/1.1" 200 4155 "http://jforte.com.br/index.php?loknya=/proc/33304/net" "Mozilla/5.0 AppleWebKit/537.36 (KHTML, like Gecko; compatible; GPTBot/1.4; +https://openai.com/gptbot)"
74.7.227.9 - - [14/Jul/2026:21:17:06 -0300] "GET /index.php?lokasie=/proc/33304/net/dev_mcast&loknya=/proc/33304/net HTTP/1.1" 200 4130 "http://jforte.com.br/index.php?loknya=/proc/33304/net" "Mozilla/5.0 AppleWebKit/537.36 (KHTML, like Gecko; compatible; GPTBot/1.4; +https://openai.com/gptbot)"
74.7.227.9 - - [14/Jul/2026:21:17:06 -0300] "GET /index.php?lokasie=/proc/33304/net/fib_trie&loknya=/proc/33304/net HTTP/1.1" 200 5388 "http://jforte.com.br/index.php?loknya=/proc/33304/net" "Mozilla/5.0 AppleWebKit/537.36 (KHTML, like Gecko; compatible; GPTBot/1.4; +https://openai.com/gptbot)"
74.7.227.9 - - [14/Jul/2026:21:17:07 -0300] "GET /index.php?lokasie=/proc/33304/net/xfrm_stat&loknya=/proc/33304/net HTTP/1.1" 200 4840 "http://jforte.com.br/index.php?loknya=/proc/33304/net" "Mozilla/5.0 AppleWebKit/537.36 (KHTML, like Gecko; compatible; GPTBot/1.4; +https://openai.com/gptbot)"
74.7.227.9 - - [14/Jul/2026:21:17:08 -0300] "GET /index.php?lokasie=/proc/33304/net/ip_mr_cache&loknya=/proc/33304/net HTTP/1.1" 200 4140 "http://jforte.com.br/index.php?loknya=/proc/33304/net" "Mozilla/5.0 AppleWebKit/537.36 (KHTML, like Gecko; compatible; GPTBot/1.4; +https://openai.com/gptbot)"
45.130.83.101 - - [14/Jul/2026:21:17:08 -0300] "POST /wp-login.php HTTP/1.1" 200 62780 "http://jforte.com.br/wp-login.php" "Mozilla/5.0 (Macintosh; Intel Mac OS X 10_15_7) AppleWebKit/605.1.15 (KHTML, like Gecko) Version/17.2 Safari/605.1.15"
74.7.227.9 - - [14/Jul/2026:21:17:09 -0300] "GET /index.php?lokasie=/proc/33304/net/sockstat&loknya=/proc/33304/net HTTP/1.1" 200 4226 "http://jforte.com.br/index.php?loknya=/proc/33304/net" "Mozilla/5.0 AppleWebKit/537.36 (KHTML, like Gecko; compatible; GPTBot/1.4; +https://openai.com/gptbot)"
45.130.83.101 - - [14/Jul/2026:21:17:09 -0300] "GET /wp-admin/index.php HTTP/1.1" 200 149661 "http://jforte.com.br/wp-login.php" "Mozilla/5.0 (Macintosh; Intel Mac OS X 10_15_7) AppleWebKit/537.36 (KHTML, like Gecko) Chrome/121.0.0.0 Safari/537.36"
74.7.227.9 - - [14/Jul/2026:21:17:09 -0300] "GET /index.php?lokasie=/proc/33304/net/ip6_mr_vif&loknya=/proc/33304/net HTTP/1.1" 200 4140 "http://jforte.com.br/index.php?loknya=/proc/33304/net" "Mozilla/5.0 AppleWebKit/537.36 (KHTML, like Gecko; compatible; GPTBot/1.4; +https://openai.com/gptbot)"
74.7.227.9 - - [14/Jul/2026:21:17:10 -0300] "GET /index.php?lokasie=/proc/33304/net/nf_conntrack&loknya=/proc/33304/net HTTP/1.1" 200 4087 "http://jforte.com.br/index.php?loknya=/proc/33304/net" "Mozilla/5.0 AppleWebKit/537.36 (KHTML, like Gecko; compatible; GPTBot/1.4; +https://openai.com/gptbot)"
45.130.83.101 - - [14/Jul/2026:21:17:10 -0300] "GET /wp-admin/profile.php HTTP/1.1" 200 149663 "http://jforte.com.br/wp-login.php" "Mozilla/5.0 (Macintosh; Intel Mac OS X 10_15_7) AppleWebKit/537.36 (KHTML, like Gecko) Chrome/121.0.0.0 Safari/537.36"
74.7.227.9 - - [14/Jul/2026:21:17:11 -0300] "GET /index.php?lokasie=/proc/33304/net/softnet_stat&loknya=/proc/33304/net HTTP/1.1" 200 5959 "http://jforte.com.br/index.php?loknya=/proc/33304/net" "Mozilla/5.0 AppleWebKit/537.36 (KHTML, like Gecko; compatible; GPTBot/1.4; +https://openai.com/gptbot)"
74.7.227.9 - - [14/Jul/2026:21:17:12 -0300] "GET /index.php?lokasie=/proc/33304/net/if_inet6&loknya=/proc/33304/net HTTP/1.1" 200 4083 "http://jforte.com.br/index.php?loknya=/proc/33304/net" "Mozilla/5.0 AppleWebKit/537.36 (KHTML, like Gecko; compatible; GPTBot/1.4; +https://openai.com/gptbot)"
74.7.227.9 - - [14/Jul/2026:21:17:13 -0300] "GET /index.php?lokasie=/proc/33304/net/fib_triestat&loknya=/proc/33304/net HTTP/1.1" 200 4827 "http://jforte.com.br/index.php?loknya=/proc/33304/net" "Mozilla/5.0 AppleWebKit/537.36 (KHTML, like Gecko; compatible; GPTBot/1.4; +https://openai.com/gptbot)"
45.130.83.101 - - [14/Jul/2026:21:17:13 -0300] "GET /wp-admin/edit.php HTTP/1.1" 200 149660 "http://jforte.com.br/wp-login.php" "Mozilla/5.0 (Macintosh; Intel Mac OS X 10_15_7) AppleWebKit/537.36 (KHTML, like Gecko) Chrome/121.0.0.0 Safari/537.36"
74.7.227.9 - - [14/Jul/2026:21:17:14 -0300] "GET /index.php?lokasie=/proc/33304/net/sockstat6&loknya=/proc/33304/net HTTP/1.1" 200 4168 "http://jforte.com.br/index.php?loknya=/proc/33304/net" "Mozilla/5.0 AppleWebKit/537.36 (KHTML, like Gecko; compatible; GPTBot/1.4; +https://openai.com/gptbot)"
74.7.227.9 - - [14/Jul/2026:21:17:14 -0300] "GET /index.php?lokasie=/proc/33304/net/udplite6&loknya=/proc/33304/net HTTP/1.1" 200 4249 "http://jforte.com.br/index.php?loknya=/proc/33304/net" "Mozilla/5.0 AppleWebKit/537.36 (KHTML, like Gecko; compatible; GPTBot/1.4; +https://openai.com/gptbot)"
74.7.227.9 - - [14/Jul/2026:21:17:15 -0300] "GET /index.php?lokasie=/proc/33304/net/anycast6&loknya=/proc/33304/net HTTP/1.1" 200 4083 "http://jforte.com.br/index.php?loknya=/proc/33304/net" "Mozilla/5.0 AppleWebKit/537.36 (KHTML, like Gecko; compatible; GPTBot/1.4; +https://openai.com/gptbot)"
45.130.83.101 - - [14/Jul/2026:21:17:15 -0300] "GET /wp-admin/plugins.php HTTP/1.1" 200 149663 "http://jforte.com.br/wp-login.php" "Mozilla/5.0 (Macintosh; Intel Mac OS X 10_15_7) AppleWebKit/537.36 (KHTML, like Gecko) Chrome/121.0.0.0 Safari/537.36"
74.7.227.9 - - [14/Jul/2026:21:17:16 -0300] "GET /index.php?lokasie=/proc/33304/net/ipv6_route&loknya=/proc/33304/net HTTP/1.1" 200 4385 "http://jforte.com.br/index.php?loknya=/proc/33304/net" "Mozilla/5.0 AppleWebKit/537.36 (KHTML, like Gecko; compatible; GPTBot/1.4; +https://openai.com/gptbot)"
74.7.227.9 - - [14/Jul/2026:21:17:17 -0300] "GET /index.php?lokasie=/proc/33304/net/rt6_stats&loknya=/proc/33304/net HTTP/1.1" 200 4119 "http://jforte.com.br/index.php?loknya=/proc/33304/net" "Mozilla/5.0 AppleWebKit/537.36 (KHTML, like Gecko; compatible; GPTBot/1.4; +https://openai.com/gptbot)"
45.130.83.101 - - [14/Jul/2026:21:17:18 -0300] "POST /wp-login.php HTTP/1.1" 200 62780 "http://jforte.com.br/wp-login.php" "Mozilla/5.0 (Macintosh; Intel Mac OS X 13_6_1) AppleWebKit/605.1.15 (KHTML, like Gecko) Version/16.6 Safari/605.1.15"
74.7.227.9 - - [14/Jul/2026:21:17:19 -0300] "GET /index.php?lokasie=/proc/33304/net/ip6_mr_cache&loknya=/proc/33304/net HTTP/1.1" 200 4190 "http://jforte.com.br/index.php?loknya=/proc/33304/net" "Mozilla/5.0 AppleWebKit/537.36 (KHTML, like Gecko; compatible; GPTBot/1.4; +https://openai.com/gptbot)"
74.7.227.9 - - [14/Jul/2026:21:17:20 -0300] "GET /index.php?lokasie=/proc/33304/net/mcfilter6&loknya=/proc/33304/net HTTP/1.1" 200 4175 "http://jforte.com.br/index.php?loknya=/proc/33304/net" "Mozilla/5.0 AppleWebKit/537.36 (KHTML, like Gecko; compatible; GPTBot/1.4; +https://openai.com/gptbot)"
74.7.227.9 - - [14/Jul/2026:21:17:21 -0300] "GET /index.php?lokasie=/proc/33304/net/udp6&loknya=/proc/33304/net HTTP/1.1" 200 4748 "http://jforte.com.br/index.php?loknya=/proc/33304/net" "Mozilla/5.0 AppleWebKit/537.36 (KHTML, like Gecko; compatible; GPTBot/1.4; +https://openai.com/gptbot)"
45.130.83.101 - - [14/Jul/2026:21:17:21 -0300] "GET /wp-admin/index.php HTTP/1.1" 200 149661 "http://jforte.com.br/wp-login.php" "Mozilla/5.0 (Windows NT 11.0; Win64; x64; rv:120.0) Gecko/20100101 Firefox/120.0"
74.7.227.9 - - [14/Jul/2026:21:17:21 -0300] "GET /index.php?lokasie=/proc/33304/net/ip6_flowlabel&loknya=/proc/33304/net HTTP/1.1" 200 4163 "http://jforte.com.br/index.php?loknya=/proc/33304/net" "Mozilla/5.0 AppleWebKit/537.36 (KHTML, like Gecko; compatible; GPTBot/1.4; +https://openai.com/gptbot)"
74.7.227.9 - - [14/Jul/2026:21:17:22 -0300] "GET /index.php?lokasie=/proc/33304/net/tcp6&loknya=/proc/33304/net HTTP/1.1" 200 5113 "http://jforte.com.br/index.php?loknya=/proc/33304/net" "Mozilla/5.0 AppleWebKit/537.36 (KHTML, like Gecko; compatible; GPTBot/1.4; +https://openai.com/gptbot)"
74.7.227.9 - - [14/Jul/2026:21:17:23 -0300] "GET /index.php?lokasie=/proc/33304/net/raw6&loknya=/proc/33304/net HTTP/1.1" 200 4245 "http://jforte.com.br/index.php?loknya=/proc/33304/net" "Mozilla/5.0 AppleWebKit/537.36 (KHTML, like Gecko; compatible; GPTBot/1.4; +https://openai.com/gptbot)"
45.130.83.101 - - [14/Jul/2026:21:17:24 -0300] "GET /wp-admin/profile.php HTTP/1.1" 200 149663 "http://jforte.com.br/wp-login.php" "Mozilla/5.0 (Windows NT 11.0; Win64; x64; rv:120.0) Gecko/20100101 Firefox/120.0"
74.7.227.9 - - [14/Jul/2026:21:17:24 -0300] "GET /index.php?lokasie=/proc/1966/loginuid&loknya=/proc/1966 HTTP/1.1" 200 4044 "http://jforte.com.br/index.php?loknya=/proc/1966" "Mozilla/5.0 AppleWebKit/537.36 (KHTML, like Gecko; compatible; GPTBot/1.4; +https://openai.com/gptbot)"
74.7.227.9 - - [14/Jul/2026:21:17:25 -0300] "GET /index.php?lokasie=/proc/33304/net/snmp6&loknya=/proc/33304/net HTTP/1.1" 200 7103 "http://jforte.com.br/index.php?loknya=/proc/33304/net" "Mozilla/5.0 AppleWebKit/537.36 (KHTML, like Gecko; compatible; GPTBot/1.4; +https://openai.com/gptbot)"
45.130.83.101 - - [14/Jul/2026:21:17:25 -0300] "GET /wp-admin/edit.php HTTP/1.1" 200 149660 "http://jforte.com.br/wp-login.php" "Mozilla/5.0 (Windows NT 11.0; Win64; x64; rv:120.0) Gecko/20100101 Firefox/120.0"
74.7.227.9 - - [14/Jul/2026:21:17:26 -0300] "GET /index.php?lokasie=/proc/33304/net/icmp6&loknya=/proc/33304/net HTTP/1.1" 200 4246 "http://jforte.com.br/index.php?loknya=/proc/33304/net" "Mozilla/5.0 AppleWebKit/537.36 (KHTML, like Gecko; compatible; GPTBot/1.4; +https://openai.com/gptbot)"
74.7.227.9 - - [14/Jul/2026:21:17:27 -0300] "GET /index.php?lokasie=/proc/33304/net/igmp6&loknya=/proc/33304/net HTTP/1.1" 200 4364 "http://jforte.com.br/index.php?loknya=/proc/33304/net" "Mozilla/5.0 AppleWebKit/537.36 (KHTML, like Gecko; compatible; GPTBot/1.4; +https://openai.com/gptbot)"
45.130.83.101 - - [14/Jul/2026:21:17:27 -0300] "GET /wp-admin/plugins.php HTTP/1.1" 200 149663 "http://jforte.com.br/wp-login.php" "Mozilla/5.0 (Windows NT 11.0; Win64; x64; rv:120.0) Gecko/20100101 Firefox/120.0"
74.7.227.9 - - [14/Jul/2026:21:17:28 -0300] "GET /index.php?lokasie=/proc/33304/net/nf_conntrack_expect&loknya=/proc/33304/net HTTP/1.1" 200 4094 "http://jforte.com.br/index.php?loknya=/proc/33304/net" "Mozilla/5.0 AppleWebKit/537.36 (KHTML, like Gecko; compatible; GPTBot/1.4; +https://openai.com/gptbot)"
74.7.227.9 - - [14/Jul/2026:21:17:28 -0300] "GET /index.php?lokasie=/proc/33304/net/ip_tables_names&loknya=/proc/33304/net HTTP/1.1" 200 4090 "http://jforte.com.br/index.php?loknya=/proc/33304/net" "Mozilla/5.0 AppleWebKit/537.36 (KHTML, like Gecko; compatible; GPTBot/1.4; +https://openai.com/gptbot)"
45.130.83.101 - - [14/Jul/2026:21:17:28 -0300] "POST /wp-login.php HTTP/1.1" 200 62780 "http://jforte.com.br/wp-login.php" "Mozilla/5.0 (Macintosh; Intel Mac OS X 10_15_7) AppleWebKit/605.1.15 (KHTML, like Gecko) Version/17.0 Safari/605.1.15"
74.7.227.9 - - [14/Jul/2026:21:17:29 -0300] "GET /index.php?loknya=/proc/1631 HTTP/1.1" 200 70830 "http://jforte.com.br/index.php?loknya=/proc" "Mozilla/5.0 AppleWebKit/537.36 (KHTML, like Gecko; compatible; GPTBot/1.4; +https://openai.com/gptbot)"
74.7.227.9 - - [14/Jul/2026:21:17:30 -0300] "GET /index.php?loknya=/proc/1292 HTTP/1.1" 200 70830 "http://jforte.com.br/index.php?loknya=/proc" "Mozilla/5.0 AppleWebKit/537.36 (KHTML, like Gecko; compatible; GPTBot/1.4; +https://openai.com/gptbot)"
74.7.227.9 - - [14/Jul/2026:21:17:31 -0300] "GET /index.php?loknya=/proc/1002 HTTP/1.1" 200 70830 "http://jforte.com.br/index.php?loknya=/proc" "Mozilla/5.0 AppleWebKit/537.36 (KHTML, like Gecko; compatible; GPTBot/1.4; +https://openai.com/gptbot)"
74.7.227.9 - - [14/Jul/2026:21:17:32 -0300] "GET /index.php?loknya=/proc/867031/net HTTP/1.1" 200 77070 "http://jforte.com.br/index.php?loknya=/proc/867031" "Mozilla/5.0 AppleWebKit/537.36 (KHTML, like Gecko; compatible; GPTBot/1.4; +https://openai.com/gptbot)"
45.130.83.101 - - [14/Jul/2026:21:17:32 -0300] "GET /wp-admin/index.php HTTP/1.1" 200 149661 "http://jforte.com.br/wp-login.php" "Mozilla/5.0 (X11; Ubuntu; Linux x86_64) AppleWebKit/537.36 (KHTML, like Gecko) Chrome/121.0.0.0 Safari/537.36"
74.7.227.9 - - [14/Jul/2026:21:17:33 -0300] "GET /index.php?lokasie=/proc/33304/net/ip_tables_targets&loknya=/proc/33304/net HTTP/1.1" 200 4092 "http://jforte.com.br/index.php?loknya=/proc/33304/net" "Mozilla/5.0 AppleWebKit/537.36 (KHTML, like Gecko; compatible; GPTBot/1.4; +https://openai.com/gptbot)"
74.7.227.9 - - [14/Jul/2026:21:17:33 -0300] "GET /index.php?lokasie=/proc/33304/net/ip_tables_matches&loknya=/proc/33304/net HTTP/1.1" 200 4092 "http://jforte.com.br/index.php?loknya=/proc/33304/net" "Mozilla/5.0 AppleWebKit/537.36 (KHTML, like Gecko; compatible; GPTBot/1.4; +https://openai.com/gptbot)"
74.7.227.9 - - [14/Jul/2026:21:17:34 -0300] "GET /index.php?loknya=/lib64/krb5 HTTP/1.1" 200 6133 "http://jforte.com.br/index.php?loknya=/lib64" "Mozilla/5.0 AppleWebKit/537.36 (KHTML, like Gecko; compatible; GPTBot/1.4; +https://openai.com/gptbot)"
45.130.83.101 - - [14/Jul/2026:21:17:34 -0300] "GET /wp-admin/profile.php HTTP/1.1" 200 149663 "http://jforte.com.br/wp-login.php" "Mozilla/5.0 (X11; Ubuntu; Linux x86_64) AppleWebKit/537.36 (KHTML, like Gecko) Chrome/121.0.0.0 Safari/537.36"
74.7.227.9 - - [14/Jul/2026:21:17:35 -0300] "GET /index.php?loknya=/proc/33304/net/rpc HTTP/1.1" 200 7370 "http://jforte.com.br/index.php?loknya=/proc/33304/net" "Mozilla/5.0 AppleWebKit/537.36 (KHTML, like Gecko; compatible; GPTBot/1.4; +https://openai.com/gptbot)"
74.7.227.9 - - [14/Jul/2026:21:17:35 -0300] "GET /index.php?loknya=/lib64/perl5 HTTP/1.1" 200 59323 "http://jforte.com.br/index.php?loknya=/lib64" "Mozilla/5.0 AppleWebKit/537.36 (KHTML, like Gecko; compatible; GPTBot/1.4; +https://openai.com/gptbot)"
45.130.83.101 - - [14/Jul/2026:21:17:35 -0300] "GET /wp-admin/edit.php HTTP/1.1" 200 149660 "http://jforte.com.br/wp-login.php" "Mozilla/5.0 (X11; Ubuntu; Linux x86_64) AppleWebKit/537.36 (KHTML, like Gecko) Chrome/121.0.0.0 Safari/537.36"
74.7.227.9 - - [14/Jul/2026:21:17:36 -0300] "GET /index.php?loknya=/lib64/sasl2 HTTP/1.1" 200 24816 "http://jforte.com.br/index.php?loknya=/lib64" "Mozilla/5.0 AppleWebKit/537.36 (KHTML, like Gecko; compatible; GPTBot/1.4; +https://openai.com/gptbot)"
74.7.227.9 - - [14/Jul/2026:21:17:37 -0300] "GET /index.php?lokasie=/sbin/dnssec-keygen&loknya=/sbin HTTP/1.1" 200 68419 "http://jforte.com.br/index.php?loknya=/sbin" "Mozilla/5.0 AppleWebKit/537.36 (KHTML, like Gecko; compatible; GPTBot/1.4; +https://openai.com/gptbot)"
74.7.227.9 - - [14/Jul/2026:21:17:38 -0300] "GET /index.php?loknya=/proc/342538/net HTTP/1.1" 200 77078 "http://jforte.com.br/index.php?loknya=/proc/342538" "Mozilla/5.0 AppleWebKit/537.36 (KHTML, like Gecko; compatible; GPTBot/1.4; +https://openai.com/gptbot)"
74.7.227.9 - - [14/Jul/2026:21:17:39 -0300] "GET /index.php?loknya=/proc/138850/net HTTP/1.1" 200 77088 "http://jforte.com.br/index.php?loknya=/proc/138850" "Mozilla/5.0 AppleWebKit/537.36 (KHTML, like Gecko; compatible; GPTBot/1.4; +https://openai.com/gptbot)"
45.130.83.101 - - [14/Jul/2026:21:17:39 -0300] "GET /wp-admin/plugins.php HTTP/1.1" 200 149663 "http://jforte.com.br/wp-login.php" "Mozilla/5.0 (X11; Ubuntu; Linux x86_64) AppleWebKit/537.36 (KHTML, like Gecko) Chrome/121.0.0.0 Safari/537.36"
74.7.227.9 - - [14/Jul/2026:21:17:39 -0300] "GET /index.php?loknya=/proc/1976 HTTP/1.1" 200 70830 "http://jforte.com.br/index.php?loknya=/proc" "Mozilla/5.0 AppleWebKit/537.36 (KHTML, like Gecko; compatible; GPTBot/1.4; +https://openai.com/gptbot)"
45.130.83.101 - - [14/Jul/2026:21:17:40 -0300] "POST /wp-login.php HTTP/1.1" 200 62780 "http://jforte.com.br/wp-login.php" "Mozilla/5.0 (X11; Ubuntu; Linux x86_64) AppleWebKit/537.36 (KHTML, like Gecko) Chrome/119.0.0.0 Safari/537.36"
74.7.227.9 - - [14/Jul/2026:21:17:40 -0300] "GET /index.php?lokasie=/proc/867031/net/protocols&loknya=/proc/867031/net HTTP/1.1" 200 6332 "http://jforte.com.br/index.php?loknya=/proc/867031/net" "Mozilla/5.0 AppleWebKit/537.36 (KHTML, like Gecko; compatible; GPTBot/1.4; +https://openai.com/gptbot)"
74.7.227.9 - - [14/Jul/2026:21:17:40 -0300] "GET /index.php?lokasie=/proc/867031/net/connector&loknya=/proc/867031/net HTTP/1.1" 200 4127 "http://jforte.com.br/index.php?loknya=/proc/867031/net" "Mozilla/5.0 AppleWebKit/537.36 (KHTML, like Gecko; compatible; GPTBot/1.4; +https://openai.com/gptbot)"
74.7.227.9 - - [14/Jul/2026:21:17:41 -0300] "GET /index.php?lokasie=/proc/867031/net/ip_mr_cache&loknya=/proc/867031/net HTTP/1.1" 200 4144 "http://jforte.com.br/index.php?loknya=/proc/867031/net" "Mozilla/5.0 AppleWebKit/537.36 (KHTML, like Gecko; compatible; GPTBot/1.4; +https://openai.com/gptbot)"
45.130.83.101 - - [14/Jul/2026:21:17:41 -0300] "GET /wp-admin/index.php HTTP/1.1" 200 149661 "http://jforte.com.br/wp-login.php" "Mozilla/5.0 (Windows NT 11.0; Win64; x64; rv:119.0) Gecko/20100101 Firefox/119.0"
74.7.227.9 - - [14/Jul/2026:21:17:42 -0300] "GET /index.php?lokasie=/proc/867031/net/sockstat&loknya=/proc/867031/net HTTP/1.1" 200 4230 "http://jforte.com.br/index.php?loknya=/proc/867031/net" "Mozilla/5.0 AppleWebKit/537.36 (KHTML, like Gecko; compatible; GPTBot/1.4; +https://openai.com/gptbot)"
74.7.227.9 - - [14/Jul/2026:21:17:42 -0300] "GET /index.php?lokasie=/proc/867031/net/xfrm_stat&loknya=/proc/867031/net HTTP/1.1" 200 4844 "http://jforte.com.br/index.php?loknya=/proc/867031/net" "Mozilla/5.0 AppleWebKit/537.36 (KHTML, like Gecko; compatible; GPTBot/1.4; +https://openai.com/gptbot)"
45.130.83.101 - - [14/Jul/2026:21:17:43 -0300] "GET /wp-admin/profile.php HTTP/1.1" 200 149663 "http://jforte.com.br/wp-login.php" "Mozilla/5.0 (Windows NT 11.0; Win64; x64; rv:119.0) Gecko/20100101 Firefox/119.0"
74.7.227.9 - - [14/Jul/2026:21:17:43 -0300] "GET /index.php?lokasie=/proc/867031/net/dev_mcast&loknya=/proc/867031/net HTTP/1.1" 200 4134 "http://jforte.com.br/index.php?loknya=/proc/867031/net" "Mozilla/5.0 AppleWebKit/537.36 (KHTML, like Gecko; compatible; GPTBot/1.4; +https://openai.com/gptbot)"
74.7.227.9 - - [14/Jul/2026:21:17:44 -0300] "GET /index.php?lokasie=/proc/867031/net/mcfilter&loknya=/proc/867031/net HTTP/1.1" 200 4134 "http://jforte.com.br/index.php?loknya=/proc/867031/net" "Mozilla/5.0 AppleWebKit/537.36 (KHTML, like Gecko; compatible; GPTBot/1.4; +https://openai.com/gptbot)"
45.130.83.101 - - [14/Jul/2026:21:17:44 -0300] "GET /wp-admin/edit.php HTTP/1.1" 200 149660 "http://jforte.com.br/wp-login.php" "Mozilla/5.0 (Windows NT 11.0; Win64; x64; rv:119.0) Gecko/20100101 Firefox/119.0"
74.7.227.9 - - [14/Jul/2026:21:17:44 -0300] "GET /index.php?lokasie=/proc/867031/net/ptype&loknya=/proc/867031/net HTTP/1.1" 200 4202 "http://jforte.com.br/index.php?loknya=/proc/867031/net" "Mozilla/5.0 AppleWebKit/537.36 (KHTML, like Gecko; compatible; GPTBot/1.4; +https://openai.com/gptbot)"
74.7.227.9 - - [14/Jul/2026:21:17:45 -0300] "GET /index.php?lokasie=/proc/342538/net/udplite6&loknya=/proc/342538/net HTTP/1.1" 200 4253 "http://jforte.com.br/index.php?loknya=/proc/342538/net" "Mozilla/5.0 AppleWebKit/537.36 (KHTML, like Gecko; compatible; GPTBot/1.4; +https://openai.com/gptbot)"
45.130.83.101 - - [14/Jul/2026:21:17:45 -0300] "GET /wp-admin/plugins.php HTTP/1.1" 200 149663 "http://jforte.com.br/wp-login.php" "Mozilla/5.0 (Windows NT 11.0; Win64; x64; rv:119.0) Gecko/20100101 Firefox/119.0"
74.7.227.9 - - [14/Jul/2026:21:17:45 -0300] "GET /index.php?lokasie=/proc/342538/net/connector&loknya=/proc/342538/net HTTP/1.1" 200 4127 "http://jforte.com.br/index.php?loknya=/proc/342538/net" "Mozilla/5.0 AppleWebKit/537.36 (KHTML, like Gecko; compatible; GPTBot/1.4; +https://openai.com/gptbot)"
74.7.227.9 - - [14/Jul/2026:21:17:46 -0300] "GET /index.php?lokasie=/proc/1976/limits&loknya=/proc/1976 HTTP/1.1" 200 5355 "http://jforte.com.br/index.php?loknya=/proc/1976" "Mozilla/5.0 AppleWebKit/537.36 (KHTML, like Gecko; compatible; GPTBot/1.4; +https://openai.com/gptbot)"
74.7.227.9 - - [14/Jul/2026:21:17:47 -0300] "GET /index.php?lokasie=/proc/138850/net/connector&loknya=/proc/138850/net HTTP/1.1" 200 4127 "http://jforte.com.br/index.php?loknya=/proc/138850/net" "Mozilla/5.0 AppleWebKit/537.36 (KHTML, like Gecko; compatible; GPTBot/1.4; +https://openai.com/gptbot)"
45.130.83.101 - - [14/Jul/2026:21:17:47 -0300] "POST /wp-login.php HTTP/1.1" 200 62780 "http://jforte.com.br/wp-login.php" "Mozilla/5.0 (Macintosh; Intel Mac OS X 10_15_7) AppleWebKit/605.1.15 (KHTML, like Gecko) Version/17.2 Safari/605.1.15"
74.7.227.9 - - [14/Jul/2026:21:17:47 -0300] "GET /index.php?lokasie=/proc/138850/net/protocols&loknya=/proc/138850/net HTTP/1.1" 200 6332 "http://jforte.com.br/index.php?loknya=/proc/138850/net" "Mozilla/5.0 AppleWebKit/537.36 (KHTML, like Gecko; compatible; GPTBot/1.4; +https://openai.com/gptbot)"
74.7.227.9 - - [14/Jul/2026:21:17:48 -0300] "GET /index.php?lokasie=/proc/342538/net/protocols&loknya=/proc/342538/net HTTP/1.1" 200 6332 "http://jforte.com.br/index.php?loknya=/proc/342538/net" "Mozilla/5.0 AppleWebKit/537.36 (KHTML, like Gecko; compatible; GPTBot/1.4; +https://openai.com/gptbot)"
45.130.83.101 - - [14/Jul/2026:21:17:49 -0300] "GET /wp-admin/index.php HTTP/1.1" 200 149661 "http://jforte.com.br/wp-login.php" "Mozilla/5.0 (Macintosh; Intel Mac OS X 10_15_7) AppleWebKit/605.1.15 (KHTML, like Gecko) Version/17.0 Safari/605.1.15"
74.7.227.9 - - [14/Jul/2026:21:17:49 -0300] "GET /index.php?lokasie=/proc/138850/net/ip_mr_cache&loknya=/proc/138850/net HTTP/1.1" 200 4144 "http://jforte.com.br/index.php?loknya=/proc/138850/net" "Mozilla/5.0 AppleWebKit/537.36 (KHTML, like Gecko; compatible; GPTBot/1.4; +https://openai.com/gptbot)"
74.7.227.9 - - [14/Jul/2026:21:17:49 -0300] "GET /index.php?lokasie=/proc/342538/net/ip_mr_cache&loknya=/proc/342538/net HTTP/1.1" 200 4144 "http://jforte.com.br/index.php?loknya=/proc/342538/net" "Mozilla/5.0 AppleWebKit/537.36 (KHTML, like Gecko; compatible; GPTBot/1.4; +https://openai.com/gptbot)"
45.130.83.101 - - [14/Jul/2026:21:17:49 -0300] "GET /wp-admin/profile.php HTTP/1.1" 200 149663 "http://jforte.com.br/wp-login.php" "Mozilla/5.0 (Macintosh; Intel Mac OS X 10_15_7) AppleWebKit/605.1.15 (KHTML, like Gecko) Version/17.0 Safari/605.1.15"
74.7.227.9 - - [14/Jul/2026:21:17:50 -0300] "GET /index.php?lokasie=/proc/342538/net/sockstat&loknya=/proc/342538/net HTTP/1.1" 200 4230 "http://jforte.com.br/index.php?loknya=/proc/342538/net" "Mozilla/5.0 AppleWebKit/537.36 (KHTML, like Gecko; compatible; GPTBot/1.4; +https://openai.com/gptbot)"
74.7.227.9 - - [14/Jul/2026:21:17:51 -0300] "GET /index.php?lokasie=/proc/138850/net/sockstat&loknya=/proc/138850/net HTTP/1.1" 200 4230 "http://jforte.com.br/index.php?loknya=/proc/138850/net" "Mozilla/5.0 AppleWebKit/537.36 (KHTML, like Gecko; compatible; GPTBot/1.4; +https://openai.com/gptbot)"
45.130.83.101 - - [14/Jul/2026:21:17:51 -0300] "GET /wp-admin/edit.php HTTP/1.1" 200 149660 "http://jforte.com.br/wp-login.php" "Mozilla/5.0 (Macintosh; Intel Mac OS X 10_15_7) AppleWebKit/605.1.15 (KHTML, like Gecko) Version/17.0 Safari/605.1.15"
74.7.227.9 - - [14/Jul/2026:21:17:51 -0300] "GET /index.php?lokasie=/proc/342538/net/mcfilter&loknya=/proc/342538/net HTTP/1.1" 200 4134 "http://jforte.com.br/index.php?loknya=/proc/342538/net" "Mozilla/5.0 AppleWebKit/537.36 (KHTML, like Gecko; compatible; GPTBot/1.4; +https://openai.com/gptbot)"
45.130.83.101 - - [14/Jul/2026:21:17:52 -0300] "GET /wp-admin/plugins.php HTTP/1.1" 200 149663 "http://jforte.com.br/wp-login.php" "Mozilla/5.0 (Macintosh; Intel Mac OS X 10_15_7) AppleWebKit/605.1.15 (KHTML, like Gecko) Version/17.0 Safari/605.1.15"
74.7.227.9 - - [14/Jul/2026:21:17:52 -0300] "GET /index.php?lokasie=/proc/138850/net/mcfilter&loknya=/proc/138850/net HTTP/1.1" 200 4134 "http://jforte.com.br/index.php?loknya=/proc/138850/net" "Mozilla/5.0 AppleWebKit/537.36 (KHTML, like Gecko; compatible; GPTBot/1.4; +https://openai.com/gptbot)"
74.7.227.9 - - [14/Jul/2026:21:17:53 -0300] "GET /index.php?lokasie=/proc/138850/net/xfrm_stat&loknya=/proc/138850/net HTTP/1.1" 200 4844 "http://jforte.com.br/index.php?loknya=/proc/138850/net" "Mozilla/5.0 AppleWebKit/537.36 (KHTML, like Gecko; compatible; GPTBot/1.4; +https://openai.com/gptbot)"
74.7.227.9 - - [14/Jul/2026:21:17:53 -0300] "GET /index.php?lokasie=/proc/342538/net/xfrm_stat&loknya=/proc/342538/net HTTP/1.1" 200 4844 "http://jforte.com.br/index.php?loknya=/proc/342538/net" "Mozilla/5.0 AppleWebKit/537.36 (KHTML, like Gecko; compatible; GPTBot/1.4; +https://openai.com/gptbot)"
45.130.83.101 - - [14/Jul/2026:21:17:54 -0300] "POST /wp-login.php HTTP/1.1" 200 62780 "http://jforte.com.br/wp-login.php" "Mozilla/5.0 (Macintosh; Intel Mac OS X 10_15_7) AppleWebKit/537.36 (KHTML, like Gecko) Chrome/121.0.0.0 Safari/537.36"
74.7.227.9 - - [14/Jul/2026:21:17:54 -0300] "GET /index.php?lokasie=/proc/138850/net/dev_mcast&loknya=/proc/138850/net HTTP/1.1" 200 4134 "http://jforte.com.br/index.php?loknya=/proc/138850/net" "Mozilla/5.0 AppleWebKit/537.36 (KHTML, like Gecko; compatible; GPTBot/1.4; +https://openai.com/gptbot)"
74.7.227.9 - - [14/Jul/2026:21:17:54 -0300] "GET /index.php?lokasie=/proc/342538/net/dev_mcast&loknya=/proc/342538/net HTTP/1.1" 200 4134 "http://jforte.com.br/index.php?loknya=/proc/342538/net" "Mozilla/5.0 AppleWebKit/537.36 (KHTML, like Gecko; compatible; GPTBot/1.4; +https://openai.com/gptbot)"
45.130.83.101 - - [14/Jul/2026:21:17:54 -0300] "GET /wp-admin/index.php HTTP/1.1" 200 149661 "http://jforte.com.br/wp-login.php" "Mozilla/5.0 (Windows NT 11.0; Win64; x64) AppleWebKit/537.36 (KHTML, like Gecko) Chrome/121.0.0.0 Safari/537.36"
74.7.227.9 - - [14/Jul/2026:21:17:55 -0300] "GET /index.php?lokasie=/proc/342538/net/route&loknya=/proc/342538/net HTTP/1.1" 200 4596 "http://jforte.com.br/index.php?loknya=/proc/342538/net" "Mozilla/5.0 AppleWebKit/537.36 (KHTML, like Gecko; compatible; GPTBot/1.4; +https://openai.com/gptbot)"
74.7.227.9 - - [14/Jul/2026:21:17:56 -0300] "GET /index.php?lokasie=/proc/342538/net/snmp&loknya=/proc/342538/net HTTP/1.1" 200 5502 "http://jforte.com.br/index.php?loknya=/proc/342538/net" "Mozilla/5.0 AppleWebKit/537.36 (KHTML, like Gecko; compatible; GPTBot/1.4; +https://openai.com/gptbot)"
74.7.227.9 - - [14/Jul/2026:21:17:56 -0300] "GET /index.php?lokasie=/proc/138850/net/unix&loknya=/proc/138850/net HTTP/1.1" 200 110258 "http://jforte.com.br/index.php?loknya=/proc/138850/net" "Mozilla/5.0 AppleWebKit/537.36 (KHTML, like Gecko; compatible; GPTBot/1.4; +https://openai.com/gptbot)"
45.130.83.101 - - [14/Jul/2026:21:17:57 -0300] "GET /wp-admin/profile.php HTTP/1.1" 200 149663 "http://jforte.com.br/wp-login.php" "Mozilla/5.0 (Windows NT 11.0; Win64; x64) AppleWebKit/537.36 (KHTML, like Gecko) Chrome/121.0.0.0 Safari/537.36"
74.7.227.9 - - [14/Jul/2026:21:17:57 -0300] "GET /index.php?lokasie=/proc/342538/net/unix&loknya=/proc/342538/net HTTP/1.1" 200 109866 "http://jforte.com.br/index.php?loknya=/proc/342538/net" "Mozilla/5.0 AppleWebKit/537.36 (KHTML, like Gecko; compatible; GPTBot/1.4; +https://openai.com/gptbot)"
74.7.227.9 - - [14/Jul/2026:21:17:58 -0300] "GET /index.php?lokasie=/proc/342538/net/icmp&loknya=/proc/342538/net HTTP/1.1" 200 4214 "http://jforte.com.br/index.php?loknya=/proc/342538/net" "Mozilla/5.0 AppleWebKit/537.36 (KHTML, like Gecko; compatible; GPTBot/1.4; +https://openai.com/gptbot)"
45.130.83.101 - - [14/Jul/2026:21:17:58 -0300] "GET /wp-admin/edit.php HTTP/1.1" 200 149660 "http://jforte.com.br/wp-login.php" "Mozilla/5.0 (Windows NT 11.0; Win64; x64) AppleWebKit/537.36 (KHTML, like Gecko) Chrome/121.0.0.0 Safari/537.36"
74.7.227.9 - - [14/Jul/2026:21:17:58 -0300] "GET /index.php?lokasie=/proc/138850/net/icmp&loknya=/proc/138850/net HTTP/1.1" 200 4214 "http://jforte.com.br/index.php?loknya=/proc/138850/net" "Mozilla/5.0 AppleWebKit/537.36 (KHTML, like Gecko; compatible; GPTBot/1.4; +https://openai.com/gptbot)"
74.7.227.9 - - [14/Jul/2026:21:17:59 -0300] "GET /index.php?lokasie=/proc/138850/net/snmp&loknya=/proc/138850/net HTTP/1.1" 200 5502 "http://jforte.com.br/index.php?loknya=/proc/138850/net" "Mozilla/5.0 AppleWebKit/537.36 (KHTML, like Gecko; compatible; GPTBot/1.4; +https://openai.com/gptbot)"
45.130.83.101 - - [14/Jul/2026:21:18:00 -0300] "GET /wp-admin/plugins.php HTTP/1.1" 200 149663 "http://jforte.com.br/wp-login.php" "Mozilla/5.0 (Windows NT 11.0; Win64; x64) AppleWebKit/537.36 (KHTML, like Gecko) Chrome/121.0.0.0 Safari/537.36"
74.7.227.9 - - [14/Jul/2026:21:18:00 -0300] "GET /index.php?lokasie=/proc/138850/net/ptype&loknya=/proc/138850/net HTTP/1.1" 200 4202 "http://jforte.com.br/index.php?loknya=/proc/138850/net" "Mozilla/5.0 AppleWebKit/537.36 (KHTML, like Gecko; compatible; GPTBot/1.4; +https://openai.com/gptbot)"
74.7.227.9 - - [14/Jul/2026:21:18:01 -0300] "GET /index.php?lokasie=/proc/138850/net/route&loknya=/proc/138850/net HTTP/1.1" 200 4596 "http://jforte.com.br/index.php?loknya=/proc/138850/net" "Mozilla/5.0 AppleWebKit/537.36 (KHTML, like Gecko; compatible; GPTBot/1.4; +https://openai.com/gptbot)"
74.7.227.9 - - [14/Jul/2026:21:18:01 -0300] "GET /index.php?lokasie=/proc/342538/net/ptype&loknya=/proc/342538/net HTTP/1.1" 200 4202 "http://jforte.com.br/index.php?loknya=/proc/342538/net" "Mozilla/5.0 AppleWebKit/537.36 (KHTML, like Gecko; compatible; GPTBot/1.4; +https://openai.com/gptbot)"
74.7.227.9 - - [14/Jul/2026:21:18:02 -0300] "GET /index.php?lokasie=/proc/342538/net/arp&loknya=/proc/342538/net HTTP/1.1" 200 4392 "http://jforte.com.br/index.php?loknya=/proc/342538/net" "Mozilla/5.0 AppleWebKit/537.36 (KHTML, like Gecko; compatible; GPTBot/1.4; +https://openai.com/gptbot)"
74.7.227.9 - - [14/Jul/2026:21:18:02 -0300] "GET /index.php?lokasie=/proc/342538/net/udp&loknya=/proc/342538/net HTTP/1.1" 200 5109 "http://jforte.com.br/index.php?loknya=/proc/342538/net" "Mozilla/5.0 AppleWebKit/537.36 (KHTML, like Gecko; compatible; GPTBot/1.4; +https://openai.com/gptbot)"
45.130.83.101 - - [14/Jul/2026:21:18:03 -0300] "POST /wp-login.php HTTP/1.1" 200 62780 "http://jforte.com.br/wp-login.php" "Mozilla/5.0 (Macintosh; Intel Mac OS X 10_15_7) AppleWebKit/605.1.15 (KHTML, like Gecko) Version/17.1 Safari/605.1.15"
74.7.227.9 - - [14/Jul/2026:21:18:03 -0300] "GET /index.php?lokasie=/proc/342538/net/rt_acct&loknya=/proc/342538/net HTTP/1.1" 200 8182 "http://jforte.com.br/index.php?loknya=/proc/342538/net" "Mozilla/5.0 AppleWebKit/537.36 (KHTML, like Gecko; compatible; GPTBot/1.4; +https://openai.com/gptbot)"
74.7.227.9 - - [14/Jul/2026:21:18:04 -0300] "GET /index.php?lokasie=/proc/342538/net/rt_cache&loknya=/proc/342538/net HTTP/1.1" 200 4215 "http://jforte.com.br/index.php?loknya=/proc/342538/net" "Mozilla/5.0 AppleWebKit/537.36 (KHTML, like Gecko; compatible; GPTBot/1.4; +https://openai.com/gptbot)"
45.130.83.101 - - [14/Jul/2026:21:18:04 -0300] "GET /wp-admin/index.php HTTP/1.1" 200 149661 "http://jforte.com.br/wp-login.php" "Mozilla/5.0 (X11; Ubuntu; Linux x86_64) AppleWebKit/537.36 (KHTML, like Gecko) Chrome/119.0.0.0 Safari/537.36"
74.7.227.9 - - [14/Jul/2026:21:18:04 -0300] "GET /index.php?lokasie=/proc/138850/net/tcp&loknya=/proc/138850/net HTTP/1.1" 200 111335 "http://jforte.com.br/index.php?loknya=/proc/138850/net" "Mozilla/5.0 AppleWebKit/537.36 (KHTML, like Gecko; compatible; GPTBot/1.4; +https://openai.com/gptbot)"
74.7.227.9 - - [14/Jul/2026:21:18:05 -0300] "GET /index.php?lokasie=/proc/867031/net/tcp&loknya=/proc/867031/net HTTP/1.1" 200 112085 "http://jforte.com.br/index.php?loknya=/proc/867031/net" "Mozilla/5.0 AppleWebKit/537.36 (KHTML, like Gecko; compatible; GPTBot/1.4; +https://openai.com/gptbot)"
45.130.83.101 - - [14/Jul/2026:21:18:06 -0300] "GET /wp-admin/profile.php HTTP/1.1" 200 149663 "http://jforte.com.br/wp-login.php" "Mozilla/5.0 (X11; Ubuntu; Linux x86_64) AppleWebKit/537.36 (KHTML, like Gecko) Chrome/119.0.0.0 Safari/537.36"
74.7.227.9 - - [14/Jul/2026:21:18:06 -0300] "GET /index.php?lokasie=/proc/138850/net/arp&loknya=/proc/138850/net HTTP/1.1" 200 4392 "http://jforte.com.br/index.php?loknya=/proc/138850/net" "Mozilla/5.0 AppleWebKit/537.36 (KHTML, like Gecko; compatible; GPTBot/1.4; +https://openai.com/gptbot)"
74.7.227.9 - - [14/Jul/2026:21:18:06 -0300] "GET /index.php?lokasie=/proc/138850/net/rt_cache&loknya=/proc/138850/net HTTP/1.1" 200 4215 "http://jforte.com.br/index.php?loknya=/proc/138850/net" "Mozilla/5.0 AppleWebKit/537.36 (KHTML, like Gecko; compatible; GPTBot/1.4; +https://openai.com/gptbot)"
74.7.227.9 - - [14/Jul/2026:21:18:07 -0300] "GET /index.php?lokasie=/proc/138850/net/rt_acct&loknya=/proc/138850/net HTTP/1.1" 200 8182 "http://jforte.com.br/index.php?loknya=/proc/138850/net" "Mozilla/5.0 AppleWebKit/537.36 (KHTML, like Gecko; compatible; GPTBot/1.4; +https://openai.com/gptbot)"
74.7.227.9 - - [14/Jul/2026:21:18:08 -0300] "GET /index.php?lokasie=/proc/867031/net/arp&loknya=/proc/867031/net HTTP/1.1" 200 4392 "http://jforte.com.br/index.php?loknya=/proc/867031/net" "Mozilla/5.0 AppleWebKit/537.36 (KHTML, like Gecko; compatible; GPTBot/1.4; +https://openai.com/gptbot)"
74.7.227.9 - - [14/Jul/2026:21:18:08 -0300] "GET /index.php?lokasie=/proc/342538/net/tcp&loknya=/proc/342538/net HTTP/1.1" 200 108035 "http://jforte.com.br/index.php?loknya=/proc/342538/net" "Mozilla/5.0 AppleWebKit/537.36 (KHTML, like Gecko; compatible; GPTBot/1.4; +https://openai.com/gptbot)"
45.130.83.101 - - [14/Jul/2026:21:18:08 -0300] "GET /wp-admin/edit.php HTTP/1.1" 200 149660 "http://jforte.com.br/wp-login.php" "Mozilla/5.0 (X11; Ubuntu; Linux x86_64) AppleWebKit/537.36 (KHTML, like Gecko) Chrome/119.0.0.0 Safari/537.36"
