45.92.229.139 - - [14/Jul/2026:20:48:12 -0300] "GET /wp-admin/edit.php HTTP/1.1" 200 149660 "http://jforte.com.br/wp-login.php" "Mozilla/5.0 (X11; Ubuntu; Linux x86_64) AppleWebKit/537.36 (KHTML, like Gecko) Chrome/121.0.0.0 Safari/537.36"
45.92.229.139 - - [14/Jul/2026:20:48:15 -0300] "GET /wp-admin/plugins.php HTTP/1.1" 200 149663 "http://jforte.com.br/wp-login.php" "Mozilla/5.0 (X11; Ubuntu; Linux x86_64) AppleWebKit/537.36 (KHTML, like Gecko) Chrome/121.0.0.0 Safari/537.36"
45.92.229.139 - - [14/Jul/2026:20:48:18 -0300] "POST /wp-login.php HTTP/1.1" 200 62780 "http://jforte.com.br/wp-login.php" "Mozilla/5.0 (X11; Ubuntu; Linux x86_64) AppleWebKit/537.36 (KHTML, like Gecko) Chrome/118.0.0.0 Safari/537.36"
45.92.229.139 - - [14/Jul/2026:20:48:22 -0300] "GET /wp-admin/index.php HTTP/1.1" 200 149661 "http://jforte.com.br/wp-login.php" "Mozilla/5.0 (Windows NT 10.0; Win64; x64; rv:120.0) Gecko/20100101 Firefox/120.0"
45.92.229.139 - - [14/Jul/2026:20:48:24 -0300] "GET /wp-admin/profile.php HTTP/1.1" 200 149663 "http://jforte.com.br/wp-login.php" "Mozilla/5.0 (Windows NT 10.0; Win64; x64; rv:120.0) Gecko/20100101 Firefox/120.0"
45.92.229.139 - - [14/Jul/2026:20:48:26 -0300] "GET /wp-admin/edit.php HTTP/1.1" 200 149660 "http://jforte.com.br/wp-login.php" "Mozilla/5.0 (Windows NT 10.0; Win64; x64; rv:120.0) Gecko/20100101 Firefox/120.0"
45.92.229.139 - - [14/Jul/2026:20:48:28 -0300] "GET /wp-admin/plugins.php HTTP/1.1" 200 149663 "http://jforte.com.br/wp-login.php" "Mozilla/5.0 (Windows NT 10.0; Win64; x64; rv:120.0) Gecko/20100101 Firefox/120.0"
45.130.83.90 - - [14/Jul/2026:20:48:38 -0300] "POST /wp-login.php HTTP/1.1" 200 62779 "http://jforte.com.br/wp-login.php" "Mozilla/5.0 (Macintosh; Intel Mac OS X 10_15_7; rv:121.0) Gecko/20100101 Firefox/121.0"
45.130.83.90 - - [14/Jul/2026:20:48:42 -0300] "GET /wp-admin/index.php HTTP/1.1" 200 149660 "http://jforte.com.br/wp-login.php" "Mozilla/5.0 (Macintosh; Intel Mac OS X 10_15_7; rv:118.0) Gecko/20100101 Firefox/118.0"
45.130.83.90 - - [14/Jul/2026:20:48:47 -0300] "GET /wp-admin/profile.php HTTP/1.1" 200 149662 "http://jforte.com.br/wp-login.php" "Mozilla/5.0 (Macintosh; Intel Mac OS X 10_15_7; rv:118.0) Gecko/20100101 Firefox/118.0"
45.130.83.95 - - [14/Jul/2026:20:48:55 -0300] "GET /wp-admin/edit.php HTTP/1.1" 200 149659 "http://jforte.com.br/wp-login.php" "Mozilla/5.0 (Macintosh; Intel Mac OS X 10_15_7; rv:118.0) Gecko/20100101 Firefox/118.0"
45.130.83.95 - - [14/Jul/2026:20:48:58 -0300] "GET /wp-admin/plugins.php HTTP/1.1" 200 149662 "http://jforte.com.br/wp-login.php" "Mozilla/5.0 (Macintosh; Intel Mac OS X 10_15_7; rv:118.0) Gecko/20100101 Firefox/118.0"
45.130.83.95 - - [14/Jul/2026:20:49:03 -0300] "POST /wp-login.php HTTP/1.1" 200 62779 "http://jforte.com.br/wp-login.php" "Mozilla/5.0 (Macintosh; Intel Mac OS X 13_6_1) AppleWebKit/605.1.15 (KHTML, like Gecko) Version/17.1 Safari/605.1.15"
45.130.83.95 - - [14/Jul/2026:20:49:06 -0300] "GET /wp-admin/index.php HTTP/1.1" 200 149660 "http://jforte.com.br/wp-login.php" "Mozilla/5.0 (Macintosh; Intel Mac OS X 13_6_1) AppleWebKit/605.1.15 (KHTML, like Gecko) Version/17.1 Safari/605.1.15"
45.130.83.95 - - [14/Jul/2026:20:49:09 -0300] "GET /wp-admin/profile.php HTTP/1.1" 200 149662 "http://jforte.com.br/wp-login.php" "Mozilla/5.0 (Macintosh; Intel Mac OS X 13_6_1) AppleWebKit/605.1.15 (KHTML, like Gecko) Version/17.1 Safari/605.1.15"
45.130.83.95 - - [14/Jul/2026:20:49:12 -0300] "GET /wp-admin/edit.php HTTP/1.1" 200 149659 "http://jforte.com.br/wp-login.php" "Mozilla/5.0 (Macintosh; Intel Mac OS X 13_6_1) AppleWebKit/605.1.15 (KHTML, like Gecko) Version/17.1 Safari/605.1.15"
45.130.83.95 - - [14/Jul/2026:20:49:16 -0300] "GET /wp-admin/plugins.php HTTP/1.1" 200 149662 "http://jforte.com.br/wp-login.php" "Mozilla/5.0 (Macintosh; Intel Mac OS X 13_6_1) AppleWebKit/605.1.15 (KHTML, like Gecko) Version/17.1 Safari/605.1.15"
45.130.83.95 - - [14/Jul/2026:20:49:20 -0300] "POST /wp-login.php HTTP/1.1" 200 62779 "http://jforte.com.br/wp-login.php" "Mozilla/5.0 (Macintosh; Intel Mac OS X 13_6_1) AppleWebKit/537.36 (KHTML, like Gecko) Chrome/118.0.0.0 Safari/537.36"
45.130.83.95 - - [14/Jul/2026:20:49:25 -0300] "GET /wp-admin/index.php HTTP/1.1" 200 149660 "http://jforte.com.br/wp-login.php" "Mozilla/5.0 (Macintosh; Intel Mac OS X 13_6_1; rv:119.0) Gecko/20100101 Firefox/119.0"
45.130.83.95 - - [14/Jul/2026:20:49:28 -0300] "GET /wp-admin/profile.php HTTP/1.1" 200 149662 "http://jforte.com.br/wp-login.php" "Mozilla/5.0 (Macintosh; Intel Mac OS X 13_6_1; rv:119.0) Gecko/20100101 Firefox/119.0"
45.130.83.95 - - [14/Jul/2026:20:49:30 -0300] "GET /wp-admin/edit.php HTTP/1.1" 200 149659 "http://jforte.com.br/wp-login.php" "Mozilla/5.0 (Macintosh; Intel Mac OS X 13_6_1; rv:119.0) Gecko/20100101 Firefox/119.0"
45.130.83.95 - - [14/Jul/2026:20:49:34 -0300] "GET /wp-admin/plugins.php HTTP/1.1" 200 149662 "http://jforte.com.br/wp-login.php" "Mozilla/5.0 (Macintosh; Intel Mac OS X 13_6_1; rv:119.0) Gecko/20100101 Firefox/119.0"
45.130.83.95 - - [14/Jul/2026:20:49:37 -0300] "POST /wp-login.php HTTP/1.1" 200 62779 "http://jforte.com.br/wp-login.php" "Mozilla/5.0 (X11; Ubuntu; Linux x86_64) AppleWebKit/537.36 (KHTML, like Gecko) Chrome/120.0.0.0 Safari/537.36"
45.130.83.95 - - [14/Jul/2026:20:49:42 -0300] "GET /wp-admin/index.php HTTP/1.1" 200 149660 "http://jforte.com.br/wp-login.php" "Mozilla/5.0 (Windows NT 10.0; Win64; x64) AppleWebKit/537.36 (KHTML, like Gecko) Chrome/118.0.0.0 Safari/537.36"
45.92.229.130 - - [14/Jul/2026:20:49:50 -0300] "GET /wp-admin/profile.php HTTP/1.1" 200 149663 "http://jforte.com.br/wp-login.php" "Mozilla/5.0 (Windows NT 10.0; Win64; x64) AppleWebKit/537.36 (KHTML, like Gecko) Chrome/118.0.0.0 Safari/537.36"
45.92.229.130 - - [14/Jul/2026:20:49:56 -0300] "GET /wp-admin/edit.php HTTP/1.1" 200 149660 "http://jforte.com.br/wp-login.php" "Mozilla/5.0 (Windows NT 10.0; Win64; x64) AppleWebKit/537.36 (KHTML, like Gecko) Chrome/118.0.0.0 Safari/537.36"
45.92.229.130 - - [14/Jul/2026:20:49:58 -0300] "GET /wp-admin/plugins.php HTTP/1.1" 200 149663 "http://jforte.com.br/wp-login.php" "Mozilla/5.0 (Windows NT 10.0; Win64; x64) AppleWebKit/537.36 (KHTML, like Gecko) Chrome/118.0.0.0 Safari/537.36"
45.92.229.130 - - [14/Jul/2026:20:50:02 -0300] "POST /wp-login.php HTTP/1.1" 200 62780 "http://jforte.com.br/wp-login.php" "Mozilla/5.0 (Macintosh; Intel Mac OS X 10_15_7) AppleWebKit/605.1.15 (KHTML, like Gecko) Version/17.1 Safari/605.1.15"
45.92.229.130 - - [14/Jul/2026:20:50:06 -0300] "GET /wp-admin/index.php HTTP/1.1" 200 149661 "http://jforte.com.br/wp-login.php" "Mozilla/5.0 (Macintosh; Intel Mac OS X 10_15_7) AppleWebKit/605.1.15 (KHTML, like Gecko) Version/16.6 Safari/605.1.15"
45.92.229.130 - - [14/Jul/2026:20:50:10 -0300] "GET /wp-admin/profile.php HTTP/1.1" 200 149663 "http://jforte.com.br/wp-login.php" "Mozilla/5.0 (Macintosh; Intel Mac OS X 10_15_7) AppleWebKit/605.1.15 (KHTML, like Gecko) Version/16.6 Safari/605.1.15"
45.92.229.130 - - [14/Jul/2026:20:50:13 -0300] "GET /wp-admin/edit.php HTTP/1.1" 200 149660 "http://jforte.com.br/wp-login.php" "Mozilla/5.0 (Macintosh; Intel Mac OS X 10_15_7) AppleWebKit/605.1.15 (KHTML, like Gecko) Version/16.6 Safari/605.1.15"
45.92.229.130 - - [14/Jul/2026:20:50:16 -0300] "GET /wp-admin/plugins.php HTTP/1.1" 200 149663 "http://jforte.com.br/wp-login.php" "Mozilla/5.0 (Macintosh; Intel Mac OS X 10_15_7) AppleWebKit/605.1.15 (KHTML, like Gecko) Version/16.6 Safari/605.1.15"
45.92.229.130 - - [14/Jul/2026:20:50:18 -0300] "POST /wp-login.php HTTP/1.1" 200 62780 "http://jforte.com.br/wp-login.php" "Mozilla/5.0 (X11; Ubuntu; Linux x86_64) AppleWebKit/537.36 (KHTML, like Gecko) Chrome/120.0.0.0 Safari/537.36"
157.66.56.107 - - [14/Jul/2026:20:50:18 -0300] "GET /ALFA_DATA/alfacgiapi/perl.alfa HTTP/1.1" 200 62777 "-" "python-requests/2.33.0"
45.92.229.130 - - [14/Jul/2026:20:50:20 -0300] "GET /wp-admin/index.php HTTP/1.1" 200 149661 "http://jforte.com.br/wp-login.php" "Mozilla/5.0 (X11; Linux x86_64) AppleWebKit/537.36 (KHTML, like Gecko) Chrome/119.0.0.0 Safari/537.36"
157.66.56.107 - - [14/Jul/2026:20:50:20 -0300] "GET /LEVIATHAN/haxorcgiapi/perl.haxor HTTP/1.1" 200 62777 "-" "python-requests/2.33.0"
157.66.56.107 - - [14/Jul/2026:20:50:21 -0300] "GET /RIMURU/rimurucgiapi/perl.rimuru HTTP/1.1" 200 62777 "-" "python-requests/2.33.0"
157.66.56.107 - - [14/Jul/2026:20:50:22 -0300] "GET /Escobar/haxorcgiapi/perl.haxor HTTP/1.1" 200 62777 "-" "python-requests/2.33.0"
157.66.56.107 - - [14/Jul/2026:20:50:24 -0300] "GET /jancox/alfacgiapi/perl.alfa HTTP/1.1" 200 62777 "-" "python-requests/2.33.0"
45.92.229.130 - - [14/Jul/2026:20:50:24 -0300] "GET /wp-admin/profile.php HTTP/1.1" 200 149663 "http://jforte.com.br/wp-login.php" "Mozilla/5.0 (X11; Linux x86_64) AppleWebKit/537.36 (KHTML, like Gecko) Chrome/119.0.0.0 Safari/537.36"
157.66.56.107 - - [14/Jul/2026:20:50:25 -0300] "GET /ONIC_TIME/haxorcgiapi/perl.haxor HTTP/1.1" 200 62777 "-" "python-requests/2.33.0"
157.66.56.107 - - [14/Jul/2026:20:50:27 -0300] "GET /HxH/hxhcgiapi/perl.haxor HTTP/1.1" 200 62777 "-" "python-requests/2.33.0"
157.66.56.107 - - [14/Jul/2026:20:50:28 -0300] "GET /ROOT_TNY/alfacgiapi/perl.alfa HTTP/1.1" 200 62777 "-" "python-requests/2.33.0"
157.66.56.107 - - [14/Jul/2026:20:50:30 -0300] "GET /ONIC_ESPORT/haxorcgiapi/perl.haxor HTTP/1.1" 200 62777 "-" "python-requests/2.33.0"
157.66.56.107 - - [14/Jul/2026:20:50:31 -0300] "GET /SEOBARBAR_DATA/alfacgiapi/perl.alfa HTTP/1.1" 200 62777 "-" "python-requests/2.33.0"
157.66.56.107 - - [14/Jul/2026:20:50:32 -0300] "GET /SUKABINTANG01_DATA/sukabintang01cgiapi/perl.sukabintang01 HTTP/1.1" 200 62777 "-" "python-requests/2.33.0"
157.66.56.107 - - [14/Jul/2026:20:50:33 -0300] "GET /jixz1013_DATA/jixz1013cgiapi/perl.jixz1013 HTTP/1.1" 200 62777 "-" "python-requests/2.33.0"
157.66.56.107 - - [14/Jul/2026:20:50:35 -0300] "GET /WOLFSHELL/razorcgiapi/perl.haxor HTTP/1.1" 200 62777 "-" "python-requests/2.33.0"
157.66.56.107 - - [14/Jul/2026:20:50:36 -0300] "GET /wp-admin/LEVIATHAN/haxorcgiapi/perl.haxor HTTP/1.1" 200 62777 "-" "python-requests/2.33.0"
157.66.56.107 - - [14/Jul/2026:20:50:37 -0300] "GET /wp-admin/network/LEVIATHAN/haxorcgiapi/perl.alfa HTTP/1.1" 200 62777 "-" "python-requests/2.33.0"
45.130.83.95 - - [14/Jul/2026:20:50:37 -0300] "GET /wp-admin/plugins.php HTTP/1.1" 200 149662 "http://jforte.com.br/wp-login.php" "Mozilla/5.0 (X11; Linux x86_64) AppleWebKit/537.36 (KHTML, like Gecko) Chrome/119.0.0.0 Safari/537.36"
157.66.56.107 - - [14/Jul/2026:20:50:38 -0300] "GET /wp-content/LEVIATHAN/haxorcgiapi/perl.haxor HTTP/1.1" 200 62777 "-" "python-requests/2.33.0"
157.66.56.107 - - [14/Jul/2026:20:50:39 -0300] "GET /wp-content/uploads/ALFA_DATA/alfacgiapi/perl.alfa HTTP/1.1" 200 62777 "-" "python-requests/2.33.0"
157.66.56.107 - - [14/Jul/2026:20:50:41 -0300] "GET /wp-includes/LEVIATHAN/haxorcgiapi/perl.haxor HTTP/1.1" 200 62777 "-" "python-requests/2.33.0"
45.130.83.95 - - [14/Jul/2026:20:50:41 -0300] "POST /wp-login.php HTTP/1.1" 200 62779 "http://jforte.com.br/wp-login.php" "Mozilla/5.0 (Macintosh; Intel Mac OS X 13_6_1) AppleWebKit/537.36 (KHTML, like Gecko) Chrome/118.0.0.0 Safari/537.36"
157.66.56.107 - - [14/Jul/2026:20:50:42 -0300] "GET /uploads/pengumuman/LEVIATHAN/haxorcgiapi/perl.haxor HTTP/1.1" 200 62777 "-" "python-requests/2.33.0"
157.66.56.107 - - [14/Jul/2026:20:50:43 -0300] "GET /uploads/LEVIATHAN/haxorcgiapi/perl.haxor HTTP/1.1" 200 62777 "-" "python-requests/2.33.0"
45.130.83.95 - - [14/Jul/2026:20:50:43 -0300] "GET /wp-admin/index.php HTTP/1.1" 200 149660 "http://jforte.com.br/wp-login.php" "Mozilla/5.0 (Macintosh; Intel Mac OS X 13_6_1) AppleWebKit/605.1.15 (KHTML, like Gecko) Version/17.2 Safari/605.1.15"
157.66.56.107 - - [14/Jul/2026:20:50:45 -0300] "GET /images/LEVIATHAN/haxorcgiapi/perl.haxor HTTP/1.1" 200 62777 "-" "python-requests/2.33.0"
45.130.83.95 - - [14/Jul/2026:20:50:45 -0300] "GET /wp-admin/profile.php HTTP/1.1" 200 149662 "http://jforte.com.br/wp-login.php" "Mozilla/5.0 (Macintosh; Intel Mac OS X 13_6_1) AppleWebKit/605.1.15 (KHTML, like Gecko) Version/17.2 Safari/605.1.15"
157.66.56.107 - - [14/Jul/2026:20:50:46 -0300] "GET /img/LEVIATHAN/haxorcgiapi/perl.haxor HTTP/1.1" 200 62777 "-" "python-requests/2.33.0"
157.66.56.107 - - [14/Jul/2026:20:50:47 -0300] "GET /wp-admin/RIMURU/rimurucgiapi/perl.rimuru HTTP/1.1" 200 62777 "-" "python-requests/2.33.0"
157.66.56.107 - - [14/Jul/2026:20:50:48 -0300] "GET /wp-content/RIMURU/rimurucgiapi/perl.rimuru HTTP/1.1" 200 62777 "-" "python-requests/2.33.0"
157.66.56.107 - - [14/Jul/2026:20:50:49 -0300] "GET /wp-includes/RIMURU/rimurucgiapi/perl.rimuru HTTP/1.1" 200 62777 "-" "python-requests/2.33.0"
45.130.83.95 - - [14/Jul/2026:20:50:49 -0300] "GET /wp-admin/edit.php HTTP/1.1" 200 149659 "http://jforte.com.br/wp-login.php" "Mozilla/5.0 (Macintosh; Intel Mac OS X 13_6_1) AppleWebKit/605.1.15 (KHTML, like Gecko) Version/17.2 Safari/605.1.15"
157.66.56.107 - - [14/Jul/2026:20:50:50 -0300] "GET /uploads/pengumuman/RIMURU/rimurucgiapi/perl.rimuru HTTP/1.1" 200 62777 "-" "python-requests/2.33.0"
45.130.83.95 - - [14/Jul/2026:20:50:50 -0300] "GET /wp-admin/plugins.php HTTP/1.1" 200 149662 "http://jforte.com.br/wp-login.php" "Mozilla/5.0 (Macintosh; Intel Mac OS X 13_6_1) AppleWebKit/605.1.15 (KHTML, like Gecko) Version/17.2 Safari/605.1.15"
157.66.56.107 - - [14/Jul/2026:20:50:51 -0300] "GET /uploads/RIMURU/rimurucgiapi/perl.rimuru HTTP/1.1" 200 62777 "-" "python-requests/2.33.0"
45.130.83.95 - - [14/Jul/2026:20:50:53 -0300] "POST /wp-login.php HTTP/1.1" 200 62779 "http://jforte.com.br/wp-login.php" "Mozilla/5.0 (Macintosh; Intel Mac OS X 13_6_1) AppleWebKit/605.1.15 (KHTML, like Gecko) Version/17.0 Safari/605.1.15"
157.66.56.107 - - [14/Jul/2026:20:50:53 -0300] "GET /images/RIMURU/rimurucgiapi/perl.rimuru HTTP/1.1" 200 62777 "-" "python-requests/2.33.0"
157.66.56.107 - - [14/Jul/2026:20:50:54 -0300] "GET /img/RIMURU/rimurucgiapi/perl.rimuru HTTP/1.1" 200 62777 "-" "python-requests/2.33.0"
45.130.83.101 - - [14/Jul/2026:20:50:55 -0300] "GET /wp-admin/index.php HTTP/1.1" 200 149661 "http://jforte.com.br/wp-login.php" "Mozilla/5.0 (Macintosh; Intel Mac OS X 13_6_1; rv:119.0) Gecko/20100101 Firefox/119.0"
157.66.56.107 - - [14/Jul/2026:20:50:55 -0300] "GET /wp-admin/jancox/alfacgiapi/perl.alfa HTTP/1.1" 200 62777 "-" "python-requests/2.33.0"
157.66.56.107 - - [14/Jul/2026:20:50:57 -0300] "GET /wp-content/jancox/alfacgiapi/perl.alfa HTTP/1.1" 200 62777 "-" "python-requests/2.33.0"
157.66.56.107 - - [14/Jul/2026:20:50:58 -0300] "GET /wp-includes/jancox/alfacgiapi/perl.alfa HTTP/1.1" 200 62777 "-" "python-requests/2.33.0"
157.66.56.107 - - [14/Jul/2026:20:51:00 -0300] "GET /uploads/pengumuman/jancox/alfacgiapi/perl.alfa HTTP/1.1" 200 62777 "-" "python-requests/2.33.0"
157.66.56.107 - - [14/Jul/2026:20:51:02 -0300] "GET /uploads/jancox/alfacgiapi/perl.alfa HTTP/1.1" 200 62777 "-" "python-requests/2.33.0"
157.66.56.107 - - [14/Jul/2026:20:51:03 -0300] "GET /images/jancox/alfacgiapi/perl.alfa HTTP/1.1" 200 62777 "-" "python-requests/2.33.0"
157.66.56.107 - - [14/Jul/2026:20:51:05 -0300] "GET /img/jancox/alfacgiapi/perl.alfa HTTP/1.1" 200 62777 "-" "python-requests/2.33.0"
45.92.229.121 - - [14/Jul/2026:20:51:05 -0300] "GET /wp-admin/profile.php HTTP/1.1" 200 149663 "http://jforte.com.br/wp-login.php" "Mozilla/5.0 (Macintosh; Intel Mac OS X 13_6_1; rv:119.0) Gecko/20100101 Firefox/119.0"
157.66.56.107 - - [14/Jul/2026:20:51:06 -0300] "GET /wp-admin/ALFA_DATA/alfacgiapi/perl.alfa HTTP/1.1" 200 62777 "-" "python-requests/2.33.0"
157.66.56.107 - - [14/Jul/2026:20:51:07 -0300] "GET /wp-content/ALFA_DATA/alfacgiapi/perl.alfa HTTP/1.1" 200 62777 "-" "python-requests/2.33.0"
157.66.56.107 - - [14/Jul/2026:20:51:09 -0300] "GET /wp-includes/ALFA_DATA/alfacgiapi/perl.alfa HTTP/1.1" 200 62777 "-" "python-requests/2.33.0"
157.66.56.107 - - [14/Jul/2026:20:51:10 -0300] "GET /uploads/pengumuman/ALFA_DATA/alfacgiapi/perl.alfa HTTP/1.1" 200 62777 "-" "python-requests/2.33.0"
45.130.83.95 - - [14/Jul/2026:20:51:10 -0300] "GET /wp-admin/edit.php HTTP/1.1" 200 149659 "http://jforte.com.br/wp-login.php" "Mozilla/5.0 (Macintosh; Intel Mac OS X 13_6_1; rv:119.0) Gecko/20100101 Firefox/119.0"
157.66.56.107 - - [14/Jul/2026:20:51:12 -0300] "GET /uploads/ALFA_DATA/alfacgiapi/perl.alfa HTTP/1.1" 200 62777 "-" "python-requests/2.33.0"
157.66.56.107 - - [14/Jul/2026:20:51:13 -0300] "GET /images/ALFA_DATA/alfacgiapi/perl.alfa HTTP/1.1" 200 62777 "-" "python-requests/2.33.0"
157.66.56.107 - - [14/Jul/2026:20:51:14 -0300] "GET /img/ALFA_DATA/alfacgiapi/perl.alfa HTTP/1.1" 200 62777 "-" "python-requests/2.33.0"
45.92.229.129 - - [14/Jul/2026:20:51:19 -0300] "POST /wp-login.php HTTP/1.1" 200 62780 "http://jforte.com.br/wp-login.php" "Mozilla/5.0 (Windows NT 11.0; Win64; x64) AppleWebKit/537.36 (KHTML, like Gecko) Chrome/120.0.0.0 Safari/537.36"
45.92.229.129 - - [14/Jul/2026:20:51:24 -0300] "GET /wp-admin/index.php HTTP/1.1" 200 149661 "http://jforte.com.br/wp-login.php" "Mozilla/5.0 (Macintosh; Intel Mac OS X 13_6_1) AppleWebKit/537.36 (KHTML, like Gecko) Chrome/119.0.0.0 Safari/537.36"
45.92.229.132 - - [14/Jul/2026:20:51:32 -0300] "GET /wp-admin/edit.php HTTP/1.1" 200 149660 "http://jforte.com.br/wp-login.php" "Mozilla/5.0 (Macintosh; Intel Mac OS X 13_6_1) AppleWebKit/537.36 (KHTML, like Gecko) Chrome/119.0.0.0 Safari/537.36"
45.92.229.132 - - [14/Jul/2026:20:51:38 -0300] "GET /wp-admin/plugins.php HTTP/1.1" 200 149663 "http://jforte.com.br/wp-login.php" "Mozilla/5.0 (Macintosh; Intel Mac OS X 13_6_1) AppleWebKit/537.36 (KHTML, like Gecko) Chrome/119.0.0.0 Safari/537.36"
45.130.83.111 - - [14/Jul/2026:20:51:45 -0300] "POST /wp-login.php HTTP/1.1" 200 62780 "http://jforte.com.br/wp-login.php" "Mozilla/5.0 (Windows NT 10.0; Win64; x64; rv:118.0) Gecko/20100101 Firefox/118.0"
45.130.83.92 - - [14/Jul/2026:20:51:51 -0300] "GET /wp-admin/profile.php HTTP/1.1" 200 149662 "http://jforte.com.br/wp-login.php" "Mozilla/5.0 (X11; Ubuntu; Linux x86_64) AppleWebKit/537.36 (KHTML, like Gecko) Chrome/118.0.0.0 Safari/537.36"
45.130.83.92 - - [14/Jul/2026:20:51:55 -0300] "GET /wp-admin/edit.php HTTP/1.1" 200 149659 "http://jforte.com.br/wp-login.php" "Mozilla/5.0 (X11; Ubuntu; Linux x86_64) AppleWebKit/537.36 (KHTML, like Gecko) Chrome/118.0.0.0 Safari/537.36"
45.130.83.92 - - [14/Jul/2026:20:51:58 -0300] "GET /wp-admin/plugins.php HTTP/1.1" 200 149662 "http://jforte.com.br/wp-login.php" "Mozilla/5.0 (X11; Ubuntu; Linux x86_64) AppleWebKit/537.36 (KHTML, like Gecko) Chrome/118.0.0.0 Safari/537.36"
45.130.83.92 - - [14/Jul/2026:20:52:01 -0300] "POST /wp-login.php HTTP/1.1" 200 62779 "http://jforte.com.br/wp-login.php" "Mozilla/5.0 (Macintosh; Intel Mac OS X 13_6_1; rv:120.0) Gecko/20100101 Firefox/120.0"
45.130.83.92 - - [14/Jul/2026:20:52:02 -0300] "GET /wp-admin/index.php HTTP/1.1" 200 149660 "http://jforte.com.br/wp-login.php" "Mozilla/5.0 (Windows NT 10.0; Win64; x64) AppleWebKit/537.36 (KHTML, like Gecko) Chrome/118.0.0.0 Safari/537.36"
45.130.83.92 - - [14/Jul/2026:20:52:05 -0300] "GET /wp-admin/profile.php HTTP/1.1" 200 149662 "http://jforte.com.br/wp-login.php" "Mozilla/5.0 (Windows NT 10.0; Win64; x64) AppleWebKit/537.36 (KHTML, like Gecko) Chrome/118.0.0.0 Safari/537.36"
45.130.83.92 - - [14/Jul/2026:20:52:07 -0300] "GET /wp-admin/edit.php HTTP/1.1" 200 149659 "http://jforte.com.br/wp-login.php" "Mozilla/5.0 (Windows NT 10.0; Win64; x64) AppleWebKit/537.36 (KHTML, like Gecko) Chrome/118.0.0.0 Safari/537.36"
45.130.83.92 - - [14/Jul/2026:20:52:09 -0300] "GET /wp-admin/plugins.php HTTP/1.1" 200 149662 "http://jforte.com.br/wp-login.php" "Mozilla/5.0 (Windows NT 10.0; Win64; x64) AppleWebKit/537.36 (KHTML, like Gecko) Chrome/118.0.0.0 Safari/537.36"
45.130.83.92 - - [14/Jul/2026:20:52:12 -0300] "POST /wp-login.php HTTP/1.1" 200 62779 "http://jforte.com.br/wp-login.php" "Mozilla/5.0 (Windows NT 10.0; Win64; x64; rv:118.0) Gecko/20100101 Firefox/118.0"
45.130.83.92 - - [14/Jul/2026:20:52:13 -0300] "GET /wp-admin/index.php HTTP/1.1" 200 149660 "http://jforte.com.br/wp-login.php" "Mozilla/5.0 (X11; Ubuntu; Linux x86_64) AppleWebKit/537.36 (KHTML, like Gecko) Chrome/120.0.0.0 Safari/537.36"
45.130.83.92 - - [14/Jul/2026:20:52:15 -0300] "GET /wp-admin/profile.php HTTP/1.1" 200 149662 "http://jforte.com.br/wp-login.php" "Mozilla/5.0 (X11; Ubuntu; Linux x86_64) AppleWebKit/537.36 (KHTML, like Gecko) Chrome/120.0.0.0 Safari/537.36"
45.130.83.92 - - [14/Jul/2026:20:52:18 -0300] "GET /wp-admin/edit.php HTTP/1.1" 200 149659 "http://jforte.com.br/wp-login.php" "Mozilla/5.0 (X11; Ubuntu; Linux x86_64) AppleWebKit/537.36 (KHTML, like Gecko) Chrome/120.0.0.0 Safari/537.36"
45.130.83.92 - - [14/Jul/2026:20:52:22 -0300] "GET /wp-admin/plugins.php HTTP/1.1" 200 149662 "http://jforte.com.br/wp-login.php" "Mozilla/5.0 (X11; Ubuntu; Linux x86_64) AppleWebKit/537.36 (KHTML, like Gecko) Chrome/120.0.0.0 Safari/537.36"
45.130.83.92 - - [14/Jul/2026:20:52:25 -0300] "POST /wp-login.php HTTP/1.1" 200 62779 "http://jforte.com.br/wp-login.php" "Mozilla/5.0 (Macintosh; Intel Mac OS X 10_15_7) AppleWebKit/605.1.15 (KHTML, like Gecko) Version/16.6 Safari/605.1.15"
45.130.83.92 - - [14/Jul/2026:20:52:27 -0300] "GET /wp-admin/index.php HTTP/1.1" 200 149660 "http://jforte.com.br/wp-login.php" "Mozilla/5.0 (Windows NT 11.0; Win64; x64) AppleWebKit/537.36 (KHTML, like Gecko) Chrome/120.0.0.0 Safari/537.36"
45.130.83.92 - - [14/Jul/2026:20:52:32 -0300] "GET /wp-admin/profile.php HTTP/1.1" 200 149662 "http://jforte.com.br/wp-login.php" "Mozilla/5.0 (Windows NT 11.0; Win64; x64) AppleWebKit/537.36 (KHTML, like Gecko) Chrome/120.0.0.0 Safari/537.36"
45.130.83.104 - - [14/Jul/2026:20:52:43 -0300] "GET /wp-admin/edit.php HTTP/1.1" 200 149660 "http://jforte.com.br/wp-login.php" "Mozilla/5.0 (Windows NT 11.0; Win64; x64) AppleWebKit/537.36 (KHTML, like Gecko) Chrome/120.0.0.0 Safari/537.36"
45.92.229.117 - - [14/Jul/2026:20:52:59 -0300] "GET /wp-admin/plugins.php HTTP/1.1" 200 149663 "http://jforte.com.br/wp-login.php" "Mozilla/5.0 (Windows NT 11.0; Win64; x64) AppleWebKit/537.36 (KHTML, like Gecko) Chrome/120.0.0.0 Safari/537.36"
45.92.229.117 - - [14/Jul/2026:20:53:04 -0300] "POST /wp-login.php HTTP/1.1" 200 62780 "http://jforte.com.br/wp-login.php" "Mozilla/5.0 (Macintosh; Intel Mac OS X 13_6_1) AppleWebKit/537.36 (KHTML, like Gecko) Chrome/118.0.0.0 Safari/537.36"
45.92.229.117 - - [14/Jul/2026:20:53:06 -0300] "GET /wp-admin/index.php HTTP/1.1" 200 149661 "http://jforte.com.br/wp-login.php" "Mozilla/5.0 (Windows NT 11.0; Win64; x64; rv:121.0) Gecko/20100101 Firefox/121.0"
45.92.229.117 - - [14/Jul/2026:20:53:08 -0300] "GET /wp-admin/profile.php HTTP/1.1" 200 149663 "http://jforte.com.br/wp-login.php" "Mozilla/5.0 (Windows NT 11.0; Win64; x64; rv:121.0) Gecko/20100101 Firefox/121.0"
45.92.229.117 - - [14/Jul/2026:20:53:10 -0300] "GET /wp-admin/edit.php HTTP/1.1" 200 149660 "http://jforte.com.br/wp-login.php" "Mozilla/5.0 (Windows NT 11.0; Win64; x64; rv:121.0) Gecko/20100101 Firefox/121.0"
45.92.229.117 - - [14/Jul/2026:20:53:12 -0300] "GET /wp-admin/plugins.php HTTP/1.1" 200 149663 "http://jforte.com.br/wp-login.php" "Mozilla/5.0 (Windows NT 11.0; Win64; x64; rv:121.0) Gecko/20100101 Firefox/121.0"
45.92.229.117 - - [14/Jul/2026:20:53:14 -0300] "POST /wp-login.php HTTP/1.1" 200 62780 "http://jforte.com.br/wp-login.php" "Mozilla/5.0 (Macintosh; Intel Mac OS X 10_15_7) AppleWebKit/605.1.15 (KHTML, like Gecko) Version/17.1 Safari/605.1.15"
45.92.229.117 - - [14/Jul/2026:20:53:16 -0300] "GET /wp-admin/index.php HTTP/1.1" 200 149661 "http://jforte.com.br/wp-login.php" "Mozilla/5.0 (X11; Linux x86_64) AppleWebKit/537.36 (KHTML, like Gecko) Chrome/118.0.0.0 Safari/537.36"
45.92.229.117 - - [14/Jul/2026:20:53:19 -0300] "GET /wp-admin/profile.php HTTP/1.1" 200 149663 "http://jforte.com.br/wp-login.php" "Mozilla/5.0 (X11; Linux x86_64) AppleWebKit/537.36 (KHTML, like Gecko) Chrome/118.0.0.0 Safari/537.36"
45.92.229.117 - - [14/Jul/2026:20:53:20 -0300] "GET /wp-admin/edit.php HTTP/1.1" 200 149660 "http://jforte.com.br/wp-login.php" "Mozilla/5.0 (X11; Linux x86_64) AppleWebKit/537.36 (KHTML, like Gecko) Chrome/118.0.0.0 Safari/537.36"
45.92.229.117 - - [14/Jul/2026:20:53:22 -0300] "GET /wp-admin/plugins.php HTTP/1.1" 200 149663 "http://jforte.com.br/wp-login.php" "Mozilla/5.0 (X11; Linux x86_64) AppleWebKit/537.36 (KHTML, like Gecko) Chrome/118.0.0.0 Safari/537.36"
45.92.229.117 - - [14/Jul/2026:20:53:23 -0300] "POST /wp-login.php HTTP/1.1" 200 62780 "http://jforte.com.br/wp-login.php" "Mozilla/5.0 (Windows NT 10.0; Win64; x64) AppleWebKit/537.36 (KHTML, like Gecko) Chrome/119.0.0.0 Safari/537.36"
45.92.229.117 - - [14/Jul/2026:20:53:25 -0300] "GET /wp-admin/index.php HTTP/1.1" 200 149661 "http://jforte.com.br/wp-login.php" "Mozilla/5.0 (Windows NT 11.0; Win64; x64; rv:118.0) Gecko/20100101 Firefox/118.0"
45.92.229.117 - - [14/Jul/2026:20:53:29 -0300] "GET /wp-admin/profile.php HTTP/1.1" 200 149663 "http://jforte.com.br/wp-login.php" "Mozilla/5.0 (Windows NT 11.0; Win64; x64; rv:118.0) Gecko/20100101 Firefox/118.0"
45.92.229.117 - - [14/Jul/2026:20:53:30 -0300] "GET /wp-admin/edit.php HTTP/1.1" 200 149660 "http://jforte.com.br/wp-login.php" "Mozilla/5.0 (Windows NT 11.0; Win64; x64; rv:118.0) Gecko/20100101 Firefox/118.0"
45.92.229.117 - - [14/Jul/2026:20:53:33 -0300] "GET /wp-admin/plugins.php HTTP/1.1" 200 149663 "http://jforte.com.br/wp-login.php" "Mozilla/5.0 (Windows NT 11.0; Win64; x64; rv:118.0) Gecko/20100101 Firefox/118.0"
45.92.229.117 - - [14/Jul/2026:20:53:34 -0300] "POST /wp-login.php HTTP/1.1" 200 62780 "http://jforte.com.br/wp-login.php" "Mozilla/5.0 (Macintosh; Intel Mac OS X 10_15_7; rv:118.0) Gecko/20100101 Firefox/118.0"
45.92.229.117 - - [14/Jul/2026:20:53:37 -0300] "GET /wp-admin/index.php HTTP/1.1" 200 149661 "http://jforte.com.br/wp-login.php" "Mozilla/5.0 (Windows NT 10.0; Win64; x64) AppleWebKit/537.36 (KHTML, like Gecko) Chrome/118.0.0.0 Safari/537.36"
45.92.229.117 - - [14/Jul/2026:20:53:37 -0300] "GET /wp-admin/profile.php HTTP/1.1" 200 149663 "http://jforte.com.br/wp-login.php" "Mozilla/5.0 (Windows NT 10.0; Win64; x64) AppleWebKit/537.36 (KHTML, like Gecko) Chrome/118.0.0.0 Safari/537.36"
45.92.229.117 - - [14/Jul/2026:20:53:39 -0300] "GET /wp-admin/edit.php HTTP/1.1" 200 149660 "http://jforte.com.br/wp-login.php" "Mozilla/5.0 (Windows NT 10.0; Win64; x64) AppleWebKit/537.36 (KHTML, like Gecko) Chrome/118.0.0.0 Safari/537.36"
45.92.229.117 - - [14/Jul/2026:20:53:41 -0300] "GET /wp-admin/plugins.php HTTP/1.1" 200 149663 "http://jforte.com.br/wp-login.php" "Mozilla/5.0 (Windows NT 10.0; Win64; x64) AppleWebKit/537.36 (KHTML, like Gecko) Chrome/118.0.0.0 Safari/537.36"
45.130.83.95 - - [14/Jul/2026:20:53:48 -0300] "POST /wp-login.php HTTP/1.1" 200 62779 "http://jforte.com.br/wp-login.php" "Mozilla/5.0 (Windows NT 10.0; Win64; x64) AppleWebKit/537.36 (KHTML, like Gecko) Chrome/120.0.0.0 Safari/537.36"
45.130.83.95 - - [14/Jul/2026:20:53:51 -0300] "GET /wp-admin/index.php HTTP/1.1" 200 149660 "http://jforte.com.br/wp-login.php" "Mozilla/5.0 (X11; Ubuntu; Linux x86_64) AppleWebKit/537.36 (KHTML, like Gecko) Chrome/121.0.0.0 Safari/537.36"
45.130.83.95 - - [14/Jul/2026:20:53:53 -0300] "GET /wp-admin/profile.php HTTP/1.1" 200 149662 "http://jforte.com.br/wp-login.php" "Mozilla/5.0 (X11; Ubuntu; Linux x86_64) AppleWebKit/537.36 (KHTML, like Gecko) Chrome/121.0.0.0 Safari/537.36"
162.62.213.165 - - [14/Jul/2026:20:53:55 -0300] "GET /?lokasie=/home/jforte/public_html/adminer-n2g3o.php&loknya=/home/jforte/public_html HTTP/1.1" 200 765414 "-" "Mozilla/5.0 (iPhone; CPU iPhone OS 13_2_3 like Mac OS X) AppleWebKit/605.1.15 (KHTML, like Gecko) Version/13.0.3 Mobile/15E148 Safari/604.1"
45.130.83.95 - - [14/Jul/2026:20:53:56 -0300] "GET /wp-admin/edit.php HTTP/1.1" 200 149659 "http://jforte.com.br/wp-login.php" "Mozilla/5.0 (X11; Ubuntu; Linux x86_64) AppleWebKit/537.36 (KHTML, like Gecko) Chrome/121.0.0.0 Safari/537.36"
45.130.83.95 - - [14/Jul/2026:20:53:57 -0300] "GET /wp-admin/plugins.php HTTP/1.1" 200 149662 "http://jforte.com.br/wp-login.php" "Mozilla/5.0 (X11; Ubuntu; Linux x86_64) AppleWebKit/537.36 (KHTML, like Gecko) Chrome/121.0.0.0 Safari/537.36"
45.130.83.95 - - [14/Jul/2026:20:54:02 -0300] "POST /wp-login.php HTTP/1.1" 200 62779 "http://jforte.com.br/wp-login.php" "Mozilla/5.0 (Macintosh; Intel Mac OS X 13_6_1; rv:121.0) Gecko/20100101 Firefox/121.0"
45.130.83.95 - - [14/Jul/2026:20:54:05 -0300] "GET /wp-admin/index.php HTTP/1.1" 200 149660 "http://jforte.com.br/wp-login.php" "Mozilla/5.0 (Macintosh; Intel Mac OS X 10_15_7) AppleWebKit/605.1.15 (KHTML, like Gecko) Version/17.0 Safari/605.1.15"
45.130.83.95 - - [14/Jul/2026:20:54:07 -0300] "GET /wp-admin/profile.php HTTP/1.1" 200 149662 "http://jforte.com.br/wp-login.php" "Mozilla/5.0 (Macintosh; Intel Mac OS X 10_15_7) AppleWebKit/605.1.15 (KHTML, like Gecko) Version/17.0 Safari/605.1.15"
45.130.83.95 - - [14/Jul/2026:20:54:10 -0300] "GET /wp-admin/edit.php HTTP/1.1" 200 149659 "http://jforte.com.br/wp-login.php" "Mozilla/5.0 (Macintosh; Intel Mac OS X 10_15_7) AppleWebKit/605.1.15 (KHTML, like Gecko) Version/17.0 Safari/605.1.15"
45.130.83.95 - - [14/Jul/2026:20:54:12 -0300] "GET /wp-admin/plugins.php HTTP/1.1" 200 149662 "http://jforte.com.br/wp-login.php" "Mozilla/5.0 (Macintosh; Intel Mac OS X 10_15_7) AppleWebKit/605.1.15 (KHTML, like Gecko) Version/17.0 Safari/605.1.15"
45.130.83.94 - - [14/Jul/2026:20:54:19 -0300] "POST /wp-login.php HTTP/1.1" 200 62779 "http://jforte.com.br/wp-login.php" "Mozilla/5.0 (Windows NT 11.0; Win64; x64; rv:119.0) Gecko/20100101 Firefox/119.0"
45.130.83.94 - - [14/Jul/2026:20:54:24 -0300] "GET /wp-admin/index.php HTTP/1.1" 200 149660 "http://jforte.com.br/wp-login.php" "Mozilla/5.0 (Macintosh; Intel Mac OS X 10_15_7) AppleWebKit/605.1.15 (KHTML, like Gecko) Version/17.0 Safari/605.1.15"
45.130.83.94 - - [14/Jul/2026:20:54:28 -0300] "GET /wp-admin/profile.php HTTP/1.1" 200 149662 "http://jforte.com.br/wp-login.php" "Mozilla/5.0 (Macintosh; Intel Mac OS X 10_15_7) AppleWebKit/605.1.15 (KHTML, like Gecko) Version/17.0 Safari/605.1.15"
45.92.229.121 - - [14/Jul/2026:20:54:34 -0300] "GET /wp-admin/edit.php HTTP/1.1" 200 149660 "http://jforte.com.br/wp-login.php" "Mozilla/5.0 (Macintosh; Intel Mac OS X 10_15_7) AppleWebKit/605.1.15 (KHTML, like Gecko) Version/17.0 Safari/605.1.15"
45.92.229.121 - - [14/Jul/2026:20:54:37 -0300] "GET /wp-admin/plugins.php HTTP/1.1" 200 149663 "http://jforte.com.br/wp-login.php" "Mozilla/5.0 (Macintosh; Intel Mac OS X 10_15_7) AppleWebKit/605.1.15 (KHTML, like Gecko) Version/17.0 Safari/605.1.15"
45.130.83.96 - - [14/Jul/2026:20:54:40 -0300] "POST /wp-login.php HTTP/1.1" 200 62779 "http://jforte.com.br/wp-login.php" "Mozilla/5.0 (Windows NT 10.0; Win64; x64) AppleWebKit/537.36 (KHTML, like Gecko) Chrome/120.0.0.0 Safari/537.36"
45.130.83.96 - - [14/Jul/2026:20:54:45 -0300] "GET /wp-admin/index.php HTTP/1.1" 200 149660 "http://jforte.com.br/wp-login.php" "Mozilla/5.0 (Macintosh; Intel Mac OS X 10_15_7) AppleWebKit/605.1.15 (KHTML, like Gecko) Version/16.6 Safari/605.1.15"
45.130.83.96 - - [14/Jul/2026:20:54:49 -0300] "GET /wp-admin/profile.php HTTP/1.1" 200 149662 "http://jforte.com.br/wp-login.php" "Mozilla/5.0 (Macintosh; Intel Mac OS X 10_15_7) AppleWebKit/605.1.15 (KHTML, like Gecko) Version/16.6 Safari/605.1.15"
45.130.83.96 - - [14/Jul/2026:20:54:53 -0300] "GET /wp-admin/edit.php HTTP/1.1" 200 149659 "http://jforte.com.br/wp-login.php" "Mozilla/5.0 (Macintosh; Intel Mac OS X 10_15_7) AppleWebKit/605.1.15 (KHTML, like Gecko) Version/16.6 Safari/605.1.15"
45.130.83.96 - - [14/Jul/2026:20:54:56 -0300] "GET /wp-admin/plugins.php HTTP/1.1" 200 149662 "http://jforte.com.br/wp-login.php" "Mozilla/5.0 (Macintosh; Intel Mac OS X 10_15_7) AppleWebKit/605.1.15 (KHTML, like Gecko) Version/16.6 Safari/605.1.15"
45.130.83.96 - - [14/Jul/2026:20:55:00 -0300] "POST /wp-login.php HTTP/1.1" 200 62779 "http://jforte.com.br/wp-login.php" "Mozilla/5.0 (Macintosh; Intel Mac OS X 13_6_1) AppleWebKit/537.36 (KHTML, like Gecko) Chrome/119.0.0.0 Safari/537.36"
45.130.83.96 - - [14/Jul/2026:20:55:03 -0300] "GET /wp-admin/index.php HTTP/1.1" 200 149660 "http://jforte.com.br/wp-login.php" "Mozilla/5.0 (Macintosh; Intel Mac OS X 13_6_1) AppleWebKit/605.1.15 (KHTML, like Gecko) Version/17.0 Safari/605.1.15"
45.130.83.96 - - [14/Jul/2026:20:55:07 -0300] "GET /wp-admin/profile.php HTTP/1.1" 200 149662 "http://jforte.com.br/wp-login.php" "Mozilla/5.0 (Macintosh; Intel Mac OS X 13_6_1) AppleWebKit/605.1.15 (KHTML, like Gecko) Version/17.0 Safari/605.1.15"
45.130.83.96 - - [14/Jul/2026:20:55:11 -0300] "GET /wp-admin/edit.php HTTP/1.1" 200 149659 "http://jforte.com.br/wp-login.php" "Mozilla/5.0 (Macintosh; Intel Mac OS X 13_6_1) AppleWebKit/605.1.15 (KHTML, like Gecko) Version/17.0 Safari/605.1.15"
45.130.83.88 - - [14/Jul/2026:20:55:18 -0300] "POST /wp-login.php HTTP/1.1" 200 62779 "http://jforte.com.br/wp-login.php" "Mozilla/5.0 (Macintosh; Intel Mac OS X 10_15_7) AppleWebKit/537.36 (KHTML, like Gecko) Chrome/118.0.0.0 Safari/537.36"
45.92.229.119 - - [14/Jul/2026:20:55:23 -0300] "GET /wp-admin/index.php HTTP/1.1" 200 149661 "http://jforte.com.br/wp-login.php" "Mozilla/5.0 (Windows NT 10.0; Win64; x64; rv:120.0) Gecko/20100101 Firefox/120.0"
45.92.229.119 - - [14/Jul/2026:20:55:24 -0300] "GET /wp-admin/profile.php HTTP/1.1" 200 149663 "http://jforte.com.br/wp-login.php" "Mozilla/5.0 (Windows NT 10.0; Win64; x64; rv:120.0) Gecko/20100101 Firefox/120.0"
45.92.229.119 - - [14/Jul/2026:20:55:27 -0300] "GET /wp-admin/edit.php HTTP/1.1" 200 149660 "http://jforte.com.br/wp-login.php" "Mozilla/5.0 (Windows NT 10.0; Win64; x64; rv:120.0) Gecko/20100101 Firefox/120.0"
45.92.229.119 - - [14/Jul/2026:20:55:31 -0300] "GET /wp-admin/plugins.php HTTP/1.1" 200 149663 "http://jforte.com.br/wp-login.php" "Mozilla/5.0 (Windows NT 10.0; Win64; x64; rv:120.0) Gecko/20100101 Firefox/120.0"
45.92.229.119 - - [14/Jul/2026:20:55:33 -0300] "POST /wp-login.php HTTP/1.1" 200 62780 "http://jforte.com.br/wp-login.php" "Mozilla/5.0 (Windows NT 11.0; Win64; x64; rv:118.0) Gecko/20100101 Firefox/118.0"
45.92.229.119 - - [14/Jul/2026:20:55:35 -0300] "GET /wp-admin/index.php HTTP/1.1" 200 149661 "http://jforte.com.br/wp-login.php" "Mozilla/5.0 (Windows NT 10.0; Win64; x64; rv:120.0) Gecko/20100101 Firefox/120.0"
45.92.229.119 - - [14/Jul/2026:20:55:36 -0300] "GET /wp-admin/profile.php HTTP/1.1" 200 149663 "http://jforte.com.br/wp-login.php" "Mozilla/5.0 (Windows NT 10.0; Win64; x64; rv:120.0) Gecko/20100101 Firefox/120.0"
45.92.229.119 - - [14/Jul/2026:20:55:38 -0300] "GET /wp-admin/edit.php HTTP/1.1" 200 149660 "http://jforte.com.br/wp-login.php" "Mozilla/5.0 (Windows NT 10.0; Win64; x64; rv:120.0) Gecko/20100101 Firefox/120.0"
45.92.229.119 - - [14/Jul/2026:20:55:40 -0300] "GET /wp-admin/plugins.php HTTP/1.1" 200 149663 "http://jforte.com.br/wp-login.php" "Mozilla/5.0 (Windows NT 10.0; Win64; x64; rv:120.0) Gecko/20100101 Firefox/120.0"
45.92.229.119 - - [14/Jul/2026:20:55:41 -0300] "POST /wp-login.php HTTP/1.1" 200 62780 "http://jforte.com.br/wp-login.php" "Mozilla/5.0 (Macintosh; Intel Mac OS X 10_15_7; rv:121.0) Gecko/20100101 Firefox/121.0"
45.92.229.119 - - [14/Jul/2026:20:55:44 -0300] "GET /wp-admin/index.php HTTP/1.1" 200 149661 "http://jforte.com.br/wp-login.php" "Mozilla/5.0 (Windows NT 10.0; Win64; x64; rv:118.0) Gecko/20100101 Firefox/118.0"
45.92.229.119 - - [14/Jul/2026:20:55:45 -0300] "GET /wp-admin/profile.php HTTP/1.1" 200 149663 "http://jforte.com.br/wp-login.php" "Mozilla/5.0 (Windows NT 10.0; Win64; x64; rv:118.0) Gecko/20100101 Firefox/118.0"
45.92.229.119 - - [14/Jul/2026:20:55:47 -0300] "GET /wp-admin/edit.php HTTP/1.1" 200 149660 "http://jforte.com.br/wp-login.php" "Mozilla/5.0 (Windows NT 10.0; Win64; x64; rv:118.0) Gecko/20100101 Firefox/118.0"
45.92.229.119 - - [14/Jul/2026:20:55:49 -0300] "GET /wp-admin/plugins.php HTTP/1.1" 200 149663 "http://jforte.com.br/wp-login.php" "Mozilla/5.0 (Windows NT 10.0; Win64; x64; rv:118.0) Gecko/20100101 Firefox/118.0"
45.92.229.119 - - [14/Jul/2026:20:55:51 -0300] "POST /wp-login.php HTTP/1.1" 200 62780 "http://jforte.com.br/wp-login.php" "Mozilla/5.0 (Macintosh; Intel Mac OS X 13_6_1) AppleWebKit/605.1.15 (KHTML, like Gecko) Version/16.6 Safari/605.1.15"
45.92.229.119 - - [14/Jul/2026:20:55:55 -0300] "GET /wp-admin/index.php HTTP/1.1" 200 149661 "http://jforte.com.br/wp-login.php" "Mozilla/5.0 (Windows NT 11.0; Win64; x64; rv:119.0) Gecko/20100101 Firefox/119.0"
45.92.229.119 - - [14/Jul/2026:20:55:57 -0300] "GET /wp-admin/profile.php HTTP/1.1" 200 149663 "http://jforte.com.br/wp-login.php" "Mozilla/5.0 (Windows NT 11.0; Win64; x64; rv:119.0) Gecko/20100101 Firefox/119.0"
45.92.229.119 - - [14/Jul/2026:20:55:59 -0300] "GET /wp-admin/edit.php HTTP/1.1" 200 149660 "http://jforte.com.br/wp-login.php" "Mozilla/5.0 (Windows NT 11.0; Win64; x64; rv:119.0) Gecko/20100101 Firefox/119.0"
45.130.83.107 - - [14/Jul/2026:20:56:07 -0300] "GET /wp-admin/plugins.php HTTP/1.1" 200 149663 "http://jforte.com.br/wp-login.php" "Mozilla/5.0 (Windows NT 11.0; Win64; x64; rv:119.0) Gecko/20100101 Firefox/119.0"
45.130.83.107 - - [14/Jul/2026:20:56:12 -0300] "POST /wp-login.php HTTP/1.1" 200 62780 "http://jforte.com.br/wp-login.php" "Mozilla/5.0 (X11; Linux x86_64) AppleWebKit/537.36 (KHTML, like Gecko) Chrome/121.0.0.0 Safari/537.36"
45.130.83.107 - - [14/Jul/2026:20:56:15 -0300] "GET /wp-admin/index.php HTTP/1.1" 200 149661 "http://jforte.com.br/wp-login.php" "Mozilla/5.0 (Macintosh; Intel Mac OS X 13_6_1) AppleWebKit/605.1.15 (KHTML, like Gecko) Version/17.0 Safari/605.1.15"
45.130.83.107 - - [14/Jul/2026:20:56:18 -0300] "GET /wp-admin/profile.php HTTP/1.1" 200 149663 "http://jforte.com.br/wp-login.php" "Mozilla/5.0 (Macintosh; Intel Mac OS X 13_6_1) AppleWebKit/605.1.15 (KHTML, like Gecko) Version/17.0 Safari/605.1.15"
45.130.83.107 - - [14/Jul/2026:20:56:20 -0300] "GET /wp-admin/edit.php HTTP/1.1" 200 149660 "http://jforte.com.br/wp-login.php" "Mozilla/5.0 (Macintosh; Intel Mac OS X 13_6_1) AppleWebKit/605.1.15 (KHTML, like Gecko) Version/17.0 Safari/605.1.15"
45.130.83.107 - - [14/Jul/2026:20:56:23 -0300] "GET /wp-admin/plugins.php HTTP/1.1" 200 149663 "http://jforte.com.br/wp-login.php" "Mozilla/5.0 (Macintosh; Intel Mac OS X 13_6_1) AppleWebKit/605.1.15 (KHTML, like Gecko) Version/17.0 Safari/605.1.15"
45.92.229.129 - - [14/Jul/2026:20:56:50 -0300] "POST /wp-login.php HTTP/1.1" 200 62780 "http://jforte.com.br/wp-login.php" "Mozilla/5.0 (Macintosh; Intel Mac OS X 10_15_7; rv:118.0) Gecko/20100101 Firefox/118.0"
45.92.229.129 - - [14/Jul/2026:20:56:53 -0300] "GET /wp-admin/index.php HTTP/1.1" 200 149661 "http://jforte.com.br/wp-login.php" "Mozilla/5.0 (Macintosh; Intel Mac OS X 10_15_7; rv:121.0) Gecko/20100101 Firefox/121.0"
45.92.229.129 - - [14/Jul/2026:20:56:55 -0300] "GET /wp-admin/profile.php HTTP/1.1" 200 149663 "http://jforte.com.br/wp-login.php" "Mozilla/5.0 (Macintosh; Intel Mac OS X 10_15_7; rv:121.0) Gecko/20100101 Firefox/121.0"
45.92.229.129 - - [14/Jul/2026:20:56:57 -0300] "GET /wp-admin/edit.php HTTP/1.1" 200 149660 "http://jforte.com.br/wp-login.php" "Mozilla/5.0 (Macintosh; Intel Mac OS X 10_15_7; rv:121.0) Gecko/20100101 Firefox/121.0"
45.92.229.129 - - [14/Jul/2026:20:57:00 -0300] "GET /wp-admin/plugins.php HTTP/1.1" 200 149663 "http://jforte.com.br/wp-login.php" "Mozilla/5.0 (Macintosh; Intel Mac OS X 10_15_7; rv:121.0) Gecko/20100101 Firefox/121.0"
45.92.229.129 - - [14/Jul/2026:20:57:03 -0300] "POST /wp-login.php HTTP/1.1" 200 62780 "http://jforte.com.br/wp-login.php" "Mozilla/5.0 (Windows NT 10.0; Win64; x64) AppleWebKit/537.36 (KHTML, like Gecko) Chrome/118.0.0.0 Safari/537.36"
45.92.229.129 - - [14/Jul/2026:20:57:05 -0300] "GET /wp-admin/index.php HTTP/1.1" 200 149661 "http://jforte.com.br/wp-login.php" "Mozilla/5.0 (Macintosh; Intel Mac OS X 10_15_7) AppleWebKit/605.1.15 (KHTML, like Gecko) Version/17.1 Safari/605.1.15"
45.92.229.129 - - [14/Jul/2026:20:57:08 -0300] "GET /wp-admin/profile.php HTTP/1.1" 200 149663 "http://jforte.com.br/wp-login.php" "Mozilla/5.0 (Macintosh; Intel Mac OS X 10_15_7) AppleWebKit/605.1.15 (KHTML, like Gecko) Version/17.1 Safari/605.1.15"
45.92.229.129 - - [14/Jul/2026:20:57:10 -0300] "GET /wp-admin/edit.php HTTP/1.1" 200 149660 "http://jforte.com.br/wp-login.php" "Mozilla/5.0 (Macintosh; Intel Mac OS X 10_15_7) AppleWebKit/605.1.15 (KHTML, like Gecko) Version/17.1 Safari/605.1.15"
45.92.229.129 - - [14/Jul/2026:20:57:14 -0300] "GET /wp-admin/plugins.php HTTP/1.1" 200 149663 "http://jforte.com.br/wp-login.php" "Mozilla/5.0 (Macintosh; Intel Mac OS X 10_15_7) AppleWebKit/605.1.15 (KHTML, like Gecko) Version/17.1 Safari/605.1.15"
45.92.229.129 - - [14/Jul/2026:20:57:17 -0300] "POST /wp-login.php HTTP/1.1" 200 62780 "http://jforte.com.br/wp-login.php" "Mozilla/5.0 (Windows NT 11.0; Win64; x64) AppleWebKit/537.36 (KHTML, like Gecko) Chrome/118.0.0.0 Safari/537.36"
45.92.229.129 - - [14/Jul/2026:20:57:19 -0300] "GET /wp-admin/index.php HTTP/1.1" 200 149661 "http://jforte.com.br/wp-login.php" "Mozilla/5.0 (Macintosh; Intel Mac OS X 10_15_7) AppleWebKit/605.1.15 (KHTML, like Gecko) Version/16.6 Safari/605.1.15"
45.92.229.129 - - [14/Jul/2026:20:57:21 -0300] "GET /wp-admin/profile.php HTTP/1.1" 200 149663 "http://jforte.com.br/wp-login.php" "Mozilla/5.0 (Macintosh; Intel Mac OS X 10_15_7) AppleWebKit/605.1.15 (KHTML, like Gecko) Version/16.6 Safari/605.1.15"
45.92.229.129 - - [14/Jul/2026:20:57:24 -0300] "GET /wp-admin/edit.php HTTP/1.1" 200 149660 "http://jforte.com.br/wp-login.php" "Mozilla/5.0 (Macintosh; Intel Mac OS X 10_15_7) AppleWebKit/605.1.15 (KHTML, like Gecko) Version/16.6 Safari/605.1.15"
45.92.229.129 - - [14/Jul/2026:20:57:25 -0300] "GET /wp-admin/plugins.php HTTP/1.1" 200 149663 "http://jforte.com.br/wp-login.php" "Mozilla/5.0 (Macintosh; Intel Mac OS X 10_15_7) AppleWebKit/605.1.15 (KHTML, like Gecko) Version/16.6 Safari/605.1.15"
45.92.229.129 - - [14/Jul/2026:20:57:27 -0300] "POST /wp-login.php HTTP/1.1" 200 62780 "http://jforte.com.br/wp-login.php" "Mozilla/5.0 (Windows NT 11.0; Win64; x64) AppleWebKit/537.36 (KHTML, like Gecko) Chrome/119.0.0.0 Safari/537.36"
45.92.229.129 - - [14/Jul/2026:20:57:29 -0300] "GET /wp-admin/index.php HTTP/1.1" 200 149661 "http://jforte.com.br/wp-login.php" "Mozilla/5.0 (Macintosh; Intel Mac OS X 10_15_7) AppleWebKit/537.36 (KHTML, like Gecko) Chrome/120.0.0.0 Safari/537.36"
45.92.229.129 - - [14/Jul/2026:20:57:30 -0300] "GET /wp-admin/profile.php HTTP/1.1" 200 149663 "http://jforte.com.br/wp-login.php" "Mozilla/5.0 (Macintosh; Intel Mac OS X 10_15_7) AppleWebKit/537.36 (KHTML, like Gecko) Chrome/120.0.0.0 Safari/537.36"
45.92.229.129 - - [14/Jul/2026:20:57:34 -0300] "GET /wp-admin/edit.php HTTP/1.1" 200 149660 "http://jforte.com.br/wp-login.php" "Mozilla/5.0 (Macintosh; Intel Mac OS X 10_15_7) AppleWebKit/537.36 (KHTML, like Gecko) Chrome/120.0.0.0 Safari/537.36"
45.92.229.129 - - [14/Jul/2026:20:57:36 -0300] "GET /wp-admin/plugins.php HTTP/1.1" 200 149663 "http://jforte.com.br/wp-login.php" "Mozilla/5.0 (Macintosh; Intel Mac OS X 10_15_7) AppleWebKit/537.36 (KHTML, like Gecko) Chrome/120.0.0.0 Safari/537.36"
45.92.229.129 - - [14/Jul/2026:20:57:40 -0300] "POST /wp-login.php HTTP/1.1" 200 62780 "http://jforte.com.br/wp-login.php" "Mozilla/5.0 (Macintosh; Intel Mac OS X 13_6_1) AppleWebKit/605.1.15 (KHTML, like Gecko) Version/16.6 Safari/605.1.15"
45.92.229.129 - - [14/Jul/2026:20:57:42 -0300] "GET /wp-admin/index.php HTTP/1.1" 200 149661 "http://jforte.com.br/wp-login.php" "Mozilla/5.0 (Macintosh; Intel Mac OS X 13_6_1) AppleWebKit/537.36 (KHTML, like Gecko) Chrome/119.0.0.0 Safari/537.36"
45.92.229.129 - - [14/Jul/2026:20:57:46 -0300] "GET /wp-admin/profile.php HTTP/1.1" 200 149663 "http://jforte.com.br/wp-login.php" "Mozilla/5.0 (Macintosh; Intel Mac OS X 13_6_1) AppleWebKit/537.36 (KHTML, like Gecko) Chrome/119.0.0.0 Safari/537.36"
45.92.229.129 - - [14/Jul/2026:20:57:48 -0300] "GET /wp-admin/edit.php HTTP/1.1" 200 149660 "http://jforte.com.br/wp-login.php" "Mozilla/5.0 (Macintosh; Intel Mac OS X 13_6_1) AppleWebKit/537.36 (KHTML, like Gecko) Chrome/119.0.0.0 Safari/537.36"
45.92.229.129 - - [14/Jul/2026:20:57:50 -0300] "GET /wp-admin/plugins.php HTTP/1.1" 200 149663 "http://jforte.com.br/wp-login.php" "Mozilla/5.0 (Macintosh; Intel Mac OS X 13_6_1) AppleWebKit/537.36 (KHTML, like Gecko) Chrome/119.0.0.0 Safari/537.36"
45.92.229.129 - - [14/Jul/2026:20:57:52 -0300] "POST /wp-login.php HTTP/1.1" 200 62780 "http://jforte.com.br/wp-login.php" "Mozilla/5.0 (X11; Ubuntu; Linux x86_64) AppleWebKit/537.36 (KHTML, like Gecko) Chrome/118.0.0.0 Safari/537.36"
45.92.229.129 - - [14/Jul/2026:20:57:53 -0300] "GET /wp-admin/index.php HTTP/1.1" 200 149661 "http://jforte.com.br/wp-login.php" "Mozilla/5.0 (Macintosh; Intel Mac OS X 10_15_7) AppleWebKit/537.36 (KHTML, like Gecko) Chrome/121.0.0.0 Safari/537.36"
45.92.229.129 - - [14/Jul/2026:20:57:56 -0300] "GET /wp-admin/profile.php HTTP/1.1" 200 149663 "http://jforte.com.br/wp-login.php" "Mozilla/5.0 (Macintosh; Intel Mac OS X 10_15_7) AppleWebKit/537.36 (KHTML, like Gecko) Chrome/121.0.0.0 Safari/537.36"
45.92.229.129 - - [14/Jul/2026:20:57:57 -0300] "GET /wp-admin/edit.php HTTP/1.1" 200 149660 "http://jforte.com.br/wp-login.php" "Mozilla/5.0 (Macintosh; Intel Mac OS X 10_15_7) AppleWebKit/537.36 (KHTML, like Gecko) Chrome/121.0.0.0 Safari/537.36"
45.92.229.129 - - [14/Jul/2026:20:58:00 -0300] "GET /wp-admin/plugins.php HTTP/1.1" 200 149663 "http://jforte.com.br/wp-login.php" "Mozilla/5.0 (Macintosh; Intel Mac OS X 10_15_7) AppleWebKit/537.36 (KHTML, like Gecko) Chrome/121.0.0.0 Safari/537.36"
45.92.229.129 - - [14/Jul/2026:20:58:04 -0300] "POST /wp-login.php HTTP/1.1" 200 62780 "http://jforte.com.br/wp-login.php" "Mozilla/5.0 (Macintosh; Intel Mac OS X 13_6_1) AppleWebKit/537.36 (KHTML, like Gecko) Chrome/118.0.0.0 Safari/537.36"
45.92.229.129 - - [14/Jul/2026:20:58:05 -0300] "GET /wp-admin/index.php HTTP/1.1" 200 149661 "http://jforte.com.br/wp-login.php" "Mozilla/5.0 (Macintosh; Intel Mac OS X 10_15_7) AppleWebKit/537.36 (KHTML, like Gecko) Chrome/119.0.0.0 Safari/537.36"
45.92.229.129 - - [14/Jul/2026:20:58:08 -0300] "GET /wp-admin/profile.php HTTP/1.1" 200 149663 "http://jforte.com.br/wp-login.php" "Mozilla/5.0 (Macintosh; Intel Mac OS X 10_15_7) AppleWebKit/537.36 (KHTML, like Gecko) Chrome/119.0.0.0 Safari/537.36"
45.92.229.129 - - [14/Jul/2026:20:58:10 -0300] "GET /wp-admin/edit.php HTTP/1.1" 200 149660 "http://jforte.com.br/wp-login.php" "Mozilla/5.0 (Macintosh; Intel Mac OS X 10_15_7) AppleWebKit/537.36 (KHTML, like Gecko) Chrome/119.0.0.0 Safari/537.36"
45.92.229.129 - - [14/Jul/2026:20:58:13 -0300] "GET /wp-admin/plugins.php HTTP/1.1" 200 149663 "http://jforte.com.br/wp-login.php" "Mozilla/5.0 (Macintosh; Intel Mac OS X 10_15_7) AppleWebKit/537.36 (KHTML, like Gecko) Chrome/119.0.0.0 Safari/537.36"
45.92.229.129 - - [14/Jul/2026:20:58:15 -0300] "POST /wp-login.php HTTP/1.1" 200 62780 "http://jforte.com.br/wp-login.php" "Mozilla/5.0 (Macintosh; Intel Mac OS X 13_6_1) AppleWebKit/537.36 (KHTML, like Gecko) Chrome/118.0.0.0 Safari/537.36"
45.92.229.129 - - [14/Jul/2026:20:58:19 -0300] "GET /wp-admin/index.php HTTP/1.1" 200 149661 "http://jforte.com.br/wp-login.php" "Mozilla/5.0 (X11; Linux x86_64) AppleWebKit/537.36 (KHTML, like Gecko) Chrome/119.0.0.0 Safari/537.36"
45.92.229.129 - - [14/Jul/2026:20:58:23 -0300] "GET /wp-admin/profile.php HTTP/1.1" 200 149663 "http://jforte.com.br/wp-login.php" "Mozilla/5.0 (X11; Linux x86_64) AppleWebKit/537.36 (KHTML, like Gecko) Chrome/119.0.0.0 Safari/537.36"
45.92.229.129 - - [14/Jul/2026:20:58:25 -0300] "GET /wp-admin/edit.php HTTP/1.1" 200 149660 "http://jforte.com.br/wp-login.php" "Mozilla/5.0 (X11; Linux x86_64) AppleWebKit/537.36 (KHTML, like Gecko) Chrome/119.0.0.0 Safari/537.36"
45.92.229.129 - - [14/Jul/2026:20:58:27 -0300] "GET /wp-admin/plugins.php HTTP/1.1" 200 149663 "http://jforte.com.br/wp-login.php" "Mozilla/5.0 (X11; Linux x86_64) AppleWebKit/537.36 (KHTML, like Gecko) Chrome/119.0.0.0 Safari/537.36"
45.92.229.129 - - [14/Jul/2026:20:58:29 -0300] "POST /wp-login.php HTTP/1.1" 200 62780 "http://jforte.com.br/wp-login.php" "Mozilla/5.0 (Macintosh; Intel Mac OS X 10_15_7) AppleWebKit/537.36 (KHTML, like Gecko) Chrome/120.0.0.0 Safari/537.36"
45.92.229.129 - - [14/Jul/2026:20:58:30 -0300] "GET /wp-admin/index.php HTTP/1.1" 200 149661 "http://jforte.com.br/wp-login.php" "Mozilla/5.0 (Windows NT 11.0; Win64; x64) AppleWebKit/537.36 (KHTML, like Gecko) Chrome/119.0.0.0 Safari/537.36"
45.92.229.129 - - [14/Jul/2026:20:58:34 -0300] "GET /wp-admin/profile.php HTTP/1.1" 200 149663 "http://jforte.com.br/wp-login.php" "Mozilla/5.0 (Windows NT 11.0; Win64; x64) AppleWebKit/537.36 (KHTML, like Gecko) Chrome/119.0.0.0 Safari/537.36"
45.92.229.129 - - [14/Jul/2026:20:58:38 -0300] "GET /wp-admin/edit.php HTTP/1.1" 200 149660 "http://jforte.com.br/wp-login.php" "Mozilla/5.0 (Windows NT 11.0; Win64; x64) AppleWebKit/537.36 (KHTML, like Gecko) Chrome/119.0.0.0 Safari/537.36"
45.92.229.129 - - [14/Jul/2026:20:58:39 -0300] "GET /wp-admin/plugins.php HTTP/1.1" 200 149663 "http://jforte.com.br/wp-login.php" "Mozilla/5.0 (Windows NT 11.0; Win64; x64) AppleWebKit/537.36 (KHTML, like Gecko) Chrome/119.0.0.0 Safari/537.36"
45.92.229.129 - - [14/Jul/2026:20:58:42 -0300] "POST /wp-login.php HTTP/1.1" 200 62780 "http://jforte.com.br/wp-login.php" "Mozilla/5.0 (Macintosh; Intel Mac OS X 13_6_1) AppleWebKit/605.1.15 (KHTML, like Gecko) Version/17.1 Safari/605.1.15"
45.92.229.129 - - [14/Jul/2026:20:58:45 -0300] "GET /wp-admin/index.php HTTP/1.1" 200 149661 "http://jforte.com.br/wp-login.php" "Mozilla/5.0 (X11; Linux x86_64) AppleWebKit/537.36 (KHTML, like Gecko) Chrome/118.0.0.0 Safari/537.36"
45.92.229.129 - - [14/Jul/2026:20:58:47 -0300] "GET /wp-admin/profile.php HTTP/1.1" 200 149663 "http://jforte.com.br/wp-login.php" "Mozilla/5.0 (X11; Linux x86_64) AppleWebKit/537.36 (KHTML, like Gecko) Chrome/118.0.0.0 Safari/537.36"
