45.130.83.90 - - [14/Jul/2026:21:09:49 -0300] "GET /wp-admin/index.php HTTP/1.1" 200 149660 "http://jforte.com.br/wp-login.php" "Mozilla/5.0 (X11; Ubuntu; Linux x86_64) AppleWebKit/537.36 (KHTML, like Gecko) Chrome/121.0.0.0 Safari/537.36"
45.130.83.90 - - [14/Jul/2026:21:09:53 -0300] "GET /wp-admin/profile.php HTTP/1.1" 200 149662 "http://jforte.com.br/wp-login.php" "Mozilla/5.0 (X11; Ubuntu; Linux x86_64) AppleWebKit/537.36 (KHTML, like Gecko) Chrome/121.0.0.0 Safari/537.36"
45.130.83.90 - - [14/Jul/2026:21:09:56 -0300] "GET /wp-admin/edit.php HTTP/1.1" 200 149659 "http://jforte.com.br/wp-login.php" "Mozilla/5.0 (X11; Ubuntu; Linux x86_64) AppleWebKit/537.36 (KHTML, like Gecko) Chrome/121.0.0.0 Safari/537.36"
45.92.229.132 - - [14/Jul/2026:21:10:07 -0300] "POST /wp-login.php HTTP/1.1" 200 62780 "http://jforte.com.br/wp-login.php" "Mozilla/5.0 (Windows NT 11.0; Win64; x64; rv:119.0) Gecko/20100101 Firefox/119.0"
45.92.229.132 - - [14/Jul/2026:21:10:11 -0300] "GET /wp-admin/index.php HTTP/1.1" 200 149661 "http://jforte.com.br/wp-login.php" "Mozilla/5.0 (X11; Ubuntu; Linux x86_64) AppleWebKit/537.36 (KHTML, like Gecko) Chrome/119.0.0.0 Safari/537.36"
45.92.229.132 - - [14/Jul/2026:21:10:14 -0300] "GET /wp-admin/profile.php HTTP/1.1" 200 149663 "http://jforte.com.br/wp-login.php" "Mozilla/5.0 (X11; Ubuntu; Linux x86_64) AppleWebKit/537.36 (KHTML, like Gecko) Chrome/119.0.0.0 Safari/537.36"
5.230.133.14 - - [14/Jul/2026:21:10:16 -0300] "GET /gaikjwvw.php?pass=jogvtnmmk HTTP/1.1" 200 5618 "-" "Mozilla/5.0 (Windows NT 10.0; Win64; x64) AppleWebKit/537.36 (KHTML, like Gecko) Chrome/127.0.0.0 Safari/537.36"
5.230.153.33 - - [14/Jul/2026:21:10:16 -0300] "POST /gaikjwvw.php?pass=jogvtnmmk HTTP/1.1" 200 45880 "-" "Mozilla/5.0 (Windows NT 10.0; Win64; x64) AppleWebKit/537.36 (KHTML, like Gecko) Chrome/127.0.0.0 Safari/537.36"
45.92.229.132 - - [14/Jul/2026:21:10:19 -0300] "GET /wp-admin/edit.php HTTP/1.1" 200 149660 "http://jforte.com.br/wp-login.php" "Mozilla/5.0 (X11; Ubuntu; Linux x86_64) AppleWebKit/537.36 (KHTML, like Gecko) Chrome/119.0.0.0 Safari/537.36"
45.92.229.132 - - [14/Jul/2026:21:10:22 -0300] "GET /wp-admin/plugins.php HTTP/1.1" 200 149663 "http://jforte.com.br/wp-login.php" "Mozilla/5.0 (X11; Ubuntu; Linux x86_64) AppleWebKit/537.36 (KHTML, like Gecko) Chrome/119.0.0.0 Safari/537.36"
45.92.229.132 - - [14/Jul/2026:21:10:26 -0300] "POST /wp-login.php HTTP/1.1" 200 62780 "http://jforte.com.br/wp-login.php" "Mozilla/5.0 (Macintosh; Intel Mac OS X 10_15_7) AppleWebKit/537.36 (KHTML, like Gecko) Chrome/121.0.0.0 Safari/537.36"
45.92.229.132 - - [14/Jul/2026:21:10:28 -0300] "GET /wp-admin/index.php HTTP/1.1" 200 149661 "http://jforte.com.br/wp-login.php" "Mozilla/5.0 (Macintosh; Intel Mac OS X 10_15_7) AppleWebKit/537.36 (KHTML, like Gecko) Chrome/121.0.0.0 Safari/537.36"
45.130.83.103 - - [14/Jul/2026:21:10:34 -0300] "GET /wp-admin/profile.php HTTP/1.1" 200 149663 "http://jforte.com.br/wp-login.php" "Mozilla/5.0 (Macintosh; Intel Mac OS X 10_15_7) AppleWebKit/537.36 (KHTML, like Gecko) Chrome/121.0.0.0 Safari/537.36"
45.130.83.103 - - [14/Jul/2026:21:10:39 -0300] "GET /wp-admin/edit.php HTTP/1.1" 200 149660 "http://jforte.com.br/wp-login.php" "Mozilla/5.0 (Macintosh; Intel Mac OS X 10_15_7) AppleWebKit/537.36 (KHTML, like Gecko) Chrome/121.0.0.0 Safari/537.36"
45.130.83.103 - - [14/Jul/2026:21:10:44 -0300] "GET /wp-admin/plugins.php HTTP/1.1" 200 149663 "http://jforte.com.br/wp-login.php" "Mozilla/5.0 (Macintosh; Intel Mac OS X 10_15_7) AppleWebKit/537.36 (KHTML, like Gecko) Chrome/121.0.0.0 Safari/537.36"
45.130.83.103 - - [14/Jul/2026:21:10:46 -0300] "POST /wp-login.php HTTP/1.1" 200 62780 "http://jforte.com.br/wp-login.php" "Mozilla/5.0 (Macintosh; Intel Mac OS X 13_6_1) AppleWebKit/537.36 (KHTML, like Gecko) Chrome/118.0.0.0 Safari/537.36"
45.130.83.103 - - [14/Jul/2026:21:10:48 -0300] "GET /wp-admin/index.php HTTP/1.1" 200 149661 "http://jforte.com.br/wp-login.php" "Mozilla/5.0 (Macintosh; Intel Mac OS X 10_15_7) AppleWebKit/537.36 (KHTML, like Gecko) Chrome/118.0.0.0 Safari/537.36"
45.130.83.103 - - [14/Jul/2026:21:10:50 -0300] "GET /wp-admin/profile.php HTTP/1.1" 200 149663 "http://jforte.com.br/wp-login.php" "Mozilla/5.0 (Macintosh; Intel Mac OS X 10_15_7) AppleWebKit/537.36 (KHTML, like Gecko) Chrome/118.0.0.0 Safari/537.36"
45.130.83.103 - - [14/Jul/2026:21:10:52 -0300] "GET /wp-admin/edit.php HTTP/1.1" 200 149660 "http://jforte.com.br/wp-login.php" "Mozilla/5.0 (Macintosh; Intel Mac OS X 10_15_7) AppleWebKit/537.36 (KHTML, like Gecko) Chrome/118.0.0.0 Safari/537.36"
45.130.83.103 - - [14/Jul/2026:21:10:55 -0300] "GET /wp-admin/plugins.php HTTP/1.1" 200 149663 "http://jforte.com.br/wp-login.php" "Mozilla/5.0 (Macintosh; Intel Mac OS X 10_15_7) AppleWebKit/537.36 (KHTML, like Gecko) Chrome/118.0.0.0 Safari/537.36"
45.130.83.103 - - [14/Jul/2026:21:10:57 -0300] "POST /wp-login.php HTTP/1.1" 200 62780 "http://jforte.com.br/wp-login.php" "Mozilla/5.0 (Macintosh; Intel Mac OS X 10_15_7) AppleWebKit/605.1.15 (KHTML, like Gecko) Version/17.0 Safari/605.1.15"
45.130.83.103 - - [14/Jul/2026:21:10:59 -0300] "GET /wp-admin/index.php HTTP/1.1" 200 149661 "http://jforte.com.br/wp-login.php" "Mozilla/5.0 (Macintosh; Intel Mac OS X 10_15_7; rv:121.0) Gecko/20100101 Firefox/121.0"
45.130.83.103 - - [14/Jul/2026:21:11:01 -0300] "GET /wp-admin/profile.php HTTP/1.1" 200 149663 "http://jforte.com.br/wp-login.php" "Mozilla/5.0 (Macintosh; Intel Mac OS X 10_15_7; rv:121.0) Gecko/20100101 Firefox/121.0"
45.130.83.103 - - [14/Jul/2026:21:11:04 -0300] "GET /wp-admin/edit.php HTTP/1.1" 200 149660 "http://jforte.com.br/wp-login.php" "Mozilla/5.0 (Macintosh; Intel Mac OS X 10_15_7; rv:121.0) Gecko/20100101 Firefox/121.0"
45.130.83.103 - - [14/Jul/2026:21:11:07 -0300] "GET /wp-admin/plugins.php HTTP/1.1" 200 149663 "http://jforte.com.br/wp-login.php" "Mozilla/5.0 (Macintosh; Intel Mac OS X 10_15_7; rv:121.0) Gecko/20100101 Firefox/121.0"
185.191.171.10 - - [14/Jul/2026:21:11:10 -0300] "GET /2026/07/09/online-casino-new-zealand-1600-down-payment-bonus/ HTTP/1.1" 200 62778 "-" "Mozilla/5.0 (compatible; SemrushBot/7~bl; +http://www.semrush.com/bot.html)"
45.130.83.112 - - [14/Jul/2026:21:11:17 -0300] "POST /wp-login.php HTTP/1.1" 200 62780 "http://jforte.com.br/wp-login.php" "Mozilla/5.0 (Macintosh; Intel Mac OS X 10_15_7) AppleWebKit/537.36 (KHTML, like Gecko) Chrome/121.0.0.0 Safari/537.36"
45.130.83.112 - - [14/Jul/2026:21:11:20 -0300] "GET /wp-admin/index.php HTTP/1.1" 200 149661 "http://jforte.com.br/wp-login.php" "Mozilla/5.0 (Macintosh; Intel Mac OS X 10_15_7) AppleWebKit/605.1.15 (KHTML, like Gecko) Version/17.2 Safari/605.1.15"
45.130.83.112 - - [14/Jul/2026:21:11:23 -0300] "GET /wp-admin/profile.php HTTP/1.1" 200 149663 "http://jforte.com.br/wp-login.php" "Mozilla/5.0 (Macintosh; Intel Mac OS X 10_15_7) AppleWebKit/605.1.15 (KHTML, like Gecko) Version/17.2 Safari/605.1.15"
45.130.83.112 - - [14/Jul/2026:21:11:26 -0300] "GET /wp-admin/edit.php HTTP/1.1" 200 149660 "http://jforte.com.br/wp-login.php" "Mozilla/5.0 (Macintosh; Intel Mac OS X 10_15_7) AppleWebKit/605.1.15 (KHTML, like Gecko) Version/17.2 Safari/605.1.15"
45.130.83.112 - - [14/Jul/2026:21:11:29 -0300] "GET /wp-admin/plugins.php HTTP/1.1" 200 149663 "http://jforte.com.br/wp-login.php" "Mozilla/5.0 (Macintosh; Intel Mac OS X 10_15_7) AppleWebKit/605.1.15 (KHTML, like Gecko) Version/17.2 Safari/605.1.15"
45.130.83.112 - - [14/Jul/2026:21:11:32 -0300] "POST /wp-login.php HTTP/1.1" 200 62780 "http://jforte.com.br/wp-login.php" "Mozilla/5.0 (Macintosh; Intel Mac OS X 10_15_7) AppleWebKit/605.1.15 (KHTML, like Gecko) Version/17.2 Safari/605.1.15"
45.130.83.112 - - [14/Jul/2026:21:11:33 -0300] "GET /wp-admin/index.php HTTP/1.1" 200 149661 "http://jforte.com.br/wp-login.php" "Mozilla/5.0 (Macintosh; Intel Mac OS X 10_15_7) AppleWebKit/537.36 (KHTML, like Gecko) Chrome/119.0.0.0 Safari/537.36"
45.130.83.112 - - [14/Jul/2026:21:11:35 -0300] "GET /wp-admin/profile.php HTTP/1.1" 200 149663 "http://jforte.com.br/wp-login.php" "Mozilla/5.0 (Macintosh; Intel Mac OS X 10_15_7) AppleWebKit/537.36 (KHTML, like Gecko) Chrome/119.0.0.0 Safari/537.36"
45.130.83.112 - - [14/Jul/2026:21:11:36 -0300] "GET /wp-admin/edit.php HTTP/1.1" 200 149660 "http://jforte.com.br/wp-login.php" "Mozilla/5.0 (Macintosh; Intel Mac OS X 10_15_7) AppleWebKit/537.36 (KHTML, like Gecko) Chrome/119.0.0.0 Safari/537.36"
45.130.83.112 - - [14/Jul/2026:21:11:38 -0300] "GET /wp-admin/plugins.php HTTP/1.1" 200 149663 "http://jforte.com.br/wp-login.php" "Mozilla/5.0 (Macintosh; Intel Mac OS X 10_15_7) AppleWebKit/537.36 (KHTML, like Gecko) Chrome/119.0.0.0 Safari/537.36"
45.130.83.112 - - [14/Jul/2026:21:11:40 -0300] "POST /wp-login.php HTTP/1.1" 200 62780 "http://jforte.com.br/wp-login.php" "Mozilla/5.0 (Windows NT 11.0; Win64; x64) AppleWebKit/537.36 (KHTML, like Gecko) Chrome/119.0.0.0 Safari/537.36"
45.130.83.112 - - [14/Jul/2026:21:11:41 -0300] "GET /wp-admin/index.php HTTP/1.1" 200 149661 "http://jforte.com.br/wp-login.php" "Mozilla/5.0 (Macintosh; Intel Mac OS X 10_15_7; rv:118.0) Gecko/20100101 Firefox/118.0"
45.130.83.112 - - [14/Jul/2026:21:11:42 -0300] "GET /wp-admin/profile.php HTTP/1.1" 200 149663 "http://jforte.com.br/wp-login.php" "Mozilla/5.0 (Macintosh; Intel Mac OS X 10_15_7; rv:118.0) Gecko/20100101 Firefox/118.0"
45.130.83.112 - - [14/Jul/2026:21:11:45 -0300] "GET /wp-admin/edit.php HTTP/1.1" 200 149660 "http://jforte.com.br/wp-login.php" "Mozilla/5.0 (Macintosh; Intel Mac OS X 10_15_7; rv:118.0) Gecko/20100101 Firefox/118.0"
45.130.83.112 - - [14/Jul/2026:21:11:47 -0300] "GET /wp-admin/plugins.php HTTP/1.1" 200 149663 "http://jforte.com.br/wp-login.php" "Mozilla/5.0 (Macintosh; Intel Mac OS X 10_15_7; rv:118.0) Gecko/20100101 Firefox/118.0"
45.130.83.112 - - [14/Jul/2026:21:11:50 -0300] "POST /wp-login.php HTTP/1.1" 200 62780 "http://jforte.com.br/wp-login.php" "Mozilla/5.0 (Macintosh; Intel Mac OS X 13_6_1) AppleWebKit/605.1.15 (KHTML, like Gecko) Version/16.6 Safari/605.1.15"
45.130.83.112 - - [14/Jul/2026:21:11:52 -0300] "GET /wp-admin/index.php HTTP/1.1" 200 149661 "http://jforte.com.br/wp-login.php" "Mozilla/5.0 (Macintosh; Intel Mac OS X 13_6_1; rv:121.0) Gecko/20100101 Firefox/121.0"
45.130.83.100 - - [14/Jul/2026:21:12:07 -0300] "GET /wp-admin/profile.php HTTP/1.1" 200 149663 "http://jforte.com.br/wp-login.php" "Mozilla/5.0 (Macintosh; Intel Mac OS X 13_6_1; rv:121.0) Gecko/20100101 Firefox/121.0"
45.130.83.100 - - [14/Jul/2026:21:12:10 -0300] "GET /wp-admin/edit.php HTTP/1.1" 200 149660 "http://jforte.com.br/wp-login.php" "Mozilla/5.0 (Macintosh; Intel Mac OS X 13_6_1; rv:121.0) Gecko/20100101 Firefox/121.0"
45.130.83.100 - - [14/Jul/2026:21:12:15 -0300] "GET /wp-admin/plugins.php HTTP/1.1" 200 149663 "http://jforte.com.br/wp-login.php" "Mozilla/5.0 (Macintosh; Intel Mac OS X 13_6_1; rv:121.0) Gecko/20100101 Firefox/121.0"
45.130.83.100 - - [14/Jul/2026:21:12:17 -0300] "POST /wp-login.php HTTP/1.1" 200 62780 "http://jforte.com.br/wp-login.php" "Mozilla/5.0 (Windows NT 11.0; Win64; x64) AppleWebKit/537.36 (KHTML, like Gecko) Chrome/121.0.0.0 Safari/537.36"
45.130.83.100 - - [14/Jul/2026:21:12:19 -0300] "GET /wp-admin/index.php HTTP/1.1" 200 149661 "http://jforte.com.br/wp-login.php" "Mozilla/5.0 (Windows NT 10.0; Win64; x64; rv:120.0) Gecko/20100101 Firefox/120.0"
45.130.83.100 - - [14/Jul/2026:21:12:21 -0300] "GET /wp-admin/profile.php HTTP/1.1" 200 149663 "http://jforte.com.br/wp-login.php" "Mozilla/5.0 (Windows NT 10.0; Win64; x64; rv:120.0) Gecko/20100101 Firefox/120.0"
45.130.83.100 - - [14/Jul/2026:21:12:23 -0300] "GET /wp-admin/edit.php HTTP/1.1" 200 149660 "http://jforte.com.br/wp-login.php" "Mozilla/5.0 (Windows NT 10.0; Win64; x64; rv:120.0) Gecko/20100101 Firefox/120.0"
45.130.83.100 - - [14/Jul/2026:21:12:26 -0300] "GET /wp-admin/plugins.php HTTP/1.1" 200 149663 "http://jforte.com.br/wp-login.php" "Mozilla/5.0 (Windows NT 10.0; Win64; x64; rv:120.0) Gecko/20100101 Firefox/120.0"
45.130.83.100 - - [14/Jul/2026:21:12:28 -0300] "POST /wp-login.php HTTP/1.1" 200 62780 "http://jforte.com.br/wp-login.php" "Mozilla/5.0 (Macintosh; Intel Mac OS X 10_15_7) AppleWebKit/537.36 (KHTML, like Gecko) Chrome/120.0.0.0 Safari/537.36"
45.130.83.100 - - [14/Jul/2026:21:12:29 -0300] "GET /wp-admin/index.php HTTP/1.1" 200 149661 "http://jforte.com.br/wp-login.php" "Mozilla/5.0 (Macintosh; Intel Mac OS X 13_6_1) AppleWebKit/605.1.15 (KHTML, like Gecko) Version/17.1 Safari/605.1.15"
45.130.83.100 - - [14/Jul/2026:21:12:30 -0300] "GET /wp-admin/profile.php HTTP/1.1" 200 149663 "http://jforte.com.br/wp-login.php" "Mozilla/5.0 (Macintosh; Intel Mac OS X 13_6_1) AppleWebKit/605.1.15 (KHTML, like Gecko) Version/17.1 Safari/605.1.15"
45.130.83.100 - - [14/Jul/2026:21:12:32 -0300] "GET /wp-admin/edit.php HTTP/1.1" 200 149660 "http://jforte.com.br/wp-login.php" "Mozilla/5.0 (Macintosh; Intel Mac OS X 13_6_1) AppleWebKit/605.1.15 (KHTML, like Gecko) Version/17.1 Safari/605.1.15"
45.130.83.100 - - [14/Jul/2026:21:12:33 -0300] "GET /wp-admin/plugins.php HTTP/1.1" 200 149663 "http://jforte.com.br/wp-login.php" "Mozilla/5.0 (Macintosh; Intel Mac OS X 13_6_1) AppleWebKit/605.1.15 (KHTML, like Gecko) Version/17.1 Safari/605.1.15"
45.130.83.100 - - [14/Jul/2026:21:12:35 -0300] "POST /wp-login.php HTTP/1.1" 200 62780 "http://jforte.com.br/wp-login.php" "Mozilla/5.0 (Macintosh; Intel Mac OS X 13_6_1) AppleWebKit/537.36 (KHTML, like Gecko) Chrome/119.0.0.0 Safari/537.36"
45.130.83.100 - - [14/Jul/2026:21:12:36 -0300] "GET /wp-admin/index.php HTTP/1.1" 200 149661 "http://jforte.com.br/wp-login.php" "Mozilla/5.0 (Macintosh; Intel Mac OS X 13_6_1) AppleWebKit/605.1.15 (KHTML, like Gecko) Version/17.0 Safari/605.1.15"
45.130.83.100 - - [14/Jul/2026:21:12:37 -0300] "GET /wp-admin/profile.php HTTP/1.1" 200 149663 "http://jforte.com.br/wp-login.php" "Mozilla/5.0 (Macintosh; Intel Mac OS X 13_6_1) AppleWebKit/605.1.15 (KHTML, like Gecko) Version/17.0 Safari/605.1.15"
45.130.83.100 - - [14/Jul/2026:21:12:41 -0300] "GET /wp-admin/edit.php HTTP/1.1" 200 149660 "http://jforte.com.br/wp-login.php" "Mozilla/5.0 (Macintosh; Intel Mac OS X 13_6_1) AppleWebKit/605.1.15 (KHTML, like Gecko) Version/17.0 Safari/605.1.15"
45.130.83.100 - - [14/Jul/2026:21:12:42 -0300] "GET /wp-admin/plugins.php HTTP/1.1" 200 149663 "http://jforte.com.br/wp-login.php" "Mozilla/5.0 (Macintosh; Intel Mac OS X 13_6_1) AppleWebKit/605.1.15 (KHTML, like Gecko) Version/17.0 Safari/605.1.15"
45.130.83.100 - - [14/Jul/2026:21:12:45 -0300] "POST /wp-login.php HTTP/1.1" 200 62780 "http://jforte.com.br/wp-login.php" "Mozilla/5.0 (Windows NT 11.0; Win64; x64) AppleWebKit/537.36 (KHTML, like Gecko) Chrome/119.0.0.0 Safari/537.36"
45.130.83.100 - - [14/Jul/2026:21:12:47 -0300] "GET /wp-admin/index.php HTTP/1.1" 200 149661 "http://jforte.com.br/wp-login.php" "Mozilla/5.0 (Macintosh; Intel Mac OS X 13_6_1; rv:119.0) Gecko/20100101 Firefox/119.0"
45.130.83.100 - - [14/Jul/2026:21:12:49 -0300] "GET /wp-admin/profile.php HTTP/1.1" 200 149663 "http://jforte.com.br/wp-login.php" "Mozilla/5.0 (Macintosh; Intel Mac OS X 13_6_1; rv:119.0) Gecko/20100101 Firefox/119.0"
45.130.83.100 - - [14/Jul/2026:21:12:50 -0300] "GET /wp-admin/edit.php HTTP/1.1" 200 149660 "http://jforte.com.br/wp-login.php" "Mozilla/5.0 (Macintosh; Intel Mac OS X 13_6_1; rv:119.0) Gecko/20100101 Firefox/119.0"
45.130.83.100 - - [14/Jul/2026:21:12:51 -0300] "GET /wp-admin/plugins.php HTTP/1.1" 200 149663 "http://jforte.com.br/wp-login.php" "Mozilla/5.0 (Macintosh; Intel Mac OS X 13_6_1; rv:119.0) Gecko/20100101 Firefox/119.0"
45.130.83.100 - - [14/Jul/2026:21:12:54 -0300] "POST /wp-login.php HTTP/1.1" 200 62780 "http://jforte.com.br/wp-login.php" "Mozilla/5.0 (Macintosh; Intel Mac OS X 13_6_1; rv:121.0) Gecko/20100101 Firefox/121.0"
45.130.83.100 - - [14/Jul/2026:21:12:55 -0300] "GET /wp-admin/index.php HTTP/1.1" 200 149661 "http://jforte.com.br/wp-login.php" "Mozilla/5.0 (Windows NT 10.0; Win64; x64; rv:121.0) Gecko/20100101 Firefox/121.0"
45.130.83.100 - - [14/Jul/2026:21:12:56 -0300] "GET /wp-admin/profile.php HTTP/1.1" 200 149663 "http://jforte.com.br/wp-login.php" "Mozilla/5.0 (Windows NT 10.0; Win64; x64; rv:121.0) Gecko/20100101 Firefox/121.0"
45.130.83.100 - - [14/Jul/2026:21:12:58 -0300] "GET /wp-admin/edit.php HTTP/1.1" 200 149660 "http://jforte.com.br/wp-login.php" "Mozilla/5.0 (Windows NT 10.0; Win64; x64; rv:121.0) Gecko/20100101 Firefox/121.0"
45.130.83.100 - - [14/Jul/2026:21:13:01 -0300] "GET /wp-admin/plugins.php HTTP/1.1" 200 149663 "http://jforte.com.br/wp-login.php" "Mozilla/5.0 (Windows NT 10.0; Win64; x64; rv:121.0) Gecko/20100101 Firefox/121.0"
45.130.83.100 - - [14/Jul/2026:21:13:04 -0300] "POST /wp-login.php HTTP/1.1" 200 62780 "http://jforte.com.br/wp-login.php" "Mozilla/5.0 (Macintosh; Intel Mac OS X 10_15_7) AppleWebKit/605.1.15 (KHTML, like Gecko) Version/17.2 Safari/605.1.15"
45.130.83.100 - - [14/Jul/2026:21:13:06 -0300] "GET /wp-admin/index.php HTTP/1.1" 200 149661 "http://jforte.com.br/wp-login.php" "Mozilla/5.0 (Windows NT 11.0; Win64; x64; rv:120.0) Gecko/20100101 Firefox/120.0"
45.130.83.100 - - [14/Jul/2026:21:13:08 -0300] "GET /wp-admin/profile.php HTTP/1.1" 200 149663 "http://jforte.com.br/wp-login.php" "Mozilla/5.0 (Windows NT 11.0; Win64; x64; rv:120.0) Gecko/20100101 Firefox/120.0"
45.130.83.94 - - [14/Jul/2026:21:13:15 -0300] "GET /wp-admin/edit.php HTTP/1.1" 200 149659 "http://jforte.com.br/wp-login.php" "Mozilla/5.0 (Windows NT 11.0; Win64; x64; rv:120.0) Gecko/20100101 Firefox/120.0"
45.130.83.94 - - [14/Jul/2026:21:13:19 -0300] "GET /wp-admin/plugins.php HTTP/1.1" 200 149662 "http://jforte.com.br/wp-login.php" "Mozilla/5.0 (Windows NT 11.0; Win64; x64; rv:120.0) Gecko/20100101 Firefox/120.0"
45.130.83.94 - - [14/Jul/2026:21:13:22 -0300] "POST /wp-login.php HTTP/1.1" 200 62779 "http://jforte.com.br/wp-login.php" "Mozilla/5.0 (Macintosh; Intel Mac OS X 10_15_7) AppleWebKit/605.1.15 (KHTML, like Gecko) Version/17.2 Safari/605.1.15"
45.130.83.94 - - [14/Jul/2026:21:13:25 -0300] "GET /wp-admin/index.php HTTP/1.1" 200 149660 "http://jforte.com.br/wp-login.php" "Mozilla/5.0 (Macintosh; Intel Mac OS X 10_15_7) AppleWebKit/605.1.15 (KHTML, like Gecko) Version/17.2 Safari/605.1.15"
45.130.83.98 - - [14/Jul/2026:21:13:33 -0300] "GET /wp-admin/edit.php HTTP/1.1" 200 149659 "http://jforte.com.br/wp-login.php" "Mozilla/5.0 (Macintosh; Intel Mac OS X 10_15_7) AppleWebKit/605.1.15 (KHTML, like Gecko) Version/17.2 Safari/605.1.15"
45.130.83.95 - - [14/Jul/2026:21:13:41 -0300] "GET /wp-admin/plugins.php HTTP/1.1" 200 149662 "http://jforte.com.br/wp-login.php" "Mozilla/5.0 (Macintosh; Intel Mac OS X 10_15_7) AppleWebKit/605.1.15 (KHTML, like Gecko) Version/17.2 Safari/605.1.15"
45.130.83.96 - - [14/Jul/2026:21:13:48 -0300] "POST /wp-login.php HTTP/1.1" 200 62779 "http://jforte.com.br/wp-login.php" "Mozilla/5.0 (Macintosh; Intel Mac OS X 10_15_7) AppleWebKit/605.1.15 (KHTML, like Gecko) Version/17.0 Safari/605.1.15"
45.130.83.96 - - [14/Jul/2026:21:13:50 -0300] "GET /wp-admin/index.php HTTP/1.1" 200 149660 "http://jforte.com.br/wp-login.php" "Mozilla/5.0 (Macintosh; Intel Mac OS X 13_6_1; rv:120.0) Gecko/20100101 Firefox/120.0"
45.130.83.96 - - [14/Jul/2026:21:13:53 -0300] "GET /wp-admin/profile.php HTTP/1.1" 200 149662 "http://jforte.com.br/wp-login.php" "Mozilla/5.0 (Macintosh; Intel Mac OS X 13_6_1; rv:120.0) Gecko/20100101 Firefox/120.0"
45.130.83.96 - - [14/Jul/2026:21:13:55 -0300] "GET /wp-admin/edit.php HTTP/1.1" 200 149659 "http://jforte.com.br/wp-login.php" "Mozilla/5.0 (Macintosh; Intel Mac OS X 13_6_1; rv:120.0) Gecko/20100101 Firefox/120.0"
45.130.83.96 - - [14/Jul/2026:21:13:58 -0300] "GET /wp-admin/plugins.php HTTP/1.1" 200 149662 "http://jforte.com.br/wp-login.php" "Mozilla/5.0 (Macintosh; Intel Mac OS X 13_6_1; rv:120.0) Gecko/20100101 Firefox/120.0"
45.130.83.96 - - [14/Jul/2026:21:14:00 -0300] "POST /wp-login.php HTTP/1.1" 200 62779 "http://jforte.com.br/wp-login.php" "Mozilla/5.0 (Windows NT 10.0; Win64; x64) AppleWebKit/537.36 (KHTML, like Gecko) Chrome/118.0.0.0 Safari/537.36"
45.130.83.96 - - [14/Jul/2026:21:14:03 -0300] "GET /wp-admin/index.php HTTP/1.1" 200 149660 "http://jforte.com.br/wp-login.php" "Mozilla/5.0 (Macintosh; Intel Mac OS X 13_6_1) AppleWebKit/605.1.15 (KHTML, like Gecko) Version/17.0 Safari/605.1.15"
45.130.83.96 - - [14/Jul/2026:21:14:07 -0300] "GET /wp-admin/profile.php HTTP/1.1" 200 149662 "http://jforte.com.br/wp-login.php" "Mozilla/5.0 (Macintosh; Intel Mac OS X 13_6_1) AppleWebKit/605.1.15 (KHTML, like Gecko) Version/17.0 Safari/605.1.15"
45.130.83.96 - - [14/Jul/2026:21:14:11 -0300] "GET /wp-admin/edit.php HTTP/1.1" 200 149659 "http://jforte.com.br/wp-login.php" "Mozilla/5.0 (Macintosh; Intel Mac OS X 13_6_1) AppleWebKit/605.1.15 (KHTML, like Gecko) Version/17.0 Safari/605.1.15"
45.130.83.107 - - [14/Jul/2026:21:14:20 -0300] "GET /wp-admin/plugins.php HTTP/1.1" 200 149663 "http://jforte.com.br/wp-login.php" "Mozilla/5.0 (Macintosh; Intel Mac OS X 13_6_1) AppleWebKit/605.1.15 (KHTML, like Gecko) Version/17.0 Safari/605.1.15"
45.130.83.107 - - [14/Jul/2026:21:14:25 -0300] "POST /wp-login.php HTTP/1.1" 200 62780 "http://jforte.com.br/wp-login.php" "Mozilla/5.0 (Macintosh; Intel Mac OS X 13_6_1) AppleWebKit/605.1.15 (KHTML, like Gecko) Version/16.6 Safari/605.1.15"
45.130.83.107 - - [14/Jul/2026:21:14:28 -0300] "GET /wp-admin/index.php HTTP/1.1" 200 149661 "http://jforte.com.br/wp-login.php" "Mozilla/5.0 (Windows NT 10.0; Win64; x64; rv:120.0) Gecko/20100101 Firefox/120.0"
45.130.83.107 - - [14/Jul/2026:21:14:33 -0300] "GET /wp-admin/profile.php HTTP/1.1" 200 149663 "http://jforte.com.br/wp-login.php" "Mozilla/5.0 (Windows NT 10.0; Win64; x64; rv:120.0) Gecko/20100101 Firefox/120.0"
45.130.83.107 - - [14/Jul/2026:21:14:37 -0300] "GET /wp-admin/edit.php HTTP/1.1" 200 149660 "http://jforte.com.br/wp-login.php" "Mozilla/5.0 (Windows NT 10.0; Win64; x64; rv:120.0) Gecko/20100101 Firefox/120.0"
45.130.83.107 - - [14/Jul/2026:21:14:40 -0300] "GET /wp-admin/plugins.php HTTP/1.1" 200 149663 "http://jforte.com.br/wp-login.php" "Mozilla/5.0 (Windows NT 10.0; Win64; x64; rv:120.0) Gecko/20100101 Firefox/120.0"
43.130.110.130 - - [14/Jul/2026:21:14:42 -0300] "GET /?lokasie=/home/jforte/public_html/adminer-n2g3o.php&loknya=/home/jforte/public_html HTTP/1.1" 200 765414 "-" "Mozilla/5.0 (iPhone; CPU iPhone OS 13_2_3 like Mac OS X) AppleWebKit/605.1.15 (KHTML, like Gecko) Version/13.0.3 Mobile/15E148 Safari/604.1"
45.92.229.122 - - [14/Jul/2026:21:14:49 -0300] "POST /wp-login.php HTTP/1.1" 200 62780 "http://jforte.com.br/wp-login.php" "Mozilla/5.0 (X11; Linux x86_64) AppleWebKit/537.36 (KHTML, like Gecko) Chrome/120.0.0.0 Safari/537.36"
74.7.230.34 - - [14/Jul/2026:21:14:51 -0300] "GET /robots.txt HTTP/1.1" 200 62775 "-" "Mozilla/5.0 (Macintosh; Intel Mac OS X 10_15_7) AppleWebKit/537.36 (KHTML, like Gecko) Chrome/131.0.0.0 Safari/537.36; compatible; OAI-SearchBot/1.4; robots.txt; +https://openai.com/searchbot"
74.7.227.9 - - [14/Jul/2026:21:14:51 -0300] "GET /wp-sitemap.xml HTTP/1.1" 200 62774 "-" "Mozilla/5.0 AppleWebKit/537.36 (KHTML, like Gecko; compatible; GPTBot/1.4; +https://openai.com/gptbot)"
45.92.229.122 - - [14/Jul/2026:21:14:51 -0300] "GET /wp-admin/index.php HTTP/1.1" 200 149661 "http://jforte.com.br/wp-login.php" "Mozilla/5.0 (Windows NT 10.0; Win64; x64; rv:119.0) Gecko/20100101 Firefox/119.0"
74.7.227.9 - - [14/Jul/2026:21:14:54 -0300] "GET /wp-sitemap.xml?lokasie=/home/jforte/public_html/myvboivm.php&loknya=/home/jforte/public_html HTTP/1.1" 200 31076 "http://jforte.com.br/wp-sitemap.xml" "Mozilla/5.0 AppleWebKit/537.36 (KHTML, like Gecko; compatible; GPTBot/1.4; +https://openai.com/gptbot)"
45.92.229.122 - - [14/Jul/2026:21:14:54 -0300] "GET /wp-admin/profile.php HTTP/1.1" 200 149663 "http://jforte.com.br/wp-login.php" "Mozilla/5.0 (Windows NT 10.0; Win64; x64; rv:119.0) Gecko/20100101 Firefox/119.0"
74.7.227.9 - - [14/Jul/2026:21:14:57 -0300] "GET /wp-sitemap.xml?lokasie=/home/jforte/public_html/wp-blog-header.php&loknya=/home/jforte/public_html HTTP/1.1" 200 4497 "http://jforte.com.br/wp-sitemap.xml" "Mozilla/5.0 AppleWebKit/537.36 (KHTML, like Gecko; compatible; GPTBot/1.4; +https://openai.com/gptbot)"
45.92.229.122 - - [14/Jul/2026:21:14:57 -0300] "GET /wp-admin/edit.php HTTP/1.1" 200 149660 "http://jforte.com.br/wp-login.php" "Mozilla/5.0 (Windows NT 10.0; Win64; x64; rv:119.0) Gecko/20100101 Firefox/119.0"
74.7.227.9 - - [14/Jul/2026:21:14:59 -0300] "GET /wp-sitemap.xml?lokasie=/home/jforte/public_html/trcntipi.php&loknya=/home/jforte/public_html HTTP/1.1" 200 4272 "http://jforte.com.br/wp-sitemap.xml" "Mozilla/5.0 AppleWebKit/537.36 (KHTML, like Gecko; compatible; GPTBot/1.4; +https://openai.com/gptbot)"
74.7.227.9 - - [14/Jul/2026:21:15:02 -0300] "GET /wp-sitemap.xml?lokasie=/home/jforte/public_html/wp-cron.php&loknya=/home/jforte/public_html HTTP/1.1" 200 10078 "http://jforte.com.br/wp-sitemap.xml" "Mozilla/5.0 AppleWebKit/537.36 (KHTML, like Gecko; compatible; GPTBot/1.4; +https://openai.com/gptbot)"
45.130.83.105 - - [14/Jul/2026:21:15:02 -0300] "POST /wp-login.php HTTP/1.1" 200 62780 "http://jforte.com.br/wp-login.php" "Mozilla/5.0 (Windows NT 10.0; Win64; x64; rv:118.0) Gecko/20100101 Firefox/118.0"
74.7.227.9 - - [14/Jul/2026:21:15:04 -0300] "GET /wp-sitemap.xml?lokasie=/home/jforte/public_html/wp-activate.php&loknya=/home/jforte/public_html HTTP/1.1" 200 13115 "http://jforte.com.br/wp-sitemap.xml" "Mozilla/5.0 AppleWebKit/537.36 (KHTML, like Gecko; compatible; GPTBot/1.4; +https://openai.com/gptbot)"
74.7.227.9 - - [14/Jul/2026:21:15:06 -0300] "GET /wp-sitemap.xml?lokasie=/home/jforte/public_html/fhxxkjel.php&loknya=/home/jforte/public_html HTTP/1.1" 200 31076 "http://jforte.com.br/wp-sitemap.xml" "Mozilla/5.0 AppleWebKit/537.36 (KHTML, like Gecko; compatible; GPTBot/1.4; +https://openai.com/gptbot)"
45.130.83.105 - - [14/Jul/2026:21:15:06 -0300] "GET /wp-admin/index.php HTTP/1.1" 200 149661 "http://jforte.com.br/wp-login.php" "Mozilla/5.0 (X11; Linux x86_64) AppleWebKit/537.36 (KHTML, like Gecko) Chrome/121.0.0.0 Safari/537.36"
74.7.227.9 - - [14/Jul/2026:21:15:07 -0300] "GET /wp-sitemap.xml?loknya=/home HTTP/1.1" 200 226491 "http://jforte.com.br/wp-sitemap.xml" "Mozilla/5.0 AppleWebKit/537.36 (KHTML, like Gecko; compatible; GPTBot/1.4; +https://openai.com/gptbot)"
45.130.83.105 - - [14/Jul/2026:21:15:09 -0300] "GET /wp-admin/profile.php HTTP/1.1" 200 149663 "http://jforte.com.br/wp-login.php" "Mozilla/5.0 (X11; Linux x86_64) AppleWebKit/537.36 (KHTML, like Gecko) Chrome/121.0.0.0 Safari/537.36"
74.7.227.9 - - [14/Jul/2026:21:15:09 -0300] "GET /wp-sitemap.xml?lokasie=/home/jforte/public_html/wp-login.php&loknya=/home/jforte/public_html HTTP/1.1" 200 67132 "http://jforte.com.br/wp-sitemap.xml" "Mozilla/5.0 AppleWebKit/537.36 (KHTML, like Gecko; compatible; GPTBot/1.4; +https://openai.com/gptbot)"
74.7.227.9 - - [14/Jul/2026:21:15:11 -0300] "GET /wp-sitemap.xml?loknya=/home/jforte/ HTTP/1.1" 200 61109 "http://jforte.com.br/wp-sitemap.xml" "Mozilla/5.0 AppleWebKit/537.36 (KHTML, like Gecko; compatible; GPTBot/1.4; +https://openai.com/gptbot)"
45.130.83.105 - - [14/Jul/2026:21:15:11 -0300] "GET /wp-admin/edit.php HTTP/1.1" 200 149660 "http://jforte.com.br/wp-login.php" "Mozilla/5.0 (X11; Linux x86_64) AppleWebKit/537.36 (KHTML, like Gecko) Chrome/121.0.0.0 Safari/537.36"
74.7.227.9 - - [14/Jul/2026:21:15:12 -0300] "GET /wp-sitemap.xml?lokasie=/home/jforte/public_html/tqsfmsnc.php&loknya=/home/jforte/public_html HTTP/1.1" 200 31076 "http://jforte.com.br/wp-sitemap.xml" "Mozilla/5.0 AppleWebKit/537.36 (KHTML, like Gecko; compatible; GPTBot/1.4; +https://openai.com/gptbot)"
74.7.227.9 - - [14/Jul/2026:21:15:13 -0300] "GET /index.php HTTP/1.1" 200 62774 "http://jforte.com.br/wp-sitemap.xml" "Mozilla/5.0 AppleWebKit/537.36 (KHTML, like Gecko; compatible; GPTBot/1.4; +https://openai.com/gptbot)"
74.7.227.9 - - [14/Jul/2026:21:15:14 -0300] "GET /wp-sitemap.xml?loknya=/ HTTP/1.1" 200 38980 "http://jforte.com.br/wp-sitemap.xml" "Mozilla/5.0 AppleWebKit/537.36 (KHTML, like Gecko; compatible; GPTBot/1.4; +https://openai.com/gptbot)"
45.130.83.105 - - [14/Jul/2026:21:15:15 -0300] "GET /wp-admin/plugins.php HTTP/1.1" 200 149663 "http://jforte.com.br/wp-login.php" "Mozilla/5.0 (X11; Linux x86_64) AppleWebKit/537.36 (KHTML, like Gecko) Chrome/121.0.0.0 Safari/537.36"
74.7.227.9 - - [14/Jul/2026:21:15:15 -0300] "GET /wp-sitemap.xml?loknya=/home/jforte HTTP/1.1" 200 60967 "http://jforte.com.br/wp-sitemap.xml" "Mozilla/5.0 AppleWebKit/537.36 (KHTML, like Gecko; compatible; GPTBot/1.4; +https://openai.com/gptbot)"
74.7.227.9 - - [14/Jul/2026:21:15:16 -0300] "GET /wp-sitemap.xml?loknya=/home/jforte/public_html/.tmb HTTP/1.1" 200 5320 "http://jforte.com.br/wp-sitemap.xml" "Mozilla/5.0 AppleWebKit/537.36 (KHTML, like Gecko; compatible; GPTBot/1.4; +https://openai.com/gptbot)"
74.7.227.9 - - [14/Jul/2026:21:15:17 -0300] "GET /wp-sitemap.xml?loknya=/home/jforte/public_html/.well-known HTTP/1.1" 200 6499 "http://jforte.com.br/wp-sitemap.xml" "Mozilla/5.0 AppleWebKit/537.36 (KHTML, like Gecko; compatible; GPTBot/1.4; +https://openai.com/gptbot)"
45.130.83.105 - - [14/Jul/2026:21:15:18 -0300] "POST /wp-login.php HTTP/1.1" 200 62780 "http://jforte.com.br/wp-login.php" "Mozilla/5.0 (X11; Ubuntu; Linux x86_64) AppleWebKit/537.36 (KHTML, like Gecko) Chrome/118.0.0.0 Safari/537.36"
74.7.227.9 - - [14/Jul/2026:21:15:18 -0300] "GET /wp-sitemap.xml?loknya=/home/jforte/public_html HTTP/1.1" 200 62774 "http://jforte.com.br/wp-sitemap.xml" "Mozilla/5.0 AppleWebKit/537.36 (KHTML, like Gecko; compatible; GPTBot/1.4; +https://openai.com/gptbot)"
74.7.227.9 - - [14/Jul/2026:21:15:19 -0300] "GET /wp-sitemap.xml?loknya=/home/jforte/public_html/configDSV HTTP/1.1" 200 24137 "http://jforte.com.br/wp-sitemap.xml" "Mozilla/5.0 AppleWebKit/537.36 (KHTML, like Gecko; compatible; GPTBot/1.4; +https://openai.com/gptbot)"
74.7.227.9 - - [14/Jul/2026:21:15:20 -0300] "GET /wp-sitemap.xml?loknya=/home/samurai HTTP/1.1" 200 5122 "http://jforte.com.br/wp-sitemap.xml?loknya=/home" "Mozilla/5.0 AppleWebKit/537.36 (KHTML, like Gecko; compatible; GPTBot/1.4; +https://openai.com/gptbot)"
74.7.227.9 - - [14/Jul/2026:21:15:22 -0300] "GET /wp-sitemap.xml?loknya=/home/gsb HTTP/1.1" 200 5106 "http://jforte.com.br/wp-sitemap.xml?loknya=/home" "Mozilla/5.0 AppleWebKit/537.36 (KHTML, like Gecko; compatible; GPTBot/1.4; +https://openai.com/gptbot)"
74.7.227.9 - - [14/Jul/2026:21:15:22 -0300] "GET /wp-sitemap.xml?lokasie=/home/jforte//.dns&loknya=/home/jforte/ HTTP/1.1" 200 4052 "http://jforte.com.br/wp-sitemap.xml?loknya=/home/jforte/" "Mozilla/5.0 AppleWebKit/537.36 (KHTML, like Gecko; compatible; GPTBot/1.4; +https://openai.com/gptbot)"
74.7.227.9 - - [14/Jul/2026:21:15:23 -0300] "GET /wp-sitemap.xml?loknya=/home/hb HTTP/1.1" 200 5102 "http://jforte.com.br/wp-sitemap.xml?loknya=/home" "Mozilla/5.0 AppleWebKit/537.36 (KHTML, like Gecko; compatible; GPTBot/1.4; +https://openai.com/gptbot)"
74.7.227.9 - - [14/Jul/2026:21:15:24 -0300] "GET /index.php?lokasie=/home/jforte/public_html/ypqnbmnd.php&loknya=/home/jforte/public_html HTTP/1.1" 200 31076 "http://jforte.com.br/index.php" "Mozilla/5.0 AppleWebKit/537.36 (KHTML, like Gecko; compatible; GPTBot/1.4; +https://openai.com/gptbot)"
74.7.227.9 - - [14/Jul/2026:21:15:25 -0300] "GET /wp-sitemap.xml?loknya=/lib64 HTTP/1.1" 200 2188497 "http://jforte.com.br/wp-sitemap.xml?loknya=/" "Mozilla/5.0 AppleWebKit/537.36 (KHTML, like Gecko; compatible; GPTBot/1.4; +https://openai.com/gptbot)"
74.7.227.9 - - [14/Jul/2026:21:15:26 -0300] "GET /wp-sitemap.xml?lokasie=//.autorelabel&loknya=/ HTTP/1.1" 200 3958 "http://jforte.com.br/wp-sitemap.xml?loknya=/" "Mozilla/5.0 AppleWebKit/537.36 (KHTML, like Gecko; compatible; GPTBot/1.4; +https://openai.com/gptbot)"
74.7.227.9 - - [14/Jul/2026:21:15:27 -0300] "GET /index.php?loknya=/ HTTP/1.1" 200 38980 "http://jforte.com.br/index.php" "Mozilla/5.0 AppleWebKit/537.36 (KHTML, like Gecko; compatible; GPTBot/1.4; +https://openai.com/gptbot)"
74.7.227.9 - - [14/Jul/2026:21:15:28 -0300] "GET /index.php?loknya=/home HTTP/1.1" 200 226491 "http://jforte.com.br/index.php" "Mozilla/5.0 AppleWebKit/537.36 (KHTML, like Gecko; compatible; GPTBot/1.4; +https://openai.com/gptbot)"
74.7.227.9 - - [14/Jul/2026:21:15:29 -0300] "GET /index.php?loknya=/home/jforte HTTP/1.1" 200 60967 "http://jforte.com.br/index.php" "Mozilla/5.0 AppleWebKit/537.36 (KHTML, like Gecko; compatible; GPTBot/1.4; +https://openai.com/gptbot)"
74.7.227.9 - - [14/Jul/2026:21:15:29 -0300] "GET /index.php?loknya=/home/jforte/ HTTP/1.1" 200 61109 "http://jforte.com.br/index.php" "Mozilla/5.0 AppleWebKit/537.36 (KHTML, like Gecko; compatible; GPTBot/1.4; +https://openai.com/gptbot)"
45.92.229.117 - - [14/Jul/2026:21:15:29 -0300] "GET /wp-admin/index.php HTTP/1.1" 200 149661 "http://jforte.com.br/wp-login.php" "Mozilla/5.0 (Macintosh; Intel Mac OS X 13_6_1; rv:121.0) Gecko/20100101 Firefox/121.0"
74.7.227.9 - - [14/Jul/2026:21:15:30 -0300] "GET /wp-sitemap.xml?lokasie=//brand&loknya=/ HTTP/1.1" 200 3963 "http://jforte.com.br/wp-sitemap.xml?loknya=/" "Mozilla/5.0 AppleWebKit/537.36 (KHTML, like Gecko; compatible; GPTBot/1.4; +https://openai.com/gptbot)"
74.7.227.9 - - [14/Jul/2026:21:15:31 -0300] "GET /index.php?loknya=/home/jforte/public_html HTTP/1.1" 200 62774 "http://jforte.com.br/index.php" "Mozilla/5.0 AppleWebKit/537.36 (KHTML, like Gecko; compatible; GPTBot/1.4; +https://openai.com/gptbot)"
45.92.229.117 - - [14/Jul/2026:21:15:32 -0300] "GET /wp-admin/profile.php HTTP/1.1" 200 149663 "http://jforte.com.br/wp-login.php" "Mozilla/5.0 (Macintosh; Intel Mac OS X 13_6_1; rv:121.0) Gecko/20100101 Firefox/121.0"
74.7.227.9 - - [14/Jul/2026:21:15:32 -0300] "GET /index.php?loknya=/home/jforte/public_html/.tmb HTTP/1.1" 200 5320 "http://jforte.com.br/index.php" "Mozilla/5.0 AppleWebKit/537.36 (KHTML, like Gecko; compatible; GPTBot/1.4; +https://openai.com/gptbot)"
74.7.227.9 - - [14/Jul/2026:21:15:33 -0300] "GET /wp-sitemap.xml?lokasie=//user_list&loknya=/ HTTP/1.1" 200 3968 "http://jforte.com.br/wp-sitemap.xml?loknya=/" "Mozilla/5.0 AppleWebKit/537.36 (KHTML, like Gecko; compatible; GPTBot/1.4; +https://openai.com/gptbot)"
45.92.229.117 - - [14/Jul/2026:21:15:34 -0300] "GET /wp-admin/edit.php HTTP/1.1" 200 149660 "http://jforte.com.br/wp-login.php" "Mozilla/5.0 (Macintosh; Intel Mac OS X 13_6_1; rv:121.0) Gecko/20100101 Firefox/121.0"
74.7.227.9 - - [14/Jul/2026:21:15:34 -0300] "GET /wp-sitemap.xml?lokasie=//swapfile1&loknya=/ HTTP/1.1" 200 3955 "http://jforte.com.br/wp-sitemap.xml?loknya=/" "Mozilla/5.0 AppleWebKit/537.36 (KHTML, like Gecko; compatible; GPTBot/1.4; +https://openai.com/gptbot)"
74.7.227.9 - - [14/Jul/2026:21:15:35 -0300] "GET /wp-sitemap.xml?lokasie=/lib64/libjavascriptcoregtk-4.0.so.18.29.0&loknya=/lib64 HTTP/1.1" 500 2701 "http://jforte.com.br/wp-sitemap.xml?loknya=/lib64" "Mozilla/5.0 AppleWebKit/537.36 (KHTML, like Gecko; compatible; GPTBot/1.4; +https://openai.com/gptbot)"
45.92.229.117 - - [14/Jul/2026:21:15:36 -0300] "GET /wp-admin/plugins.php HTTP/1.1" 200 149663 "http://jforte.com.br/wp-login.php" "Mozilla/5.0 (Macintosh; Intel Mac OS X 13_6_1; rv:121.0) Gecko/20100101 Firefox/121.0"
74.7.227.9 - - [14/Jul/2026:21:15:36 -0300] "GET /wp-sitemap.xml?lokasie=/lib64/libjxl.so.0.7&loknya=/lib64 HTTP/1.1" 200 5442617 "http://jforte.com.br/wp-sitemap.xml?loknya=/lib64" "Mozilla/5.0 AppleWebKit/537.36 (KHTML, like Gecko; compatible; GPTBot/1.4; +https://openai.com/gptbot)"
74.7.227.9 - - [14/Jul/2026:21:15:37 -0300] "GET /wp-sitemap.xml?lokasie=/lib64/libmount.so.1&loknya=/lib64 HTTP/1.1" 200 451491 "http://jforte.com.br/wp-sitemap.xml?loknya=/lib64" "Mozilla/5.0 AppleWebKit/537.36 (KHTML, like Gecko; compatible; GPTBot/1.4; +https://openai.com/gptbot)"
45.92.229.117 - - [14/Jul/2026:21:15:38 -0300] "POST /wp-login.php HTTP/1.1" 200 62780 "http://jforte.com.br/wp-login.php" "Mozilla/5.0 (Macintosh; Intel Mac OS X 10_15_7; rv:119.0) Gecko/20100101 Firefox/119.0"
74.7.227.9 - - [14/Jul/2026:21:15:38 -0300] "GET /wp-sitemap.xml?lokasie=/lib64/libsemanage.so.2&loknya=/lib64 HTTP/1.1" 200 405078 "http://jforte.com.br/wp-sitemap.xml?loknya=/lib64" "Mozilla/5.0 AppleWebKit/537.36 (KHTML, like Gecko; compatible; GPTBot/1.4; +https://openai.com/gptbot)"
74.7.227.9 - - [14/Jul/2026:21:15:40 -0300] "GET /wp-sitemap.xml?lokasie=/lib64/libtss2-tcti-mssim.so.0.0.0&loknya=/lib64 HTTP/1.1" 200 46271 "http://jforte.com.br/wp-sitemap.xml?loknya=/lib64" "Mozilla/5.0 AppleWebKit/537.36 (KHTML, like Gecko; compatible; GPTBot/1.4; +https://openai.com/gptbot)"
45.92.229.139 - - [14/Jul/2026:21:15:40 -0300] "GET /wp-admin/index.php HTTP/1.1" 200 149661 "http://jforte.com.br/wp-login.php" "Mozilla/5.0 (X11; Linux x86_64) AppleWebKit/537.36 (KHTML, like Gecko) Chrome/119.0.0.0 Safari/537.36"
74.7.227.9 - - [14/Jul/2026:21:15:41 -0300] "GET /wp-sitemap.xml?loknya=/lib64/llvm21 HTTP/1.1" 200 10215 "http://jforte.com.br/wp-sitemap.xml?loknya=/lib64" "Mozilla/5.0 AppleWebKit/537.36 (KHTML, like Gecko; compatible; GPTBot/1.4; +https://openai.com/gptbot)"
74.7.227.9 - - [14/Jul/2026:21:15:42 -0300] "GET /wp-sitemap.xml?loknya=/lib64/cifs-utils HTTP/1.1" 200 6474 "http://jforte.com.br/wp-sitemap.xml?loknya=/lib64" "Mozilla/5.0 AppleWebKit/537.36 (KHTML, like Gecko; compatible; GPTBot/1.4; +https://openai.com/gptbot)"
74.7.227.9 - - [14/Jul/2026:21:15:43 -0300] "GET /wp-sitemap.xml?lokasie=/lib64/libpsx.so.2.48&loknya=/lib64 HTTP/1.1" 200 28479 "http://jforte.com.br/wp-sitemap.xml?loknya=/lib64" "Mozilla/5.0 AppleWebKit/537.36 (KHTML, like Gecko; compatible; GPTBot/1.4; +https://openai.com/gptbot)"
74.7.227.9 - - [14/Jul/2026:21:15:44 -0300] "GET /wp-sitemap.xml?lokasie=/lib64/libhogweed.so.6&loknya=/lib64 HTTP/1.1" 200 1075274 "http://jforte.com.br/wp-sitemap.xml?loknya=/lib64" "Mozilla/5.0 AppleWebKit/537.36 (KHTML, like Gecko; compatible; GPTBot/1.4; +https://openai.com/gptbot)"
45.92.229.139 - - [14/Jul/2026:21:15:45 -0300] "GET /wp-admin/profile.php HTTP/1.1" 200 149663 "http://jforte.com.br/wp-login.php" "Mozilla/5.0 (X11; Linux x86_64) AppleWebKit/537.36 (KHTML, like Gecko) Chrome/119.0.0.0 Safari/537.36"
74.7.227.9 - - [14/Jul/2026:21:15:45 -0300] "GET /wp-sitemap.xml?lokasie=/lib64/libstemmer.so.0&loknya=/lib64 HTTP/1.1" 200 468856 "http://jforte.com.br/wp-sitemap.xml?loknya=/lib64" "Mozilla/5.0 AppleWebKit/537.36 (KHTML, like Gecko; compatible; GPTBot/1.4; +https://openai.com/gptbot)"
74.7.227.9 - - [14/Jul/2026:21:15:46 -0300] "GET /wp-sitemap.xml?lokasie=/lib64/libsombok.so.3.1.7&loknya=/lib64 HTTP/1.1" 200 146517 "http://jforte.com.br/wp-sitemap.xml?loknya=/lib64" "Mozilla/5.0 AppleWebKit/537.36 (KHTML, like Gecko; compatible; GPTBot/1.4; +https://openai.com/gptbot)"
74.7.227.9 - - [14/Jul/2026:21:15:47 -0300] "GET /wp-sitemap.xml?lokasie=/lib64/libcolorhug.so.2.0.5&loknya=/lib64 HTTP/1.1" 200 148609 "http://jforte.com.br/wp-sitemap.xml?loknya=/lib64" "Mozilla/5.0 AppleWebKit/537.36 (KHTML, like Gecko; compatible; GPTBot/1.4; +https://openai.com/gptbot)"
74.7.227.9 - - [14/Jul/2026:21:15:48 -0300] "GET /wp-sitemap.xml?lokasie=/lib64/libjson-c.so.5.0.0&loknya=/lib64 HTTP/1.1" 200 111794 "http://jforte.com.br/wp-sitemap.xml?loknya=/lib64" "Mozilla/5.0 AppleWebKit/537.36 (KHTML, like Gecko; compatible; GPTBot/1.4; +https://openai.com/gptbot)"
45.92.229.139 - - [14/Jul/2026:21:15:48 -0300] "GET /wp-admin/edit.php HTTP/1.1" 200 149660 "http://jforte.com.br/wp-login.php" "Mozilla/5.0 (X11; Linux x86_64) AppleWebKit/537.36 (KHTML, like Gecko) Chrome/119.0.0.0 Safari/537.36"
74.7.227.9 - - [14/Jul/2026:21:15:49 -0300] "GET /wp-sitemap.xml?lokasie=/lib64/libXxf86vm.so.1.0.0&loknya=/lib64 HTTP/1.1" 200 37348 "http://jforte.com.br/wp-sitemap.xml?loknya=/lib64" "Mozilla/5.0 AppleWebKit/537.36 (KHTML, like Gecko; compatible; GPTBot/1.4; +https://openai.com/gptbot)"
74.7.227.9 - - [14/Jul/2026:21:15:50 -0300] "GET /wp-sitemap.xml?lokasie=/lib64/libGLX.so.0.0.0&loknya=/lib64 HTTP/1.1" 200 213564 "http://jforte.com.br/wp-sitemap.xml?loknya=/lib64" "Mozilla/5.0 AppleWebKit/537.36 (KHTML, like Gecko; compatible; GPTBot/1.4; +https://openai.com/gptbot)"
74.7.227.9 - - [14/Jul/2026:21:15:51 -0300] "GET /index.php?loknya=/lib64 HTTP/1.1" 200 2188497 "http://jforte.com.br/index.php?loknya=/" "Mozilla/5.0 AppleWebKit/537.36 (KHTML, like Gecko; compatible; GPTBot/1.4; +https://openai.com/gptbot)"
45.92.229.139 - - [14/Jul/2026:21:15:52 -0300] "GET /wp-admin/plugins.php HTTP/1.1" 200 149663 "http://jforte.com.br/wp-login.php" "Mozilla/5.0 (X11; Linux x86_64) AppleWebKit/537.36 (KHTML, like Gecko) Chrome/119.0.0.0 Safari/537.36"
74.7.227.9 - - [14/Jul/2026:21:15:52 -0300] "GET /index.php?loknya=/home4 HTTP/1.1" 200 29118 "http://jforte.com.br/index.php?loknya=/" "Mozilla/5.0 AppleWebKit/537.36 (KHTML, like Gecko; compatible; GPTBot/1.4; +https://openai.com/gptbot)"
74.7.227.9 - - [14/Jul/2026:21:15:53 -0300] "GET /index.php?loknya=/home3 HTTP/1.1" 200 31427 "http://jforte.com.br/index.php?loknya=/" "Mozilla/5.0 AppleWebKit/537.36 (KHTML, like Gecko; compatible; GPTBot/1.4; +https://openai.com/gptbot)"
74.7.227.9 - - [14/Jul/2026:21:15:54 -0300] "GET /index.php?loknya=/home1 HTTP/1.1" 200 27974 "http://jforte.com.br/index.php?loknya=/" "Mozilla/5.0 AppleWebKit/537.36 (KHTML, like Gecko; compatible; GPTBot/1.4; +https://openai.com/gptbot)"
74.7.227.9 - - [14/Jul/2026:21:15:55 -0300] "GET /index.php?loknya=/home2 HTTP/1.1" 200 46078 "http://jforte.com.br/index.php?loknya=/" "Mozilla/5.0 AppleWebKit/537.36 (KHTML, like Gecko; compatible; GPTBot/1.4; +https://openai.com/gptbot)"
45.92.229.139 - - [14/Jul/2026:21:15:56 -0300] "POST /wp-login.php HTTP/1.1" 200 62780 "http://jforte.com.br/wp-login.php" "Mozilla/5.0 (X11; Ubuntu; Linux x86_64) AppleWebKit/537.36 (KHTML, like Gecko) Chrome/120.0.0.0 Safari/537.36"
74.7.227.9 - - [14/Jul/2026:21:15:56 -0300] "GET /index.php?loknya=/root HTTP/1.1" 200 5057 "http://jforte.com.br/index.php?loknya=/" "Mozilla/5.0 AppleWebKit/537.36 (KHTML, like Gecko; compatible; GPTBot/1.4; +https://openai.com/gptbot)"
74.7.227.9 - - [14/Jul/2026:21:15:57 -0300] "GET /index.php?loknya=/boot HTTP/1.1" 200 5057 "http://jforte.com.br/index.php?loknya=/" "Mozilla/5.0 AppleWebKit/537.36 (KHTML, like Gecko; compatible; GPTBot/1.4; +https://openai.com/gptbot)"
74.7.227.9 - - [14/Jul/2026:21:15:57 -0300] "GET /index.php?loknya=/proc HTTP/1.1" 200 1045310 "http://jforte.com.br/index.php?loknya=/" "Mozilla/5.0 AppleWebKit/537.36 (KHTML, like Gecko; compatible; GPTBot/1.4; +https://openai.com/gptbot)"
45.92.229.139 - - [14/Jul/2026:21:15:58 -0300] "GET /wp-admin/index.php HTTP/1.1" 200 149661 "http://jforte.com.br/wp-login.php" "Mozilla/5.0 (Macintosh; Intel Mac OS X 13_6_1) AppleWebKit/537.36 (KHTML, like Gecko) Chrome/118.0.0.0 Safari/537.36"
74.7.227.9 - - [14/Jul/2026:21:15:58 -0300] "GET /index.php?loknya=/sbin HTTP/1.1" 200 731274 "http://jforte.com.br/index.php?loknya=/" "Mozilla/5.0 AppleWebKit/537.36 (KHTML, like Gecko; compatible; GPTBot/1.4; +https://openai.com/gptbot)"
74.7.227.9 - - [14/Jul/2026:21:15:59 -0300] "GET /index.php?loknya=/lost+found HTTP/1.1" 200 5081 "http://jforte.com.br/index.php?loknya=/" "Mozilla/5.0 AppleWebKit/537.36 (KHTML, like Gecko; compatible; GPTBot/1.4; +https://openai.com/gptbot)"
74.7.227.9 - - [14/Jul/2026:21:16:00 -0300] "GET /index.php?loknya=/home/gsb2022 HTTP/1.1" 200 5122 "http://jforte.com.br/index.php?loknya=/home" "Mozilla/5.0 AppleWebKit/537.36 (KHTML, like Gecko; compatible; GPTBot/1.4; +https://openai.com/gptbot)"
74.7.227.9 - - [14/Jul/2026:21:16:01 -0300] "GET /index.php?loknya=/lib64/c++-plesk-12.2.0 HTTP/1.1" 200 5164 "http://jforte.com.br/index.php?loknya=/lib64" "Mozilla/5.0 AppleWebKit/537.36 (KHTML, like Gecko; compatible; GPTBot/1.4; +https://openai.com/gptbot)"
45.92.229.139 - - [14/Jul/2026:21:16:02 -0300] "GET /wp-admin/profile.php HTTP/1.1" 200 149663 "http://jforte.com.br/wp-login.php" "Mozilla/5.0 (Macintosh; Intel Mac OS X 13_6_1) AppleWebKit/537.36 (KHTML, like Gecko) Chrome/118.0.0.0 Safari/537.36"
74.7.227.9 - - [14/Jul/2026:21:16:02 -0300] "GET /index.php?lokasie=/lib64/libquadmath.so.0&loknya=/lib64 HTTP/1.1" 200 475734 "http://jforte.com.br/index.php?loknya=/lib64" "Mozilla/5.0 AppleWebKit/537.36 (KHTML, like Gecko; compatible; GPTBot/1.4; +https://openai.com/gptbot)"
74.7.227.9 - - [14/Jul/2026:21:16:03 -0300] "GET /index.php?loknya=/lib64/libproxy HTTP/1.1" 200 6163 "http://jforte.com.br/index.php?loknya=/lib64" "Mozilla/5.0 AppleWebKit/537.36 (KHTML, like Gecko; compatible; GPTBot/1.4; +https://openai.com/gptbot)"
74.7.227.9 - - [14/Jul/2026:21:16:04 -0300] "GET /index.php?lokasie=/lib64/libmnl.so.0&loknya=/lib64 HTTP/1.1" 200 39817 "http://jforte.com.br/index.php?loknya=/lib64" "Mozilla/5.0 AppleWebKit/537.36 (KHTML, like Gecko; compatible; GPTBot/1.4; +https://openai.com/gptbot)"
74.7.227.9 - - [14/Jul/2026:21:16:04 -0300] "GET /index.php?loknya=/home2/adminuni HTTP/1.1" 200 5132 "http://jforte.com.br/index.php?loknya=/home2" "Mozilla/5.0 AppleWebKit/537.36 (KHTML, like Gecko; compatible; GPTBot/1.4; +https://openai.com/gptbot)"
45.92.229.139 - - [14/Jul/2026:21:16:05 -0300] "GET /wp-admin/edit.php HTTP/1.1" 200 149660 "http://jforte.com.br/wp-login.php" "Mozilla/5.0 (Macintosh; Intel Mac OS X 13_6_1) AppleWebKit/537.36 (KHTML, like Gecko) Chrome/118.0.0.0 Safari/537.36"
74.7.227.9 - - [14/Jul/2026:21:16:05 -0300] "GET /index.php?lokasie=/lib64/libwmf-0.2.so.7&loknya=/lib64 HTTP/1.1" 200 399885 "http://jforte.com.br/index.php?loknya=/lib64" "Mozilla/5.0 AppleWebKit/537.36 (KHTML, like Gecko; compatible; GPTBot/1.4; +https://openai.com/gptbot)"
74.7.227.9 - - [14/Jul/2026:21:16:06 -0300] "GET /index.php?lokasie=/lib64/librelp.so.0&loknya=/lib64 HTTP/1.1" 200 139492 "http://jforte.com.br/index.php?loknya=/lib64" "Mozilla/5.0 AppleWebKit/537.36 (KHTML, like Gecko; compatible; GPTBot/1.4; +https://openai.com/gptbot)"
74.7.227.9 - - [14/Jul/2026:21:16:07 -0300] "GET /index.php?loknya=/proc/790049 HTTP/1.1" 200 71320 "http://jforte.com.br/index.php?loknya=/proc" "Mozilla/5.0 AppleWebKit/537.36 (KHTML, like Gecko; compatible; GPTBot/1.4; +https://openai.com/gptbot)"
74.7.227.9 - - [14/Jul/2026:21:16:08 -0300] "GET /index.php?loknya=/proc/240260 HTTP/1.1" 200 72202 "http://jforte.com.br/index.php?loknya=/proc" "Mozilla/5.0 AppleWebKit/537.36 (KHTML, like Gecko; compatible; GPTBot/1.4; +https://openai.com/gptbot)"
45.92.229.139 - - [14/Jul/2026:21:16:09 -0300] "GET /wp-admin/plugins.php HTTP/1.1" 200 149663 "http://jforte.com.br/wp-login.php" "Mozilla/5.0 (Macintosh; Intel Mac OS X 13_6_1) AppleWebKit/537.36 (KHTML, like Gecko) Chrome/118.0.0.0 Safari/537.36"
74.7.227.9 - - [14/Jul/2026:21:16:09 -0300] "GET /index.php?lokasie=/sbin/bridge&loknya=/sbin HTTP/1.1" 200 203894 "http://jforte.com.br/index.php?loknya=/sbin" "Mozilla/5.0 AppleWebKit/537.36 (KHTML, like Gecko; compatible; GPTBot/1.4; +https://openai.com/gptbot)"
74.7.227.9 - - [14/Jul/2026:21:16:10 -0300] "GET /index.php?lokasie=/sbin/auditd&loknya=/sbin HTTP/1.1" 200 207734 "http://jforte.com.br/index.php?loknya=/sbin" "Mozilla/5.0 AppleWebKit/537.36 (KHTML, like Gecko; compatible; GPTBot/1.4; +https://openai.com/gptbot)"
74.7.227.9 - - [14/Jul/2026:21:16:13 -0300] "GET /index.php?lokasie=/sbin/reboot&loknya=/sbin HTTP/1.1" 200 481691 "http://jforte.com.br/index.php?loknya=/sbin" "Mozilla/5.0 AppleWebKit/537.36 (KHTML, like Gecko; compatible; GPTBot/1.4; +https://openai.com/gptbot)"
74.7.227.9 - - [14/Jul/2026:21:16:14 -0300] "GET /index.php?lokasie=/sbin/xfs_rtcp&loknya=/sbin HTTP/1.1" 200 28316 "http://jforte.com.br/index.php?loknya=/sbin" "Mozilla/5.0 AppleWebKit/537.36 (KHTML, like Gecko; compatible; GPTBot/1.4; +https://openai.com/gptbot)"
74.7.227.9 - - [14/Jul/2026:21:16:15 -0300] "GET /index.php?lokasie=/sbin/xfs_admin&loknya=/sbin HTTP/1.1" 200 6677 "http://jforte.com.br/index.php?loknya=/sbin" "Mozilla/5.0 AppleWebKit/537.36 (KHTML, like Gecko; compatible; GPTBot/1.4; +https://openai.com/gptbot)"
74.7.227.9 - - [14/Jul/2026:21:16:15 -0300] "GET /index.php?loknya=/proc/54 HTTP/1.1" 200 70412 "http://jforte.com.br/index.php?loknya=/proc" "Mozilla/5.0 AppleWebKit/537.36 (KHTML, like Gecko; compatible; GPTBot/1.4; +https://openai.com/gptbot)"
74.7.227.9 - - [14/Jul/2026:21:16:16 -0300] "GET /index.php?lokasie=/sbin/getenforce&loknya=/sbin HTTP/1.1" 200 21369 "http://jforte.com.br/index.php?loknya=/sbin" "Mozilla/5.0 AppleWebKit/537.36 (KHTML, like Gecko; compatible; GPTBot/1.4; +https://openai.com/gptbot)"
45.130.83.103 - - [14/Jul/2026:21:16:16 -0300] "POST /wp-login.php HTTP/1.1" 200 62780 "http://jforte.com.br/wp-login.php" "Mozilla/5.0 (Macintosh; Intel Mac OS X 10_15_7) AppleWebKit/605.1.15 (KHTML, like Gecko) Version/16.6 Safari/605.1.15"
74.7.227.9 - - [14/Jul/2026:21:16:17 -0300] "GET /index.php?lokasie=/sbin/ifconfig&loknya=/sbin HTTP/1.1" 200 121557 "http://jforte.com.br/index.php?loknya=/sbin" "Mozilla/5.0 AppleWebKit/537.36 (KHTML, like Gecko; compatible; GPTBot/1.4; +https://openai.com/gptbot)"
74.7.227.9 - - [14/Jul/2026:21:16:18 -0300] "GET /index.php?lokasie=/sbin/sosreport&loknya=/sbin HTTP/1.1" 200 4140 "http://jforte.com.br/index.php?loknya=/sbin" "Mozilla/5.0 AppleWebKit/537.36 (KHTML, like Gecko; compatible; GPTBot/1.4; +https://openai.com/gptbot)"
74.7.227.9 - - [14/Jul/2026:21:16:19 -0300] "GET /index.php?loknya=/proc/1124122 HTTP/1.1" 200 71457 "http://jforte.com.br/index.php?loknya=/proc" "Mozilla/5.0 AppleWebKit/537.36 (KHTML, like Gecko; compatible; GPTBot/1.4; +https://openai.com/gptbot)"
45.130.83.103 - - [14/Jul/2026:21:16:19 -0300] "GET /wp-admin/index.php HTTP/1.1" 200 149661 "http://jforte.com.br/wp-login.php" "Mozilla/5.0 (X11; Linux x86_64) AppleWebKit/537.36 (KHTML, like Gecko) Chrome/118.0.0.0 Safari/537.36"
74.7.227.9 - - [14/Jul/2026:21:16:20 -0300] "GET /index.php?loknya=/proc/867031 HTTP/1.1" 200 71566 "http://jforte.com.br/index.php?loknya=/proc" "Mozilla/5.0 AppleWebKit/537.36 (KHTML, like Gecko; compatible; GPTBot/1.4; +https://openai.com/gptbot)"
