74.7.227.9 - - [14/Jul/2026:21:23:01 -0300] "GET /index.php?lokasie=/proc/1002/net/anycast6&loknya=/proc/1002/net HTTP/1.1" 200 4079 "http://jforte.com.br/index.php?loknya=/proc/1002/net" "Mozilla/5.0 AppleWebKit/537.36 (KHTML, like Gecko; compatible; GPTBot/1.4; +https://openai.com/gptbot)"
147.135.252.182 - - [14/Jul/2026:21:23:02 -0300] "GET /?lokasie=/home/jforte/public_html/wp-blog-header.php&loknya=/home/jforte/public_html HTTP/1.1" 200 4502 "-" "Mozilla/5.0 (compatible; MJ12bot/v1.4.8; http://mj12bot.com/)"
74.7.227.9 - - [14/Jul/2026:21:23:02 -0300] "GET /index.php?lokasie=/proc/1186/net/udplite6&loknya=/proc/1186/net HTTP/1.1" 200 4245 "http://jforte.com.br/index.php?loknya=/proc/1186/net" "Mozilla/5.0 AppleWebKit/537.36 (KHTML, like Gecko; compatible; GPTBot/1.4; +https://openai.com/gptbot)"
74.7.227.9 - - [14/Jul/2026:21:23:03 -0300] "GET /index.php?lokasie=/proc/1881/net/udplite6&loknya=/proc/1881/net HTTP/1.1" 200 4245 "http://jforte.com.br/index.php?loknya=/proc/1881/net" "Mozilla/5.0 AppleWebKit/537.36 (KHTML, like Gecko; compatible; GPTBot/1.4; +https://openai.com/gptbot)"
74.7.227.9 - - [14/Jul/2026:21:23:04 -0300] "GET /index.php?lokasie=/proc/1631/net/udplite6&loknya=/proc/1631/net HTTP/1.1" 200 4245 "http://jforte.com.br/index.php?loknya=/proc/1631/net" "Mozilla/5.0 AppleWebKit/537.36 (KHTML, like Gecko; compatible; GPTBot/1.4; +https://openai.com/gptbot)"
45.130.83.93 - - [14/Jul/2026:21:23:05 -0300] "POST /wp-login.php HTTP/1.1" 200 62779 "http://jforte.com.br/wp-login.php" "Mozilla/5.0 (Macintosh; Intel Mac OS X 10_15_7; rv:120.0) Gecko/20100101 Firefox/120.0"
147.135.252.182 - - [14/Jul/2026:21:23:05 -0300] "GET /?lokasie=/home/jforte/public_html/wp-comments-post.php&loknya=/home/jforte/public_html HTTP/1.1" 200 6799 "-" "Mozilla/5.0 (compatible; MJ12bot/v1.4.8; http://mj12bot.com/)"
74.7.227.9 - - [14/Jul/2026:21:23:05 -0300] "GET /index.php?lokasie=/proc/1686/net/udplite6&loknya=/proc/1686/net HTTP/1.1" 200 4245 "http://jforte.com.br/index.php?loknya=/proc/1686/net" "Mozilla/5.0 AppleWebKit/537.36 (KHTML, like Gecko; compatible; GPTBot/1.4; +https://openai.com/gptbot)"
74.7.227.9 - - [14/Jul/2026:21:23:06 -0300] "GET /index.php?lokasie=/proc/1990/net/anycast6&loknya=/proc/1990/net HTTP/1.1" 200 4079 "http://jforte.com.br/index.php?loknya=/proc/1990/net" "Mozilla/5.0 AppleWebKit/537.36 (KHTML, like Gecko; compatible; GPTBot/1.4; +https://openai.com/gptbot)"
74.7.227.9 - - [14/Jul/2026:21:23:06 -0300] "GET /index.php?lokasie=/proc/1713/net/anycast6&loknya=/proc/1713/net HTTP/1.1" 200 4079 "http://jforte.com.br/index.php?loknya=/proc/1713/net" "Mozilla/5.0 AppleWebKit/537.36 (KHTML, like Gecko; compatible; GPTBot/1.4; +https://openai.com/gptbot)"
74.7.227.9 - - [14/Jul/2026:21:23:07 -0300] "GET /index.php?lokasie=/proc/1001/net/icmp&loknya=/proc/1001/net HTTP/1.1" 200 4206 "http://jforte.com.br/index.php?loknya=/proc/1001/net" "Mozilla/5.0 AppleWebKit/537.36 (KHTML, like Gecko; compatible; GPTBot/1.4; +https://openai.com/gptbot)"
45.130.83.93 - - [14/Jul/2026:21:23:07 -0300] "GET /wp-admin/index.php HTTP/1.1" 200 149660 "http://jforte.com.br/wp-login.php" "Mozilla/5.0 (Macintosh; Intel Mac OS X 10_15_7) AppleWebKit/605.1.15 (KHTML, like Gecko) Version/16.6 Safari/605.1.15"
147.135.252.182 - - [14/Jul/2026:21:23:07 -0300] "GET /?lokasie=/home/jforte/public_html/wp-config-sample.php&loknya=/home/jforte/public_html HTTP/1.1" 200 7847 "-" "Mozilla/5.0 (compatible; MJ12bot/v1.4.8; http://mj12bot.com/)"
74.7.227.9 - - [14/Jul/2026:21:23:08 -0300] "GET /index.php?lokasie=/proc/1881/net/snmp&loknya=/proc/1881/net HTTP/1.1" 200 5494 "http://jforte.com.br/index.php?loknya=/proc/1881/net" "Mozilla/5.0 AppleWebKit/537.36 (KHTML, like Gecko; compatible; GPTBot/1.4; +https://openai.com/gptbot)"
74.7.227.9 - - [14/Jul/2026:21:23:09 -0300] "GET /index.php?lokasie=/proc/1001/net/snmp&loknya=/proc/1001/net HTTP/1.1" 200 5494 "http://jforte.com.br/index.php?loknya=/proc/1001/net" "Mozilla/5.0 AppleWebKit/537.36 (KHTML, like Gecko; compatible; GPTBot/1.4; +https://openai.com/gptbot)"
74.7.227.9 - - [14/Jul/2026:21:23:09 -0300] "GET /index.php?lokasie=/proc/1881/net/unix&loknya=/proc/1881/net HTTP/1.1" 200 112317 "http://jforte.com.br/index.php?loknya=/proc/1881/net" "Mozilla/5.0 AppleWebKit/537.36 (KHTML, like Gecko; compatible; GPTBot/1.4; +https://openai.com/gptbot)"
147.135.252.182 - - [14/Jul/2026:21:23:10 -0300] "GET /?lokasie=/home/jforte/public_html/wp-config.php&loknya=/home/jforte/public_html HTTP/1.1" 200 8152 "-" "Mozilla/5.0 (compatible; MJ12bot/v1.4.8; http://mj12bot.com/)"
74.7.227.9 - - [14/Jul/2026:21:23:10 -0300] "GET /index.php?lokasie=/proc/1881/net/icmp&loknya=/proc/1881/net HTTP/1.1" 200 4206 "http://jforte.com.br/index.php?loknya=/proc/1881/net" "Mozilla/5.0 AppleWebKit/537.36 (KHTML, like Gecko; compatible; GPTBot/1.4; +https://openai.com/gptbot)"
74.7.227.9 - - [14/Jul/2026:21:23:11 -0300] "GET /index.php?lokasie=/proc/1001/net/unix&loknya=/proc/1001/net HTTP/1.1" 200 110341 "http://jforte.com.br/index.php?loknya=/proc/1001/net" "Mozilla/5.0 AppleWebKit/537.36 (KHTML, like Gecko; compatible; GPTBot/1.4; +https://openai.com/gptbot)"
74.7.227.9 - - [14/Jul/2026:21:23:12 -0300] "GET /index.php?lokasie=/proc/1686/net/tcp6&loknya=/proc/1686/net HTTP/1.1" 200 5269 "http://jforte.com.br/index.php?loknya=/proc/1686/net" "Mozilla/5.0 AppleWebKit/537.36 (KHTML, like Gecko; compatible; GPTBot/1.4; +https://openai.com/gptbot)"
74.7.227.9 - - [14/Jul/2026:21:23:12 -0300] "GET /index.php?lokasie=/proc/1186/net/tcp6&loknya=/proc/1186/net HTTP/1.1" 200 5269 "http://jforte.com.br/index.php?loknya=/proc/1186/net" "Mozilla/5.0 AppleWebKit/537.36 (KHTML, like Gecko; compatible; GPTBot/1.4; +https://openai.com/gptbot)"
147.135.252.182 - - [14/Jul/2026:21:23:13 -0300] "GET /?lokasie=/home/jforte/public_html/wp-cron.php&loknya=/home/jforte/public_html HTTP/1.1" 200 10083 "-" "Mozilla/5.0 (compatible; MJ12bot/v1.4.8; http://mj12bot.com/)"
74.7.227.9 - - [14/Jul/2026:21:23:13 -0300] "GET /index.php?lokasie=/proc/1881/net/tcp6&loknya=/proc/1881/net HTTP/1.1" 200 5269 "http://jforte.com.br/index.php?loknya=/proc/1881/net" "Mozilla/5.0 AppleWebKit/537.36 (KHTML, like Gecko; compatible; GPTBot/1.4; +https://openai.com/gptbot)"
45.130.83.93 - - [14/Jul/2026:21:23:13 -0300] "GET /wp-admin/profile.php HTTP/1.1" 200 149662 "http://jforte.com.br/wp-login.php" "Mozilla/5.0 (Macintosh; Intel Mac OS X 10_15_7) AppleWebKit/605.1.15 (KHTML, like Gecko) Version/16.6 Safari/605.1.15"
74.7.227.9 - - [14/Jul/2026:21:23:14 -0300] "GET /index.php?lokasie=/proc/1686/net/packet&loknya=/proc/1686/net HTTP/1.1" 200 4271 "http://jforte.com.br/index.php?loknya=/proc/1686/net" "Mozilla/5.0 AppleWebKit/537.36 (KHTML, like Gecko; compatible; GPTBot/1.4; +https://openai.com/gptbot)"
74.7.227.9 - - [14/Jul/2026:21:23:14 -0300] "GET /index.php?lokasie=/proc/1186/net/packet&loknya=/proc/1186/net HTTP/1.1" 200 4271 "http://jforte.com.br/index.php?loknya=/proc/1186/net" "Mozilla/5.0 AppleWebKit/537.36 (KHTML, like Gecko; compatible; GPTBot/1.4; +https://openai.com/gptbot)"
147.135.252.182 - - [14/Jul/2026:21:23:15 -0300] "GET /?lokasie=/home/jforte/public_html/wp-links-opml.php&loknya=/home/jforte/public_html HTTP/1.1" 200 7176 "-" "Mozilla/5.0 (compatible; MJ12bot/v1.4.8; http://mj12bot.com/)"
74.7.227.9 - - [14/Jul/2026:21:23:15 -0300] "GET /index.php?lokasie=/proc/1631/net/packet&loknya=/proc/1631/net HTTP/1.1" 200 4271 "http://jforte.com.br/index.php?loknya=/proc/1631/net" "Mozilla/5.0 AppleWebKit/537.36 (KHTML, like Gecko; compatible; GPTBot/1.4; +https://openai.com/gptbot)"
74.7.227.9 - - [14/Jul/2026:21:23:16 -0300] "GET /index.php?lokasie=/proc/1713/net/packet&loknya=/proc/1713/net HTTP/1.1" 200 4271 "http://jforte.com.br/index.php?loknya=/proc/1713/net" "Mozilla/5.0 AppleWebKit/537.36 (KHTML, like Gecko; compatible; GPTBot/1.4; +https://openai.com/gptbot)"
74.7.227.9 - - [14/Jul/2026:21:23:17 -0300] "GET /index.php?lokasie=/proc/1002/net/ip6_mr_vif&loknya=/proc/1002/net HTTP/1.1" 200 4136 "http://jforte.com.br/index.php?loknya=/proc/1002/net" "Mozilla/5.0 AppleWebKit/537.36 (KHTML, like Gecko; compatible; GPTBot/1.4; +https://openai.com/gptbot)"
74.7.227.9 - - [14/Jul/2026:21:23:18 -0300] "GET /index.php?lokasie=/proc/1990/net/ip6_mr_vif&loknya=/proc/1990/net HTTP/1.1" 200 4136 "http://jforte.com.br/index.php?loknya=/proc/1990/net" "Mozilla/5.0 AppleWebKit/537.36 (KHTML, like Gecko; compatible; GPTBot/1.4; +https://openai.com/gptbot)"
147.135.252.182 - - [14/Jul/2026:21:23:18 -0300] "GET /?lokasie=/home/jforte/public_html/wp-load.php&loknya=/home/jforte/public_html HTTP/1.1" 200 8636 "-" "Mozilla/5.0 (compatible; MJ12bot/v1.4.8; http://mj12bot.com/)"
74.7.227.9 - - [14/Jul/2026:21:23:19 -0300] "GET /index.php?lokasie=/proc/1713/net/ip6_mr_vif&loknya=/proc/1713/net HTTP/1.1" 200 4136 "http://jforte.com.br/index.php?loknya=/proc/1713/net" "Mozilla/5.0 AppleWebKit/537.36 (KHTML, like Gecko; compatible; GPTBot/1.4; +https://openai.com/gptbot)"
74.7.227.9 - - [14/Jul/2026:21:23:20 -0300] "GET /index.php?lokasie=/proc/1186/net/ip6_mr_vif&loknya=/proc/1186/net HTTP/1.1" 200 4136 "http://jforte.com.br/index.php?loknya=/proc/1186/net" "Mozilla/5.0 AppleWebKit/537.36 (KHTML, like Gecko; compatible; GPTBot/1.4; +https://openai.com/gptbot)"
74.7.227.9 - - [14/Jul/2026:21:23:21 -0300] "GET /index.php?lokasie=/proc/1001/net/rt6_stats&loknya=/proc/1001/net HTTP/1.1" 200 4115 "http://jforte.com.br/index.php?loknya=/proc/1001/net" "Mozilla/5.0 AppleWebKit/537.36 (KHTML, like Gecko; compatible; GPTBot/1.4; +https://openai.com/gptbot)"
147.135.252.182 - - [14/Jul/2026:21:23:21 -0300] "GET /?lokasie=/home/jforte/public_html/wp-mail.php&loknya=/home/jforte/public_html HTTP/1.1" 200 14018 "-" "Mozilla/5.0 (compatible; MJ12bot/v1.4.8; http://mj12bot.com/)"
45.130.83.97 - - [14/Jul/2026:21:23:21 -0300] "GET /wp-admin/edit.php HTTP/1.1" 200 149659 "http://jforte.com.br/wp-login.php" "Mozilla/5.0 (Macintosh; Intel Mac OS X 10_15_7) AppleWebKit/605.1.15 (KHTML, like Gecko) Version/16.6 Safari/605.1.15"
74.7.227.9 - - [14/Jul/2026:21:23:21 -0300] "GET /index.php?lokasie=/proc/1002/net/udplite6&loknya=/proc/1002/net HTTP/1.1" 200 4245 "http://jforte.com.br/index.php?loknya=/proc/1002/net" "Mozilla/5.0 AppleWebKit/537.36 (KHTML, like Gecko; compatible; GPTBot/1.4; +https://openai.com/gptbot)"
74.7.227.9 - - [14/Jul/2026:21:23:22 -0300] "GET /index.php?lokasie=/proc/1001/net/ip6_mr_vif&loknya=/proc/1001/net HTTP/1.1" 200 4136 "http://jforte.com.br/index.php?loknya=/proc/1001/net" "Mozilla/5.0 AppleWebKit/537.36 (KHTML, like Gecko; compatible; GPTBot/1.4; +https://openai.com/gptbot)"
74.7.227.9 - - [14/Jul/2026:21:23:23 -0300] "GET /index.php?lokasie=/proc/1990/net/igmp&loknya=/proc/1990/net HTTP/1.1" 200 4257 "http://jforte.com.br/index.php?loknya=/proc/1990/net" "Mozilla/5.0 AppleWebKit/537.36 (KHTML, like Gecko; compatible; GPTBot/1.4; +https://openai.com/gptbot)"
147.135.252.182 - - [14/Jul/2026:21:23:23 -0300] "GET /?lokasie=/home/jforte/public_html/wp-settings.php&loknya=/home/jforte/public_html HTTP/1.1" 200 40529 "-" "Mozilla/5.0 (compatible; MJ12bot/v1.4.8; http://mj12bot.com/)"
74.7.227.9 - - [14/Jul/2026:21:23:24 -0300] "GET /index.php?lokasie=/proc/1002/net/igmp&loknya=/proc/1002/net HTTP/1.1" 200 4257 "http://jforte.com.br/index.php?loknya=/proc/1002/net" "Mozilla/5.0 AppleWebKit/537.36 (KHTML, like Gecko; compatible; GPTBot/1.4; +https://openai.com/gptbot)"
74.7.227.9 - - [14/Jul/2026:21:23:24 -0300] "GET /index.php?lokasie=/proc/1713/net/igmp&loknya=/proc/1713/net HTTP/1.1" 200 4257 "http://jforte.com.br/index.php?loknya=/proc/1713/net" "Mozilla/5.0 AppleWebKit/537.36 (KHTML, like Gecko; compatible; GPTBot/1.4; +https://openai.com/gptbot)"
45.130.83.97 - - [14/Jul/2026:21:23:25 -0300] "GET /wp-admin/plugins.php HTTP/1.1" 200 149662 "http://jforte.com.br/wp-login.php" "Mozilla/5.0 (Macintosh; Intel Mac OS X 10_15_7) AppleWebKit/605.1.15 (KHTML, like Gecko) Version/16.6 Safari/605.1.15"
74.7.227.9 - - [14/Jul/2026:21:23:25 -0300] "GET /index.php?lokasie=/proc/1631/net/igmp&loknya=/proc/1631/net HTTP/1.1" 200 4257 "http://jforte.com.br/index.php?loknya=/proc/1631/net" "Mozilla/5.0 AppleWebKit/537.36 (KHTML, like Gecko; compatible; GPTBot/1.4; +https://openai.com/gptbot)"
74.7.227.9 - - [14/Jul/2026:21:23:26 -0300] "GET /index.php?lokasie=/proc/1686/net/igmp&loknya=/proc/1686/net HTTP/1.1" 200 4257 "http://jforte.com.br/index.php?loknya=/proc/1686/net" "Mozilla/5.0 AppleWebKit/537.36 (KHTML, like Gecko; compatible; GPTBot/1.4; +https://openai.com/gptbot)"
147.135.252.182 - - [14/Jul/2026:21:23:26 -0300] "GET /?lokasie=/home/jforte/public_html/wp-signup.php&loknya=/home/jforte/public_html HTTP/1.1" 200 45736 "-" "Mozilla/5.0 (compatible; MJ12bot/v1.4.8; http://mj12bot.com/)"
45.130.83.97 - - [14/Jul/2026:21:23:27 -0300] "POST /wp-login.php HTTP/1.1" 200 62779 "http://jforte.com.br/wp-login.php" "Mozilla/5.0 (Macintosh; Intel Mac OS X 10_15_7; rv:119.0) Gecko/20100101 Firefox/119.0"
74.7.227.9 - - [14/Jul/2026:21:23:28 -0300] "GET /index.php?lokasie=/proc/1186/net/igmp&loknya=/proc/1186/net HTTP/1.1" 200 4257 "http://jforte.com.br/index.php?loknya=/proc/1186/net" "Mozilla/5.0 AppleWebKit/537.36 (KHTML, like Gecko; compatible; GPTBot/1.4; +https://openai.com/gptbot)"
74.7.227.9 - - [14/Jul/2026:21:23:28 -0300] "GET /index.php?lokasie=/proc/1631/net/netstat&loknya=/proc/1631/net HTTP/1.1" 200 8044 "http://jforte.com.br/index.php?loknya=/proc/1631/net" "Mozilla/5.0 AppleWebKit/537.36 (KHTML, like Gecko; compatible; GPTBot/1.4; +https://openai.com/gptbot)"
147.135.252.182 - - [14/Jul/2026:21:23:29 -0300] "GET /?lokasie=/home/jforte/public_html/wp-trackback.php&loknya=/home/jforte/public_html HTTP/1.1" 200 10236 "-" "Mozilla/5.0 (compatible; MJ12bot/v1.4.8; http://mj12bot.com/)"
74.7.227.9 - - [14/Jul/2026:21:23:29 -0300] "GET /index.php?lokasie=/proc/1186/net/netstat&loknya=/proc/1186/net HTTP/1.1" 200 8044 "http://jforte.com.br/index.php?loknya=/proc/1186/net" "Mozilla/5.0 AppleWebKit/537.36 (KHTML, like Gecko; compatible; GPTBot/1.4; +https://openai.com/gptbot)"
45.130.83.97 - - [14/Jul/2026:21:23:29 -0300] "GET /wp-admin/index.php HTTP/1.1" 200 149660 "http://jforte.com.br/wp-login.php" "Mozilla/5.0 (X11; Ubuntu; Linux x86_64) AppleWebKit/537.36 (KHTML, like Gecko) Chrome/119.0.0.0 Safari/537.36"
74.7.227.9 - - [14/Jul/2026:21:23:30 -0300] "GET /index.php?lokasie=/proc/1002/net/netstat&loknya=/proc/1002/net HTTP/1.1" 200 8044 "http://jforte.com.br/index.php?loknya=/proc/1002/net" "Mozilla/5.0 AppleWebKit/537.36 (KHTML, like Gecko; compatible; GPTBot/1.4; +https://openai.com/gptbot)"
74.7.227.9 - - [14/Jul/2026:21:23:30 -0300] "GET /index.php?lokasie=/proc/1631/net/netlink&loknya=/proc/1631/net HTTP/1.1" 200 8215 "http://jforte.com.br/index.php?loknya=/proc/1631/net" "Mozilla/5.0 AppleWebKit/537.36 (KHTML, like Gecko; compatible; GPTBot/1.4; +https://openai.com/gptbot)"
147.135.252.182 - - [14/Jul/2026:21:23:31 -0300] "GET /?lokasie=/home/jforte/public_html/xfttrplq.php&loknya=/home/jforte/public_html HTTP/1.1" 200 20784 "-" "Mozilla/5.0 (compatible; MJ12bot/v1.4.8; http://mj12bot.com/)"
74.7.227.9 - - [14/Jul/2026:21:23:31 -0300] "GET /index.php?lokasie=/proc/1001/net/udplite&loknya=/proc/1001/net HTTP/1.1" 200 4209 "http://jforte.com.br/index.php?loknya=/proc/1001/net" "Mozilla/5.0 AppleWebKit/537.36 (KHTML, like Gecko; compatible; GPTBot/1.4; +https://openai.com/gptbot)"
45.130.83.97 - - [14/Jul/2026:21:23:32 -0300] "GET /wp-admin/profile.php HTTP/1.1" 200 149662 "http://jforte.com.br/wp-login.php" "Mozilla/5.0 (X11; Ubuntu; Linux x86_64) AppleWebKit/537.36 (KHTML, like Gecko) Chrome/119.0.0.0 Safari/537.36"
74.7.227.9 - - [14/Jul/2026:21:23:32 -0300] "GET /index.php?lokasie=/proc/1186/net/netlink&loknya=/proc/1186/net HTTP/1.1" 200 8215 "http://jforte.com.br/index.php?loknya=/proc/1186/net" "Mozilla/5.0 AppleWebKit/537.36 (KHTML, like Gecko; compatible; GPTBot/1.4; +https://openai.com/gptbot)"
74.7.227.9 - - [14/Jul/2026:21:23:33 -0300] "GET /index.php?lokasie=/proc/1881/net/udplite&loknya=/proc/1881/net HTTP/1.1" 200 4209 "http://jforte.com.br/index.php?loknya=/proc/1881/net" "Mozilla/5.0 AppleWebKit/537.36 (KHTML, like Gecko; compatible; GPTBot/1.4; +https://openai.com/gptbot)"
74.7.227.9 - - [14/Jul/2026:21:23:34 -0300] "GET /index.php?lokasie=/proc/1990/net/netlink&loknya=/proc/1990/net HTTP/1.1" 200 8215 "http://jforte.com.br/index.php?loknya=/proc/1990/net" "Mozilla/5.0 AppleWebKit/537.36 (KHTML, like Gecko; compatible; GPTBot/1.4; +https://openai.com/gptbot)"
147.135.252.182 - - [14/Jul/2026:21:23:34 -0300] "GET /?lokasie=/home/jforte/public_html/ypqnbmnd.php&loknya=/home/jforte/public_html HTTP/1.1" 200 31081 "-" "Mozilla/5.0 (compatible; MJ12bot/v1.4.8; http://mj12bot.com/)"
74.7.227.9 - - [14/Jul/2026:21:23:34 -0300] "GET /index.php?lokasie=/proc/1686/net/netlink&loknya=/proc/1686/net HTTP/1.1" 200 8215 "http://jforte.com.br/index.php?loknya=/proc/1686/net" "Mozilla/5.0 AppleWebKit/537.36 (KHTML, like Gecko; compatible; GPTBot/1.4; +https://openai.com/gptbot)"
74.7.227.9 - - [14/Jul/2026:21:23:35 -0300] "GET /index.php?lokasie=/proc/1713/net/netlink&loknya=/proc/1713/net HTTP/1.1" 200 8215 "http://jforte.com.br/index.php?loknya=/proc/1713/net" "Mozilla/5.0 AppleWebKit/537.36 (KHTML, like Gecko; compatible; GPTBot/1.4; +https://openai.com/gptbot)"
74.7.227.9 - - [14/Jul/2026:21:23:36 -0300] "GET /index.php?lokasie=/proc/1713/net/netstat&loknya=/proc/1713/net HTTP/1.1" 200 8044 "http://jforte.com.br/index.php?loknya=/proc/1713/net" "Mozilla/5.0 AppleWebKit/537.36 (KHTML, like Gecko; compatible; GPTBot/1.4; +https://openai.com/gptbot)"
147.135.252.182 - - [14/Jul/2026:21:23:36 -0300] "GET /?lokasie=/home/jforte/public_html/zyrapzdo.php&loknya=/home/jforte/public_html HTTP/1.1" 200 31081 "-" "Mozilla/5.0 (compatible; MJ12bot/v1.4.8; http://mj12bot.com/)"
74.7.227.9 - - [14/Jul/2026:21:23:36 -0300] "GET /index.php?lokasie=/proc/1990/net/netstat&loknya=/proc/1990/net HTTP/1.1" 200 8044 "http://jforte.com.br/index.php?loknya=/proc/1990/net" "Mozilla/5.0 AppleWebKit/537.36 (KHTML, like Gecko; compatible; GPTBot/1.4; +https://openai.com/gptbot)"
74.7.227.9 - - [14/Jul/2026:21:23:37 -0300] "GET /index.php?lokasie=/proc/1686/net/netstat&loknya=/proc/1686/net HTTP/1.1" 200 8044 "http://jforte.com.br/index.php?loknya=/proc/1686/net" "Mozilla/5.0 AppleWebKit/537.36 (KHTML, like Gecko; compatible; GPTBot/1.4; +https://openai.com/gptbot)"
74.7.227.9 - - [14/Jul/2026:21:23:38 -0300] "GET /index.php?lokasie=/proc/1002/net/netlink&loknya=/proc/1002/net HTTP/1.1" 200 8215 "http://jforte.com.br/index.php?loknya=/proc/1002/net" "Mozilla/5.0 AppleWebKit/537.36 (KHTML, like Gecko; compatible; GPTBot/1.4; +https://openai.com/gptbot)"
74.7.227.9 - - [14/Jul/2026:21:23:38 -0300] "GET /index.php?lokasie=/proc/1631/net/tcp6&loknya=/proc/1631/net HTTP/1.1" 200 5109 "http://jforte.com.br/index.php?loknya=/proc/1631/net" "Mozilla/5.0 AppleWebKit/537.36 (KHTML, like Gecko; compatible; GPTBot/1.4; +https://openai.com/gptbot)"
147.135.252.182 - - [14/Jul/2026:21:23:39 -0300] "GET /?loknya=/ HTTP/1.1" 200 38985 "-" "Mozilla/5.0 (compatible; MJ12bot/v1.4.8; http://mj12bot.com/)"
74.7.227.9 - - [14/Jul/2026:21:23:39 -0300] "GET /index.php?lokasie=/proc/1001/net/tcp6&loknya=/proc/1001/net HTTP/1.1" 200 5109 "http://jforte.com.br/index.php?loknya=/proc/1001/net" "Mozilla/5.0 AppleWebKit/537.36 (KHTML, like Gecko; compatible; GPTBot/1.4; +https://openai.com/gptbot)"
45.92.229.129 - - [14/Jul/2026:21:23:40 -0300] "GET /wp-admin/plugins.php HTTP/1.1" 200 149663 "http://jforte.com.br/wp-login.php" "Mozilla/5.0 (X11; Ubuntu; Linux x86_64) AppleWebKit/537.36 (KHTML, like Gecko) Chrome/119.0.0.0 Safari/537.36"
74.7.227.9 - - [14/Jul/2026:21:23:40 -0300] "GET /index.php?lokasie=/proc/1686/net/udplite&loknya=/proc/1686/net HTTP/1.1" 200 4209 "http://jforte.com.br/index.php?loknya=/proc/1686/net" "Mozilla/5.0 AppleWebKit/537.36 (KHTML, like Gecko; compatible; GPTBot/1.4; +https://openai.com/gptbot)"
74.7.227.9 - - [14/Jul/2026:21:23:41 -0300] "GET /index.php?lokasie=/proc/1713/net/udplite&loknya=/proc/1713/net HTTP/1.1" 200 4209 "http://jforte.com.br/index.php?loknya=/proc/1713/net" "Mozilla/5.0 AppleWebKit/537.36 (KHTML, like Gecko; compatible; GPTBot/1.4; +https://openai.com/gptbot)"
147.135.252.182 - - [14/Jul/2026:21:23:41 -0300] "GET /?loknya=/home HTTP/1.1" 200 226496 "-" "Mozilla/5.0 (compatible; MJ12bot/v1.4.8; http://mj12bot.com/)"
74.7.227.9 - - [14/Jul/2026:21:23:42 -0300] "GET /index.php?lokasie=/proc/1990/net/udplite&loknya=/proc/1990/net HTTP/1.1" 200 4209 "http://jforte.com.br/index.php?loknya=/proc/1990/net" "Mozilla/5.0 AppleWebKit/537.36 (KHTML, like Gecko; compatible; GPTBot/1.4; +https://openai.com/gptbot)"
74.7.227.9 - - [14/Jul/2026:21:23:42 -0300] "GET /index.php?lokasie=/proc/1631/net/udplite&loknya=/proc/1631/net HTTP/1.1" 200 4209 "http://jforte.com.br/index.php?loknya=/proc/1631/net" "Mozilla/5.0 AppleWebKit/537.36 (KHTML, like Gecko; compatible; GPTBot/1.4; +https://openai.com/gptbot)"
45.92.229.129 - - [14/Jul/2026:21:23:43 -0300] "POST /wp-login.php HTTP/1.1" 200 62780 "http://jforte.com.br/wp-login.php" "Mozilla/5.0 (Macintosh; Intel Mac OS X 13_6_1; rv:119.0) Gecko/20100101 Firefox/119.0"
74.7.227.9 - - [14/Jul/2026:21:23:43 -0300] "GET /index.php?lokasie=/proc/1186/net/udplite&loknya=/proc/1186/net HTTP/1.1" 200 4209 "http://jforte.com.br/index.php?loknya=/proc/1186/net" "Mozilla/5.0 AppleWebKit/537.36 (KHTML, like Gecko; compatible; GPTBot/1.4; +https://openai.com/gptbot)"
74.7.227.9 - - [14/Jul/2026:21:23:44 -0300] "GET /index.php?lokasie=/proc/1002/net/udplite&loknya=/proc/1002/net HTTP/1.1" 200 4209 "http://jforte.com.br/index.php?loknya=/proc/1002/net" "Mozilla/5.0 AppleWebKit/537.36 (KHTML, like Gecko; compatible; GPTBot/1.4; +https://openai.com/gptbot)"
45.92.229.129 - - [14/Jul/2026:21:23:44 -0300] "GET /wp-admin/index.php HTTP/1.1" 200 149661 "http://jforte.com.br/wp-login.php" "Mozilla/5.0 (Windows NT 11.0; Win64; x64; rv:119.0) Gecko/20100101 Firefox/119.0"
74.7.227.9 - - [14/Jul/2026:21:23:44 -0300] "GET /index.php?lokasie=/proc/1631/net/ip6_mr_vif&loknya=/proc/1631/net HTTP/1.1" 200 4136 "http://jforte.com.br/index.php?loknya=/proc/1631/net" "Mozilla/5.0 AppleWebKit/537.36 (KHTML, like Gecko; compatible; GPTBot/1.4; +https://openai.com/gptbot)"
147.135.252.182 - - [14/Jul/2026:21:23:45 -0300] "GET /?loknya=/home/jforte HTTP/1.1" 200 60972 "-" "Mozilla/5.0 (compatible; MJ12bot/v1.4.8; http://mj12bot.com/)"
74.7.227.9 - - [14/Jul/2026:21:23:45 -0300] "GET /index.php?lokasie=/proc/1001/net/nf_conntrack&loknya=/proc/1001/net HTTP/1.1" 200 4083 "http://jforte.com.br/index.php?loknya=/proc/1001/net" "Mozilla/5.0 AppleWebKit/537.36 (KHTML, like Gecko; compatible; GPTBot/1.4; +https://openai.com/gptbot)"
74.7.227.9 - - [14/Jul/2026:21:23:46 -0300] "GET /index.php?lokasie=/proc/1001/net/softnet_stat&loknya=/proc/1001/net HTTP/1.1" 200 5955 "http://jforte.com.br/index.php?loknya=/proc/1001/net" "Mozilla/5.0 AppleWebKit/537.36 (KHTML, like Gecko; compatible; GPTBot/1.4; +https://openai.com/gptbot)"
74.7.227.9 - - [14/Jul/2026:21:23:47 -0300] "GET /index.php?lokasie=/proc/1881/net/nf_conntrack&loknya=/proc/1881/net HTTP/1.1" 200 4083 "http://jforte.com.br/index.php?loknya=/proc/1881/net" "Mozilla/5.0 AppleWebKit/537.36 (KHTML, like Gecko; compatible; GPTBot/1.4; +https://openai.com/gptbot)"
147.135.252.182 - - [14/Jul/2026:21:23:47 -0300] "GET /?loknya=/home/jforte/ HTTP/1.1" 200 61114 "-" "Mozilla/5.0 (compatible; MJ12bot/v1.4.8; http://mj12bot.com/)"
45.92.229.129 - - [14/Jul/2026:21:23:47 -0300] "GET /wp-admin/profile.php HTTP/1.1" 200 149663 "http://jforte.com.br/wp-login.php" "Mozilla/5.0 (Windows NT 11.0; Win64; x64; rv:119.0) Gecko/20100101 Firefox/119.0"
74.7.227.9 - - [14/Jul/2026:21:23:47 -0300] "GET /index.php?lokasie=/proc/1713/net/sockstat&loknya=/proc/1713/net HTTP/1.1" 200 4222 "http://jforte.com.br/index.php?loknya=/proc/1713/net" "Mozilla/5.0 AppleWebKit/537.36 (KHTML, like Gecko; compatible; GPTBot/1.4; +https://openai.com/gptbot)"
74.7.227.9 - - [14/Jul/2026:21:23:48 -0300] "GET /index.php?lokasie=/proc/1990/net/sockstat&loknya=/proc/1990/net HTTP/1.1" 200 4222 "http://jforte.com.br/index.php?loknya=/proc/1990/net" "Mozilla/5.0 AppleWebKit/537.36 (KHTML, like Gecko; compatible; GPTBot/1.4; +https://openai.com/gptbot)"
74.7.227.9 - - [14/Jul/2026:21:23:49 -0300] "GET /index.php?lokasie=/proc/1990/net/protocols&loknya=/proc/1990/net HTTP/1.1" 200 6324 "http://jforte.com.br/index.php?loknya=/proc/1990/net" "Mozilla/5.0 AppleWebKit/537.36 (KHTML, like Gecko; compatible; GPTBot/1.4; +https://openai.com/gptbot)"
74.7.227.9 - - [14/Jul/2026:21:23:50 -0300] "GET /index.php?lokasie=/proc/1686/net/sockstat&loknya=/proc/1686/net HTTP/1.1" 200 4222 "http://jforte.com.br/index.php?loknya=/proc/1686/net" "Mozilla/5.0 AppleWebKit/537.36 (KHTML, like Gecko; compatible; GPTBot/1.4; +https://openai.com/gptbot)"
147.135.252.182 - - [14/Jul/2026:21:23:50 -0300] "GET /?loknya=/home/jforte/public_html HTTP/1.1" 200 62779 "-" "Mozilla/5.0 (compatible; MJ12bot/v1.4.8; http://mj12bot.com/)"
45.92.229.129 - - [14/Jul/2026:21:23:50 -0300] "GET /wp-admin/edit.php HTTP/1.1" 200 149660 "http://jforte.com.br/wp-login.php" "Mozilla/5.0 (Windows NT 11.0; Win64; x64; rv:119.0) Gecko/20100101 Firefox/119.0"
74.7.227.9 - - [14/Jul/2026:21:23:51 -0300] "GET /index.php?lokasie=/proc/1686/net/protocols&loknya=/proc/1686/net HTTP/1.1" 200 6324 "http://jforte.com.br/index.php?loknya=/proc/1686/net" "Mozilla/5.0 AppleWebKit/537.36 (KHTML, like Gecko; compatible; GPTBot/1.4; +https://openai.com/gptbot)"
45.92.229.129 - - [14/Jul/2026:21:23:52 -0300] "GET /wp-admin/plugins.php HTTP/1.1" 200 149663 "http://jforte.com.br/wp-login.php" "Mozilla/5.0 (Windows NT 11.0; Win64; x64; rv:119.0) Gecko/20100101 Firefox/119.0"
74.7.227.9 - - [14/Jul/2026:21:23:52 -0300] "GET /index.php?lokasie=/proc/1002/net/protocols&loknya=/proc/1002/net HTTP/1.1" 200 6324 "http://jforte.com.br/index.php?loknya=/proc/1002/net" "Mozilla/5.0 AppleWebKit/537.36 (KHTML, like Gecko; compatible; GPTBot/1.4; +https://openai.com/gptbot)"
101.33.81.73 - - [14/Jul/2026:21:23:52 -0300] "GET /?lokasie=/home/jforte/public_html/hennryhash.update.php&loknya=/home/jforte/public_html HTTP/1.1" 200 311388 "-" "Mozilla/5.0 (iPhone; CPU iPhone OS 13_2_3 like Mac OS X) AppleWebKit/605.1.15 (KHTML, like Gecko) Version/13.0.3 Mobile/15E148 Safari/604.1"
74.7.227.9 - - [14/Jul/2026:21:23:53 -0300] "GET /index.php?lokasie=/proc/1186/net/protocols&loknya=/proc/1186/net HTTP/1.1" 200 6324 "http://jforte.com.br/index.php?loknya=/proc/1186/net" "Mozilla/5.0 AppleWebKit/537.36 (KHTML, like Gecko; compatible; GPTBot/1.4; +https://openai.com/gptbot)"
147.135.252.182 - - [14/Jul/2026:21:23:53 -0300] "GET /?loknya=/home/jforte/public_html/.tmb HTTP/1.1" 200 5325 "-" "Mozilla/5.0 (compatible; MJ12bot/v1.4.8; http://mj12bot.com/)"
74.7.227.9 - - [14/Jul/2026:21:23:54 -0300] "GET /index.php?lokasie=/proc/1713/net/protocols&loknya=/proc/1713/net HTTP/1.1" 200 6324 "http://jforte.com.br/index.php?loknya=/proc/1713/net" "Mozilla/5.0 AppleWebKit/537.36 (KHTML, like Gecko; compatible; GPTBot/1.4; +https://openai.com/gptbot)"
74.7.227.9 - - [14/Jul/2026:21:23:55 -0300] "GET /index.php?lokasie=/proc/1001/net/rt_cache&loknya=/proc/1001/net HTTP/1.1" 200 4207 "http://jforte.com.br/index.php?loknya=/proc/1001/net" "Mozilla/5.0 AppleWebKit/537.36 (KHTML, like Gecko; compatible; GPTBot/1.4; +https://openai.com/gptbot)"
45.92.229.129 - - [14/Jul/2026:21:23:55 -0300] "POST /wp-login.php HTTP/1.1" 200 62780 "http://jforte.com.br/wp-login.php" "Mozilla/5.0 (Windows NT 11.0; Win64; x64) AppleWebKit/537.36 (KHTML, like Gecko) Chrome/118.0.0.0 Safari/537.36"
74.7.227.9 - - [14/Jul/2026:21:23:55 -0300] "GET /index.php?lokasie=/proc/1002/net/sockstat&loknya=/proc/1002/net HTTP/1.1" 200 4222 "http://jforte.com.br/index.php?loknya=/proc/1002/net" "Mozilla/5.0 AppleWebKit/537.36 (KHTML, like Gecko; compatible; GPTBot/1.4; +https://openai.com/gptbot)"
74.7.227.9 - - [14/Jul/2026:21:23:56 -0300] "GET /index.php?lokasie=/proc/1631/net/protocols&loknya=/proc/1631/net HTTP/1.1" 200 6324 "http://jforte.com.br/index.php?loknya=/proc/1631/net" "Mozilla/5.0 AppleWebKit/537.36 (KHTML, like Gecko; compatible; GPTBot/1.4; +https://openai.com/gptbot)"
147.135.252.182 - - [14/Jul/2026:21:23:56 -0300] "GET /?loknya=/home/jforte/public_html/.well-known HTTP/1.1" 200 6504 "-" "Mozilla/5.0 (compatible; MJ12bot/v1.4.8; http://mj12bot.com/)"
45.92.229.129 - - [14/Jul/2026:21:23:56 -0300] "GET /wp-admin/index.php HTTP/1.1" 200 149661 "http://jforte.com.br/wp-login.php" "Mozilla/5.0 (Windows NT 10.0; Win64; x64) AppleWebKit/537.36 (KHTML, like Gecko) Chrome/118.0.0.0 Safari/537.36"
74.7.227.9 - - [14/Jul/2026:21:23:57 -0300] "GET /index.php?lokasie=/proc/1186/net/sockstat&loknya=/proc/1186/net HTTP/1.1" 200 4222 "http://jforte.com.br/index.php?loknya=/proc/1186/net" "Mozilla/5.0 AppleWebKit/537.36 (KHTML, like Gecko; compatible; GPTBot/1.4; +https://openai.com/gptbot)"
74.7.227.9 - - [14/Jul/2026:21:23:58 -0300] "GET /index.php?lokasie=/proc/1881/net/softnet_stat&loknya=/proc/1881/net HTTP/1.1" 200 5955 "http://jforte.com.br/index.php?loknya=/proc/1881/net" "Mozilla/5.0 AppleWebKit/537.36 (KHTML, like Gecko; compatible; GPTBot/1.4; +https://openai.com/gptbot)"
74.7.227.9 - - [14/Jul/2026:21:23:58 -0300] "GET /index.php?lokasie=/proc/1881/net/rt_cache&loknya=/proc/1881/net HTTP/1.1" 200 4207 "http://jforte.com.br/index.php?loknya=/proc/1881/net" "Mozilla/5.0 AppleWebKit/537.36 (KHTML, like Gecko; compatible; GPTBot/1.4; +https://openai.com/gptbot)"
74.7.227.9 - - [14/Jul/2026:21:23:59 -0300] "GET /index.php?lokasie=/proc/1631/net/sockstat&loknya=/proc/1631/net HTTP/1.1" 200 4222 "http://jforte.com.br/index.php?loknya=/proc/1631/net" "Mozilla/5.0 AppleWebKit/537.36 (KHTML, like Gecko; compatible; GPTBot/1.4; +https://openai.com/gptbot)"
147.135.252.182 - - [14/Jul/2026:21:23:59 -0300] "GET /?loknya=/home/jforte/public_html/configDSV HTTP/1.1" 200 24142 "-" "Mozilla/5.0 (compatible; MJ12bot/v1.4.8; http://mj12bot.com/)"
45.92.229.129 - - [14/Jul/2026:21:23:59 -0300] "GET /wp-admin/profile.php HTTP/1.1" 200 149663 "http://jforte.com.br/wp-login.php" "Mozilla/5.0 (Windows NT 10.0; Win64; x64) AppleWebKit/537.36 (KHTML, like Gecko) Chrome/118.0.0.0 Safari/537.36"
74.7.227.9 - - [14/Jul/2026:21:24:00 -0300] "GET /index.php?lokasie=/proc/1686/net/sockstat6&loknya=/proc/1686/net HTTP/1.1" 200 4164 "http://jforte.com.br/index.php?loknya=/proc/1686/net" "Mozilla/5.0 AppleWebKit/537.36 (KHTML, like Gecko; compatible; GPTBot/1.4; +https://openai.com/gptbot)"
74.7.227.9 - - [14/Jul/2026:21:24:01 -0300] "GET /index.php?lokasie=/proc/1186/net/sockstat6&loknya=/proc/1186/net HTTP/1.1" 200 4164 "http://jforte.com.br/index.php?loknya=/proc/1186/net" "Mozilla/5.0 AppleWebKit/537.36 (KHTML, like Gecko; compatible; GPTBot/1.4; +https://openai.com/gptbot)"
74.7.227.9 - - [14/Jul/2026:21:24:02 -0300] "GET /index.php?lokasie=/proc/1631/net/sockstat6&loknya=/proc/1631/net HTTP/1.1" 200 4164 "http://jforte.com.br/index.php?loknya=/proc/1631/net" "Mozilla/5.0 AppleWebKit/537.36 (KHTML, like Gecko; compatible; GPTBot/1.4; +https://openai.com/gptbot)"
147.135.252.182 - - [14/Jul/2026:21:24:02 -0300] "GET /?loknya=/home/jforte/public_html/wp-admin HTTP/1.1" 200 149654 "-" "Mozilla/5.0 (compatible; MJ12bot/v1.4.8; http://mj12bot.com/)"
74.7.227.9 - - [14/Jul/2026:21:24:03 -0300] "GET /index.php?lokasie=/proc/1881/net/sockstat6&loknya=/proc/1881/net HTTP/1.1" 200 4164 "http://jforte.com.br/index.php?loknya=/proc/1881/net" "Mozilla/5.0 AppleWebKit/537.36 (KHTML, like Gecko; compatible; GPTBot/1.4; +https://openai.com/gptbot)"
74.7.227.9 - - [14/Jul/2026:21:24:04 -0300] "GET /index.php?lokasie=/proc/1002/net/sockstat6&loknya=/proc/1002/net HTTP/1.1" 200 4164 "http://jforte.com.br/index.php?loknya=/proc/1002/net" "Mozilla/5.0 AppleWebKit/537.36 (KHTML, like Gecko; compatible; GPTBot/1.4; +https://openai.com/gptbot)"
74.7.227.9 - - [14/Jul/2026:21:24:04 -0300] "GET /index.php?lokasie=/proc/1881/net/ip_mr_cache&loknya=/proc/1881/net HTTP/1.1" 200 4136 "http://jforte.com.br/index.php?loknya=/proc/1881/net" "Mozilla/5.0 AppleWebKit/537.36 (KHTML, like Gecko; compatible; GPTBot/1.4; +https://openai.com/gptbot)"
74.7.227.9 - - [14/Jul/2026:21:24:05 -0300] "GET /index.php?lokasie=/proc/1990/net/rt_cache&loknya=/proc/1990/net HTTP/1.1" 200 4207 "http://jforte.com.br/index.php?loknya=/proc/1990/net" "Mozilla/5.0 AppleWebKit/537.36 (KHTML, like Gecko; compatible; GPTBot/1.4; +https://openai.com/gptbot)"
45.92.229.129 - - [14/Jul/2026:21:24:05 -0300] "GET /wp-admin/edit.php HTTP/1.1" 200 149660 "http://jforte.com.br/wp-login.php" "Mozilla/5.0 (Windows NT 10.0; Win64; x64) AppleWebKit/537.36 (KHTML, like Gecko) Chrome/118.0.0.0 Safari/537.36"
147.135.252.182 - - [14/Jul/2026:21:24:05 -0300] "GET /?loknya=/home/jforte/public_html/wp-content HTTP/1.1" 200 18650 "-" "Mozilla/5.0 (compatible; MJ12bot/v1.4.8; http://mj12bot.com/)"
74.7.227.9 - - [14/Jul/2026:21:24:06 -0300] "GET /index.php?lokasie=/proc/1002/net/softnet_stat&loknya=/proc/1002/net HTTP/1.1" 200 5955 "http://jforte.com.br/index.php?loknya=/proc/1002/net" "Mozilla/5.0 AppleWebKit/537.36 (KHTML, like Gecko; compatible; GPTBot/1.4; +https://openai.com/gptbot)"
74.7.227.9 - - [14/Jul/2026:21:24:06 -0300] "GET /index.php?lokasie=/proc/1990/net/softnet_stat&loknya=/proc/1990/net HTTP/1.1" 200 5955 "http://jforte.com.br/index.php?loknya=/proc/1990/net" "Mozilla/5.0 AppleWebKit/537.36 (KHTML, like Gecko; compatible; GPTBot/1.4; +https://openai.com/gptbot)"
74.7.227.9 - - [14/Jul/2026:21:24:07 -0300] "GET /index.php?lokasie=/proc/1990/net/nf_conntrack&loknya=/proc/1990/net HTTP/1.1" 200 4083 "http://jforte.com.br/index.php?loknya=/proc/1990/net" "Mozilla/5.0 AppleWebKit/537.36 (KHTML, like Gecko; compatible; GPTBot/1.4; +https://openai.com/gptbot)"
45.92.229.129 - - [14/Jul/2026:21:24:07 -0300] "GET /wp-admin/plugins.php HTTP/1.1" 200 149663 "http://jforte.com.br/wp-login.php" "Mozilla/5.0 (Windows NT 10.0; Win64; x64) AppleWebKit/537.36 (KHTML, like Gecko) Chrome/118.0.0.0 Safari/537.36"
74.7.227.9 - - [14/Jul/2026:21:24:08 -0300] "GET /index.php?lokasie=/proc/1186/net/softnet_stat&loknya=/proc/1186/net HTTP/1.1" 200 5955 "http://jforte.com.br/index.php?loknya=/proc/1186/net" "Mozilla/5.0 AppleWebKit/537.36 (KHTML, like Gecko; compatible; GPTBot/1.4; +https://openai.com/gptbot)"
147.135.252.182 - - [14/Jul/2026:21:24:08 -0300] "GET /?loknya=/home/jforte/public_html/wp-includes HTTP/1.1" 200 416027 "-" "Mozilla/5.0 (compatible; MJ12bot/v1.4.8; http://mj12bot.com/)"
74.7.227.9 - - [14/Jul/2026:21:24:09 -0300] "GET /index.php?lokasie=/proc/1686/net/softnet_stat&loknya=/proc/1686/net HTTP/1.1" 200 5955 "http://jforte.com.br/index.php?loknya=/proc/1686/net" "Mozilla/5.0 AppleWebKit/537.36 (KHTML, like Gecko; compatible; GPTBot/1.4; +https://openai.com/gptbot)"
74.7.227.9 - - [14/Jul/2026:21:24:09 -0300] "GET /index.php?lokasie=/proc/1001/net/ip_mr_cache&loknya=/proc/1001/net HTTP/1.1" 200 4136 "http://jforte.com.br/index.php?loknya=/proc/1001/net" "Mozilla/5.0 AppleWebKit/537.36 (KHTML, like Gecko; compatible; GPTBot/1.4; +https://openai.com/gptbot)"
74.7.227.9 - - [14/Jul/2026:21:24:10 -0300] "GET /index.php?lokasie=/proc/1631/net/rt_cache&loknya=/proc/1631/net HTTP/1.1" 200 4207 "http://jforte.com.br/index.php?loknya=/proc/1631/net" "Mozilla/5.0 AppleWebKit/537.36 (KHTML, like Gecko; compatible; GPTBot/1.4; +https://openai.com/gptbot)"
74.7.227.9 - - [14/Jul/2026:21:24:11 -0300] "GET /index.php?lokasie=/proc/1881/net/fib_triestat&loknya=/proc/1881/net HTTP/1.1" 200 4823 "http://jforte.com.br/index.php?loknya=/proc/1881/net" "Mozilla/5.0 AppleWebKit/537.36 (KHTML, like Gecko; compatible; GPTBot/1.4; +https://openai.com/gptbot)"
147.135.252.182 - - [14/Jul/2026:21:24:11 -0300] "GET /index.php HTTP/1.1" 200 62779 "-" "Mozilla/5.0 (compatible; MJ12bot/v1.4.8; http://mj12bot.com/)"
74.7.227.9 - - [14/Jul/2026:21:24:12 -0300] "GET /index.php?lokasie=/proc/1631/net/nf_conntrack&loknya=/proc/1631/net HTTP/1.1" 200 4083 "http://jforte.com.br/index.php?loknya=/proc/1631/net" "Mozilla/5.0 AppleWebKit/537.36 (KHTML, like Gecko; compatible; GPTBot/1.4; +https://openai.com/gptbot)"
45.92.229.129 - - [14/Jul/2026:21:24:12 -0300] "POST /wp-login.php HTTP/1.1" 200 62780 "http://jforte.com.br/wp-login.php" "Mozilla/5.0 (Macintosh; Intel Mac OS X 10_15_7) AppleWebKit/537.36 (KHTML, like Gecko) Chrome/118.0.0.0 Safari/537.36"
74.7.227.9 - - [14/Jul/2026:21:24:13 -0300] "GET /index.php?lokasie=/proc/1002/net/rt_cache&loknya=/proc/1002/net HTTP/1.1" 200 4207 "http://jforte.com.br/index.php?loknya=/proc/1002/net" "Mozilla/5.0 AppleWebKit/537.36 (KHTML, like Gecko; compatible; GPTBot/1.4; +https://openai.com/gptbot)"
74.7.227.9 - - [14/Jul/2026:21:24:14 -0300] "GET /index.php?lokasie=/proc/1881/net/fib_trie&loknya=/proc/1881/net HTTP/1.1" 200 5384 "http://jforte.com.br/index.php?loknya=/proc/1881/net" "Mozilla/5.0 AppleWebKit/537.36 (KHTML, like Gecko; compatible; GPTBot/1.4; +https://openai.com/gptbot)"
45.92.229.129 - - [14/Jul/2026:21:24:15 -0300] "GET /wp-admin/index.php HTTP/1.1" 200 149661 "http://jforte.com.br/wp-login.php" "Mozilla/5.0 (Windows NT 10.0; Win64; x64) AppleWebKit/537.36 (KHTML, like Gecko) Chrome/118.0.0.0 Safari/537.36"
74.7.227.9 - - [14/Jul/2026:21:24:15 -0300] "GET /index.php?lokasie=/proc/1001/net/mcfilter&loknya=/proc/1001/net HTTP/1.1" 200 4126 "http://jforte.com.br/index.php?loknya=/proc/1001/net" "Mozilla/5.0 AppleWebKit/537.36 (KHTML, like Gecko; compatible; GPTBot/1.4; +https://openai.com/gptbot)"
74.7.227.9 - - [14/Jul/2026:21:24:16 -0300] "GET /index.php?lokasie=/proc/1713/net/nf_conntrack&loknya=/proc/1713/net HTTP/1.1" 200 4083 "http://jforte.com.br/index.php?loknya=/proc/1713/net" "Mozilla/5.0 AppleWebKit/537.36 (KHTML, like Gecko; compatible; GPTBot/1.4; +https://openai.com/gptbot)"
74.7.227.9 - - [14/Jul/2026:21:24:16 -0300] "GET /index.php?lokasie=/proc/1686/net/nf_conntrack&loknya=/proc/1686/net HTTP/1.1" 200 4083 "http://jforte.com.br/index.php?loknya=/proc/1686/net" "Mozilla/5.0 AppleWebKit/537.36 (KHTML, like Gecko; compatible; GPTBot/1.4; +https://openai.com/gptbot)"
45.92.229.129 - - [14/Jul/2026:21:24:17 -0300] "GET /wp-admin/profile.php HTTP/1.1" 200 149663 "http://jforte.com.br/wp-login.php" "Mozilla/5.0 (Windows NT 10.0; Win64; x64) AppleWebKit/537.36 (KHTML, like Gecko) Chrome/118.0.0.0 Safari/537.36"
74.7.227.9 - - [14/Jul/2026:21:24:17 -0300] "GET /index.php?lokasie=/proc/1002/net/nf_conntrack&loknya=/proc/1002/net HTTP/1.1" 200 4083 "http://jforte.com.br/index.php?loknya=/proc/1002/net" "Mozilla/5.0 AppleWebKit/537.36 (KHTML, like Gecko; compatible; GPTBot/1.4; +https://openai.com/gptbot)"
74.7.227.9 - - [14/Jul/2026:21:24:18 -0300] "GET /index.php?lokasie=/proc/1713/net/softnet_stat&loknya=/proc/1713/net HTTP/1.1" 200 5955 "http://jforte.com.br/index.php?loknya=/proc/1713/net" "Mozilla/5.0 AppleWebKit/537.36 (KHTML, like Gecko; compatible; GPTBot/1.4; +https://openai.com/gptbot)"
74.7.227.9 - - [14/Jul/2026:21:24:19 -0300] "GET /index.php?lokasie=/proc/1881/net/mcfilter&loknya=/proc/1881/net HTTP/1.1" 200 4126 "http://jforte.com.br/index.php?loknya=/proc/1881/net" "Mozilla/5.0 AppleWebKit/537.36 (KHTML, like Gecko; compatible; GPTBot/1.4; +https://openai.com/gptbot)"
45.92.229.129 - - [14/Jul/2026:21:24:18 -0300] "GET /wp-admin/edit.php HTTP/1.1" 200 149660 "http://jforte.com.br/wp-login.php" "Mozilla/5.0 (Windows NT 10.0; Win64; x64) AppleWebKit/537.36 (KHTML, like Gecko) Chrome/118.0.0.0 Safari/537.36"
74.7.227.9 - - [14/Jul/2026:21:24:19 -0300] "GET /index.php?lokasie=/proc/1631/net/softnet_stat&loknya=/proc/1631/net HTTP/1.1" 200 5955 "http://jforte.com.br/index.php?loknya=/proc/1631/net" "Mozilla/5.0 AppleWebKit/537.36 (KHTML, like Gecko; compatible; GPTBot/1.4; +https://openai.com/gptbot)"
74.7.227.9 - - [14/Jul/2026:21:24:20 -0300] "GET /index.php?lokasie=/proc/1001/net/fib_trie&loknya=/proc/1001/net HTTP/1.1" 200 5384 "http://jforte.com.br/index.php?loknya=/proc/1001/net" "Mozilla/5.0 AppleWebKit/537.36 (KHTML, like Gecko; compatible; GPTBot/1.4; +https://openai.com/gptbot)"
45.92.229.129 - - [14/Jul/2026:21:24:20 -0300] "GET /wp-admin/plugins.php HTTP/1.1" 200 149663 "http://jforte.com.br/wp-login.php" "Mozilla/5.0 (Windows NT 10.0; Win64; x64) AppleWebKit/537.36 (KHTML, like Gecko) Chrome/118.0.0.0 Safari/537.36"
74.7.227.9 - - [14/Jul/2026:21:24:21 -0300] "GET /index.php?lokasie=/proc/1001/net/fib_triestat&loknya=/proc/1001/net HTTP/1.1" 200 4823 "http://jforte.com.br/index.php?loknya=/proc/1001/net" "Mozilla/5.0 AppleWebKit/537.36 (KHTML, like Gecko; compatible; GPTBot/1.4; +https://openai.com/gptbot)"
74.7.227.9 - - [14/Jul/2026:21:24:22 -0300] "GET /index.php?lokasie=/proc/1186/net/rt_cache&loknya=/proc/1186/net HTTP/1.1" 200 4207 "http://jforte.com.br/index.php?loknya=/proc/1186/net" "Mozilla/5.0 AppleWebKit/537.36 (KHTML, like Gecko; compatible; GPTBot/1.4; +https://openai.com/gptbot)"
74.7.227.9 - - [14/Jul/2026:21:24:23 -0300] "GET /index.php?lokasie=/proc/1713/net/rt_cache&loknya=/proc/1713/net HTTP/1.1" 200 4207 "http://jforte.com.br/index.php?loknya=/proc/1713/net" "Mozilla/5.0 AppleWebKit/537.36 (KHTML, like Gecko; compatible; GPTBot/1.4; +https://openai.com/gptbot)"
45.92.229.129 - - [14/Jul/2026:21:24:23 -0300] "POST /wp-login.php HTTP/1.1" 200 62780 "http://jforte.com.br/wp-login.php" "Mozilla/5.0 (Windows NT 11.0; Win64; x64; rv:120.0) Gecko/20100101 Firefox/120.0"
74.7.227.9 - - [14/Jul/2026:21:24:23 -0300] "GET /index.php?lokasie=/proc/1686/net/rt_cache&loknya=/proc/1686/net HTTP/1.1" 200 4207 "http://jforte.com.br/index.php?loknya=/proc/1686/net" "Mozilla/5.0 AppleWebKit/537.36 (KHTML, like Gecko; compatible; GPTBot/1.4; +https://openai.com/gptbot)"
74.7.227.9 - - [14/Jul/2026:21:24:24 -0300] "GET /index.php?lokasie=/proc/1186/net/mcfilter&loknya=/proc/1186/net HTTP/1.1" 200 4126 "http://jforte.com.br/index.php?loknya=/proc/1186/net" "Mozilla/5.0 AppleWebKit/537.36 (KHTML, like Gecko; compatible; GPTBot/1.4; +https://openai.com/gptbot)"
45.92.229.129 - - [14/Jul/2026:21:24:24 -0300] "GET /wp-admin/index.php HTTP/1.1" 200 149661 "http://jforte.com.br/wp-login.php" "Mozilla/5.0 (Windows NT 11.0; Win64; x64) AppleWebKit/537.36 (KHTML, like Gecko) Chrome/118.0.0.0 Safari/537.36"
74.7.227.9 - - [14/Jul/2026:21:24:25 -0300] "GET /index.php?lokasie=/proc/1002/net/mcfilter6&loknya=/proc/1002/net HTTP/1.1" 200 4171 "http://jforte.com.br/index.php?loknya=/proc/1002/net" "Mozilla/5.0 AppleWebKit/537.36 (KHTML, like Gecko; compatible; GPTBot/1.4; +https://openai.com/gptbot)"
74.7.227.9 - - [14/Jul/2026:21:24:25 -0300] "GET /index.php?lokasie=/proc/1631/net/mcfilter6&loknya=/proc/1631/net HTTP/1.1" 200 4171 "http://jforte.com.br/index.php?loknya=/proc/1631/net" "Mozilla/5.0 AppleWebKit/537.36 (KHTML, like Gecko; compatible; GPTBot/1.4; +https://openai.com/gptbot)"
74.7.227.9 - - [14/Jul/2026:21:24:26 -0300] "GET /index.php?lokasie=/proc/1001/net/mcfilter6&loknya=/proc/1001/net HTTP/1.1" 200 4171 "http://jforte.com.br/index.php?loknya=/proc/1001/net" "Mozilla/5.0 AppleWebKit/537.36 (KHTML, like Gecko; compatible; GPTBot/1.4; +https://openai.com/gptbot)"
74.7.227.9 - - [14/Jul/2026:21:24:27 -0300] "GET /index.php?lokasie=/proc/1631/net/ipv6_route&loknya=/proc/1631/net HTTP/1.1" 200 4381 "http://jforte.com.br/index.php?loknya=/proc/1631/net" "Mozilla/5.0 AppleWebKit/537.36 (KHTML, like Gecko; compatible; GPTBot/1.4; +https://openai.com/gptbot)"
74.7.227.9 - - [14/Jul/2026:21:24:27 -0300] "GET /index.php?lokasie=/proc/1001/net/ipv6_route&loknya=/proc/1001/net HTTP/1.1" 200 4381 "http://jforte.com.br/index.php?loknya=/proc/1001/net" "Mozilla/5.0 AppleWebKit/537.36 (KHTML, like Gecko; compatible; GPTBot/1.4; +https://openai.com/gptbot)"
45.92.229.129 - - [14/Jul/2026:21:24:27 -0300] "GET /wp-admin/profile.php HTTP/1.1" 200 149663 "http://jforte.com.br/wp-login.php" "Mozilla/5.0 (Windows NT 11.0; Win64; x64) AppleWebKit/537.36 (KHTML, like Gecko) Chrome/118.0.0.0 Safari/537.36"
74.7.227.9 - - [14/Jul/2026:21:24:28 -0300] "GET /index.php?lokasie=/proc/1881/net/ipv6_route&loknya=/proc/1881/net HTTP/1.1" 200 4381 "http://jforte.com.br/index.php?loknya=/proc/1881/net" "Mozilla/5.0 AppleWebKit/537.36 (KHTML, like Gecko; compatible; GPTBot/1.4; +https://openai.com/gptbot)"
74.7.227.9 - - [14/Jul/2026:21:24:29 -0300] "GET /index.php?lokasie=/proc/1990/net/ipv6_route&loknya=/proc/1990/net HTTP/1.1" 200 4381 "http://jforte.com.br/index.php?loknya=/proc/1990/net" "Mozilla/5.0 AppleWebKit/537.36 (KHTML, like Gecko; compatible; GPTBot/1.4; +https://openai.com/gptbot)"
74.7.227.9 - - [14/Jul/2026:21:24:30 -0300] "GET /index.php?lokasie=/proc/1713/net/ipv6_route&loknya=/proc/1713/net HTTP/1.1" 200 4381 "http://jforte.com.br/index.php?loknya=/proc/1713/net" "Mozilla/5.0 AppleWebKit/537.36 (KHTML, like Gecko; compatible; GPTBot/1.4; +https://openai.com/gptbot)"
45.92.229.129 - - [14/Jul/2026:21:24:31 -0300] "GET /wp-admin/edit.php HTTP/1.1" 200 149660 "http://jforte.com.br/wp-login.php" "Mozilla/5.0 (Windows NT 11.0; Win64; x64) AppleWebKit/537.36 (KHTML, like Gecko) Chrome/118.0.0.0 Safari/537.36"
74.7.227.9 - - [14/Jul/2026:21:24:30 -0300] "GET /index.php?lokasie=/proc/1686/net/ipv6_route&loknya=/proc/1686/net HTTP/1.1" 200 4381 "http://jforte.com.br/index.php?loknya=/proc/1686/net" "Mozilla/5.0 AppleWebKit/537.36 (KHTML, like Gecko; compatible; GPTBot/1.4; +https://openai.com/gptbot)"
74.7.227.9 - - [14/Jul/2026:21:24:33 -0300] "GET /index.php?lokasie=/proc/1186/net/ipv6_route&loknya=/proc/1186/net HTTP/1.1" 200 4381 "http://jforte.com.br/index.php?loknya=/proc/1186/net" "Mozilla/5.0 AppleWebKit/537.36 (KHTML, like Gecko; compatible; GPTBot/1.4; +https://openai.com/gptbot)"
74.7.227.9 - - [14/Jul/2026:21:24:33 -0300] "GET /index.php?lokasie=/proc/1002/net/ipv6_route&loknya=/proc/1002/net HTTP/1.1" 200 4381 "http://jforte.com.br/index.php?loknya=/proc/1002/net" "Mozilla/5.0 AppleWebKit/537.36 (KHTML, like Gecko; compatible; GPTBot/1.4; +https://openai.com/gptbot)"
74.7.227.9 - - [14/Jul/2026:21:24:34 -0300] "GET /index.php?lokasie=/proc/1713/net/sockstat6&loknya=/proc/1713/net HTTP/1.1" 200 4164 "http://jforte.com.br/index.php?loknya=/proc/1713/net" "Mozilla/5.0 AppleWebKit/537.36 (KHTML, like Gecko; compatible; GPTBot/1.4; +https://openai.com/gptbot)"
74.7.227.9 - - [14/Jul/2026:21:24:35 -0300] "GET /index.php?lokasie=/proc/1990/net/sockstat6&loknya=/proc/1990/net HTTP/1.1" 200 4164 "http://jforte.com.br/index.php?loknya=/proc/1990/net" "Mozilla/5.0 AppleWebKit/537.36 (KHTML, like Gecko; compatible; GPTBot/1.4; +https://openai.com/gptbot)"
45.92.229.129 - - [14/Jul/2026:21:24:35 -0300] "GET /wp-admin/plugins.php HTTP/1.1" 200 149663 "http://jforte.com.br/wp-login.php" "Mozilla/5.0 (Windows NT 11.0; Win64; x64) AppleWebKit/537.36 (KHTML, like Gecko) Chrome/118.0.0.0 Safari/537.36"
74.7.227.9 - - [14/Jul/2026:21:24:36 -0300] "GET /index.php?lokasie=/proc/1686/net/xfrm_stat&loknya=/proc/1686/net HTTP/1.1" 200 4836 "http://jforte.com.br/index.php?loknya=/proc/1686/net" "Mozilla/5.0 AppleWebKit/537.36 (KHTML, like Gecko; compatible; GPTBot/1.4; +https://openai.com/gptbot)"
74.7.227.9 - - [14/Jul/2026:21:24:36 -0300] "GET /index.php?lokasie=/proc/1186/net/dev_mcast&loknya=/proc/1186/net HTTP/1.1" 200 4126 "http://jforte.com.br/index.php?loknya=/proc/1186/net" "Mozilla/5.0 AppleWebKit/537.36 (KHTML, like Gecko; compatible; GPTBot/1.4; +https://openai.com/gptbot)"
74.7.227.9 - - [14/Jul/2026:21:24:37 -0300] "GET /index.php?lokasie=/proc/1186/net/xfrm_stat&loknya=/proc/1186/net HTTP/1.1" 200 4836 "http://jforte.com.br/index.php?loknya=/proc/1186/net" "Mozilla/5.0 AppleWebKit/537.36 (KHTML, like Gecko; compatible; GPTBot/1.4; +https://openai.com/gptbot)"
74.7.227.9 - - [14/Jul/2026:21:24:38 -0300] "GET /index.php?lokasie=/proc/1686/net/dev_mcast&loknya=/proc/1686/net HTTP/1.1" 200 4126 "http://jforte.com.br/index.php?loknya=/proc/1686/net" "Mozilla/5.0 AppleWebKit/537.36 (KHTML, like Gecko; compatible; GPTBot/1.4; +https://openai.com/gptbot)"
74.7.227.9 - - [14/Jul/2026:21:24:39 -0300] "GET /index.php?lokasie=/proc/1713/net/xfrm_stat&loknya=/proc/1713/net HTTP/1.1" 200 4836 "http://jforte.com.br/index.php?loknya=/proc/1713/net" "Mozilla/5.0 AppleWebKit/537.36 (KHTML, like Gecko; compatible; GPTBot/1.4; +https://openai.com/gptbot)"
74.7.227.9 - - [14/Jul/2026:21:24:40 -0300] "GET /index.php?lokasie=/proc/1713/net/dev_mcast&loknya=/proc/1713/net HTTP/1.1" 200 4126 "http://jforte.com.br/index.php?loknya=/proc/1713/net" "Mozilla/5.0 AppleWebKit/537.36 (KHTML, like Gecko; compatible; GPTBot/1.4; +https://openai.com/gptbot)"
74.7.227.9 - - [14/Jul/2026:21:24:41 -0300] "GET /index.php?lokasie=/proc/1631/net/xfrm_stat&loknya=/proc/1631/net HTTP/1.1" 200 4836 "http://jforte.com.br/index.php?loknya=/proc/1631/net" "Mozilla/5.0 AppleWebKit/537.36 (KHTML, like Gecko; compatible; GPTBot/1.4; +https://openai.com/gptbot)"
74.7.227.9 - - [14/Jul/2026:21:24:41 -0300] "GET /index.php?lokasie=/proc/1990/net/mcfilter&loknya=/proc/1990/net HTTP/1.1" 200 4126 "http://jforte.com.br/index.php?loknya=/proc/1990/net" "Mozilla/5.0 AppleWebKit/537.36 (KHTML, like Gecko; compatible; GPTBot/1.4; +https://openai.com/gptbot)"
74.7.227.9 - - [14/Jul/2026:21:24:42 -0300] "GET /index.php?lokasie=/proc/1686/net/mcfilter&loknya=/proc/1686/net HTTP/1.1" 200 4126 "http://jforte.com.br/index.php?loknya=/proc/1686/net" "Mozilla/5.0 AppleWebKit/537.36 (KHTML, like Gecko; compatible; GPTBot/1.4; +https://openai.com/gptbot)"
74.7.227.9 - - [14/Jul/2026:21:24:43 -0300] "GET /index.php?lokasie=/proc/1002/net/mcfilter&loknya=/proc/1002/net HTTP/1.1" 200 4126 "http://jforte.com.br/index.php?loknya=/proc/1002/net" "Mozilla/5.0 AppleWebKit/537.36 (KHTML, like Gecko; compatible; GPTBot/1.4; +https://openai.com/gptbot)"
