74.7.227.9 - - [14/Jul/2026:21:19:38 -0300] "GET /index.php?lokasie=/proc/240260/net/packet&loknya=/proc/240260/net HTTP/1.1" 200 4279 "http://jforte.com.br/index.php?loknya=/proc/240260/net" "Mozilla/5.0 AppleWebKit/537.36 (KHTML, like Gecko; compatible; GPTBot/1.4; +https://openai.com/gptbot)"
74.7.227.9 - - [14/Jul/2026:21:19:39 -0300] "GET /index.php?lokasie=/proc/790049/net/packet&loknya=/proc/790049/net HTTP/1.1" 200 4279 "http://jforte.com.br/index.php?loknya=/proc/790049/net" "Mozilla/5.0 AppleWebKit/537.36 (KHTML, like Gecko; compatible; GPTBot/1.4; +https://openai.com/gptbot)"
74.7.227.9 - - [14/Jul/2026:21:19:40 -0300] "GET /index.php?lokasie=/proc/790049/net/netstat&loknya=/proc/790049/net HTTP/1.1" 200 8051 "http://jforte.com.br/index.php?loknya=/proc/790049/net" "Mozilla/5.0 AppleWebKit/537.36 (KHTML, like Gecko; compatible; GPTBot/1.4; +https://openai.com/gptbot)"
74.7.227.9 - - [14/Jul/2026:21:19:40 -0300] "GET /index.php?lokasie=/proc/790049/net/netlink&loknya=/proc/790049/net HTTP/1.1" 200 8223 "http://jforte.com.br/index.php?loknya=/proc/790049/net" "Mozilla/5.0 AppleWebKit/537.36 (KHTML, like Gecko; compatible; GPTBot/1.4; +https://openai.com/gptbot)"
74.7.227.9 - - [14/Jul/2026:21:19:41 -0300] "GET /index.php?lokasie=/proc/240260/net/netstat&loknya=/proc/240260/net HTTP/1.1" 200 8051 "http://jforte.com.br/index.php?loknya=/proc/240260/net" "Mozilla/5.0 AppleWebKit/537.36 (KHTML, like Gecko; compatible; GPTBot/1.4; +https://openai.com/gptbot)"
74.7.227.9 - - [14/Jul/2026:21:19:41 -0300] "GET /index.php?lokasie=/proc/240260/net/tcp6&loknya=/proc/240260/net HTTP/1.1" 200 5117 "http://jforte.com.br/index.php?loknya=/proc/240260/net" "Mozilla/5.0 AppleWebKit/537.36 (KHTML, like Gecko; compatible; GPTBot/1.4; +https://openai.com/gptbot)"
74.7.227.9 - - [14/Jul/2026:21:19:42 -0300] "GET /index.php?lokasie=/proc/240260/net/rt6_stats&loknya=/proc/240260/net HTTP/1.1" 200 4123 "http://jforte.com.br/index.php?loknya=/proc/240260/net" "Mozilla/5.0 AppleWebKit/537.36 (KHTML, like Gecko; compatible; GPTBot/1.4; +https://openai.com/gptbot)"
45.92.229.137 - - [14/Jul/2026:21:19:42 -0300] "POST /wp-login.php HTTP/1.1" 200 62780 "http://jforte.com.br/wp-login.php" "Mozilla/5.0 (Macintosh; Intel Mac OS X 13_6_1) AppleWebKit/537.36 (KHTML, like Gecko) Chrome/121.0.0.0 Safari/537.36"
74.7.227.9 - - [14/Jul/2026:21:19:42 -0300] "GET /index.php?lokasie=/proc/790049/net/rt6_stats&loknya=/proc/790049/net HTTP/1.1" 200 4123 "http://jforte.com.br/index.php?loknya=/proc/790049/net" "Mozilla/5.0 AppleWebKit/537.36 (KHTML, like Gecko; compatible; GPTBot/1.4; +https://openai.com/gptbot)"
74.7.227.9 - - [14/Jul/2026:21:19:43 -0300] "GET /index.php?lokasie=/proc/240260/net/ipv6_route&loknya=/proc/240260/net HTTP/1.1" 200 4389 "http://jforte.com.br/index.php?loknya=/proc/240260/net" "Mozilla/5.0 AppleWebKit/537.36 (KHTML, like Gecko; compatible; GPTBot/1.4; +https://openai.com/gptbot)"
74.7.227.9 - - [14/Jul/2026:21:19:44 -0300] "GET /index.php?lokasie=/proc/790049/net/if_inet6&loknya=/proc/790049/net HTTP/1.1" 200 4087 "http://jforte.com.br/index.php?loknya=/proc/790049/net" "Mozilla/5.0 AppleWebKit/537.36 (KHTML, like Gecko; compatible; GPTBot/1.4; +https://openai.com/gptbot)"
45.92.229.137 - - [14/Jul/2026:21:19:44 -0300] "GET /wp-admin/index.php HTTP/1.1" 200 149661 "http://jforte.com.br/wp-login.php" "Mozilla/5.0 (Macintosh; Intel Mac OS X 13_6_1; rv:118.0) Gecko/20100101 Firefox/118.0"
74.7.227.9 - - [14/Jul/2026:21:19:44 -0300] "GET /index.php?lokasie=/proc/240260/net/if_inet6&loknya=/proc/240260/net HTTP/1.1" 200 4087 "http://jforte.com.br/index.php?loknya=/proc/240260/net" "Mozilla/5.0 AppleWebKit/537.36 (KHTML, like Gecko; compatible; GPTBot/1.4; +https://openai.com/gptbot)"
74.7.227.9 - - [14/Jul/2026:21:19:45 -0300] "GET /index.php?lokasie=/proc/790049/net/route&loknya=/proc/790049/net HTTP/1.1" 200 4596 "http://jforte.com.br/index.php?loknya=/proc/790049/net" "Mozilla/5.0 AppleWebKit/537.36 (KHTML, like Gecko; compatible; GPTBot/1.4; +https://openai.com/gptbot)"
74.7.227.9 - - [14/Jul/2026:21:19:45 -0300] "GET /index.php?lokasie=/proc/790049/net/igmp&loknya=/proc/790049/net HTTP/1.1" 200 4265 "http://jforte.com.br/index.php?loknya=/proc/790049/net" "Mozilla/5.0 AppleWebKit/537.36 (KHTML, like Gecko; compatible; GPTBot/1.4; +https://openai.com/gptbot)"
74.7.227.9 - - [14/Jul/2026:21:19:46 -0300] "GET /index.php?lokasie=/proc/240260/net/icmp&loknya=/proc/240260/net HTTP/1.1" 200 4214 "http://jforte.com.br/index.php?loknya=/proc/240260/net" "Mozilla/5.0 AppleWebKit/537.36 (KHTML, like Gecko; compatible; GPTBot/1.4; +https://openai.com/gptbot)"
74.7.227.9 - - [14/Jul/2026:21:19:46 -0300] "GET /index.php?lokasie=/proc/790049/net/icmp&loknya=/proc/790049/net HTTP/1.1" 200 4214 "http://jforte.com.br/index.php?loknya=/proc/790049/net" "Mozilla/5.0 AppleWebKit/537.36 (KHTML, like Gecko; compatible; GPTBot/1.4; +https://openai.com/gptbot)"
74.7.227.9 - - [14/Jul/2026:21:19:47 -0300] "GET /index.php?lokasie=/proc/240260/net/unix&loknya=/proc/240260/net HTTP/1.1" 200 109410 "http://jforte.com.br/index.php?loknya=/proc/240260/net" "Mozilla/5.0 AppleWebKit/537.36 (KHTML, like Gecko; compatible; GPTBot/1.4; +https://openai.com/gptbot)"
74.7.227.9 - - [14/Jul/2026:21:19:47 -0300] "GET /index.php?lokasie=/proc/790049/net/unix&loknya=/proc/790049/net HTTP/1.1" 200 110011 "http://jforte.com.br/index.php?loknya=/proc/790049/net" "Mozilla/5.0 AppleWebKit/537.36 (KHTML, like Gecko; compatible; GPTBot/1.4; +https://openai.com/gptbot)"
74.7.227.9 - - [14/Jul/2026:21:19:48 -0300] "GET /index.php?lokasie=/proc/240260/net/snmp&loknya=/proc/240260/net HTTP/1.1" 200 5502 "http://jforte.com.br/index.php?loknya=/proc/240260/net" "Mozilla/5.0 AppleWebKit/537.36 (KHTML, like Gecko; compatible; GPTBot/1.4; +https://openai.com/gptbot)"
45.92.229.137 - - [14/Jul/2026:21:19:48 -0300] "GET /wp-admin/profile.php HTTP/1.1" 200 149663 "http://jforte.com.br/wp-login.php" "Mozilla/5.0 (Macintosh; Intel Mac OS X 13_6_1; rv:118.0) Gecko/20100101 Firefox/118.0"
74.7.227.9 - - [14/Jul/2026:21:19:49 -0300] "GET /index.php?lokasie=/proc/790049/net/snmp&loknya=/proc/790049/net HTTP/1.1" 200 5502 "http://jforte.com.br/index.php?loknya=/proc/790049/net" "Mozilla/5.0 AppleWebKit/537.36 (KHTML, like Gecko; compatible; GPTBot/1.4; +https://openai.com/gptbot)"
74.7.227.9 - - [14/Jul/2026:21:19:49 -0300] "GET /index.php?lokasie=/proc/240260/net/igmp&loknya=/proc/240260/net HTTP/1.1" 200 4265 "http://jforte.com.br/index.php?loknya=/proc/240260/net" "Mozilla/5.0 AppleWebKit/537.36 (KHTML, like Gecko; compatible; GPTBot/1.4; +https://openai.com/gptbot)"
74.7.227.9 - - [14/Jul/2026:21:19:50 -0300] "GET /index.php?lokasie=/proc/240260/net/route&loknya=/proc/240260/net HTTP/1.1" 200 4596 "http://jforte.com.br/index.php?loknya=/proc/240260/net" "Mozilla/5.0 AppleWebKit/537.36 (KHTML, like Gecko; compatible; GPTBot/1.4; +https://openai.com/gptbot)"
74.7.227.9 - - [14/Jul/2026:21:19:50 -0300] "GET /index.php?lokasie=/proc/240260/net/udp&loknya=/proc/240260/net HTTP/1.1" 200 5237 "http://jforte.com.br/index.php?loknya=/proc/240260/net" "Mozilla/5.0 AppleWebKit/537.36 (KHTML, like Gecko; compatible; GPTBot/1.4; +https://openai.com/gptbot)"
74.7.227.9 - - [14/Jul/2026:21:19:51 -0300] "GET /index.php?lokasie=/proc/240260/net/raw&loknya=/proc/240260/net HTTP/1.1" 200 4200 "http://jforte.com.br/index.php?loknya=/proc/240260/net" "Mozilla/5.0 AppleWebKit/537.36 (KHTML, like Gecko; compatible; GPTBot/1.4; +https://openai.com/gptbot)"
74.7.227.9 - - [14/Jul/2026:21:19:51 -0300] "GET /index.php?lokasie=/proc/790049/net/udp&loknya=/proc/790049/net HTTP/1.1" 200 5237 "http://jforte.com.br/index.php?loknya=/proc/790049/net" "Mozilla/5.0 AppleWebKit/537.36 (KHTML, like Gecko; compatible; GPTBot/1.4; +https://openai.com/gptbot)"
74.7.227.9 - - [14/Jul/2026:21:19:52 -0300] "GET /index.php?lokasie=/proc/790049/net/rt_acct&loknya=/proc/790049/net HTTP/1.1" 200 8182 "http://jforte.com.br/index.php?loknya=/proc/790049/net" "Mozilla/5.0 AppleWebKit/537.36 (KHTML, like Gecko; compatible; GPTBot/1.4; +https://openai.com/gptbot)"
45.92.229.137 - - [14/Jul/2026:21:19:52 -0300] "GET /wp-admin/edit.php HTTP/1.1" 200 149660 "http://jforte.com.br/wp-login.php" "Mozilla/5.0 (Macintosh; Intel Mac OS X 13_6_1; rv:118.0) Gecko/20100101 Firefox/118.0"
74.7.227.9 - - [14/Jul/2026:21:19:53 -0300] "GET /index.php?lokasie=/proc/240260/net/rt_acct&loknya=/proc/240260/net HTTP/1.1" 200 8182 "http://jforte.com.br/index.php?loknya=/proc/240260/net" "Mozilla/5.0 AppleWebKit/537.36 (KHTML, like Gecko; compatible; GPTBot/1.4; +https://openai.com/gptbot)"
74.7.227.9 - - [14/Jul/2026:21:19:53 -0300] "GET /index.php?lokasie=/proc/790049/net/rt_cache&loknya=/proc/790049/net HTTP/1.1" 200 4215 "http://jforte.com.br/index.php?loknya=/proc/790049/net" "Mozilla/5.0 AppleWebKit/537.36 (KHTML, like Gecko; compatible; GPTBot/1.4; +https://openai.com/gptbot)"
74.7.227.9 - - [14/Jul/2026:21:19:54 -0300] "GET /index.php?lokasie=/proc/790049/net/raw&loknya=/proc/790049/net HTTP/1.1" 200 4200 "http://jforte.com.br/index.php?loknya=/proc/790049/net" "Mozilla/5.0 AppleWebKit/537.36 (KHTML, like Gecko; compatible; GPTBot/1.4; +https://openai.com/gptbot)"
74.7.227.9 - - [14/Jul/2026:21:19:54 -0300] "GET /index.php?lokasie=/proc/240260/net/rt_cache&loknya=/proc/240260/net HTTP/1.1" 200 4215 "http://jforte.com.br/index.php?loknya=/proc/240260/net" "Mozilla/5.0 AppleWebKit/537.36 (KHTML, like Gecko; compatible; GPTBot/1.4; +https://openai.com/gptbot)"
74.7.227.9 - - [14/Jul/2026:21:19:55 -0300] "GET /index.php?lokasie=/proc/240260/net/udplite&loknya=/proc/240260/net HTTP/1.1" 200 4217 "http://jforte.com.br/index.php?loknya=/proc/240260/net" "Mozilla/5.0 AppleWebKit/537.36 (KHTML, like Gecko; compatible; GPTBot/1.4; +https://openai.com/gptbot)"
74.7.227.9 - - [14/Jul/2026:21:19:55 -0300] "GET /index.php?lokasie=/proc/790049/net/psched&loknya=/proc/790049/net HTTP/1.1" 200 4121 "http://jforte.com.br/index.php?loknya=/proc/790049/net" "Mozilla/5.0 AppleWebKit/537.36 (KHTML, like Gecko; compatible; GPTBot/1.4; +https://openai.com/gptbot)"
45.92.229.137 - - [14/Jul/2026:21:19:56 -0300] "GET /wp-admin/plugins.php HTTP/1.1" 200 149663 "http://jforte.com.br/wp-login.php" "Mozilla/5.0 (Macintosh; Intel Mac OS X 13_6_1; rv:118.0) Gecko/20100101 Firefox/118.0"
74.7.227.9 - - [14/Jul/2026:21:19:56 -0300] "GET /index.php?lokasie=/proc/790049/net/udplite&loknya=/proc/790049/net HTTP/1.1" 200 4217 "http://jforte.com.br/index.php?loknya=/proc/790049/net" "Mozilla/5.0 AppleWebKit/537.36 (KHTML, like Gecko; compatible; GPTBot/1.4; +https://openai.com/gptbot)"
74.7.227.9 - - [14/Jul/2026:21:19:56 -0300] "GET /index.php?lokasie=/proc/240260/net/snmp6&loknya=/proc/240260/net HTTP/1.1" 200 7107 "http://jforte.com.br/index.php?loknya=/proc/240260/net" "Mozilla/5.0 AppleWebKit/537.36 (KHTML, like Gecko; compatible; GPTBot/1.4; +https://openai.com/gptbot)"
74.7.227.9 - - [14/Jul/2026:21:19:57 -0300] "GET /index.php?lokasie=/proc/790049/net/snmp6&loknya=/proc/790049/net HTTP/1.1" 200 7107 "http://jforte.com.br/index.php?loknya=/proc/790049/net" "Mozilla/5.0 AppleWebKit/537.36 (KHTML, like Gecko; compatible; GPTBot/1.4; +https://openai.com/gptbot)"
74.7.227.9 - - [14/Jul/2026:21:19:57 -0300] "GET /index.php?lokasie=/proc/240260/net/igmp6&loknya=/proc/240260/net HTTP/1.1" 200 4368 "http://jforte.com.br/index.php?loknya=/proc/240260/net" "Mozilla/5.0 AppleWebKit/537.36 (KHTML, like Gecko; compatible; GPTBot/1.4; +https://openai.com/gptbot)"
74.7.227.9 - - [14/Jul/2026:21:19:58 -0300] "GET /index.php?lokasie=/proc/240260/net/icmp6&loknya=/proc/240260/net HTTP/1.1" 200 4250 "http://jforte.com.br/index.php?loknya=/proc/240260/net" "Mozilla/5.0 AppleWebKit/537.36 (KHTML, like Gecko; compatible; GPTBot/1.4; +https://openai.com/gptbot)"
74.7.227.9 - - [14/Jul/2026:21:19:58 -0300] "GET /index.php?lokasie=/proc/790049/net/icmp6&loknya=/proc/790049/net HTTP/1.1" 200 4250 "http://jforte.com.br/index.php?loknya=/proc/790049/net" "Mozilla/5.0 AppleWebKit/537.36 (KHTML, like Gecko; compatible; GPTBot/1.4; +https://openai.com/gptbot)"
74.7.227.9 - - [14/Jul/2026:21:19:59 -0300] "GET /index.php?lokasie=/proc/790049/net/tcp6&loknya=/proc/790049/net HTTP/1.1" 200 5117 "http://jforte.com.br/index.php?loknya=/proc/790049/net" "Mozilla/5.0 AppleWebKit/537.36 (KHTML, like Gecko; compatible; GPTBot/1.4; +https://openai.com/gptbot)"
74.7.227.9 - - [14/Jul/2026:21:20:00 -0300] "GET /index.php?lokasie=/proc/240260/net/udp6&loknya=/proc/240260/net HTTP/1.1" 200 4752 "http://jforte.com.br/index.php?loknya=/proc/240260/net" "Mozilla/5.0 AppleWebKit/537.36 (KHTML, like Gecko; compatible; GPTBot/1.4; +https://openai.com/gptbot)"
74.7.227.9 - - [14/Jul/2026:21:20:00 -0300] "GET /index.php?lokasie=/proc/790049/net/udp6&loknya=/proc/790049/net HTTP/1.1" 200 4752 "http://jforte.com.br/index.php?loknya=/proc/790049/net" "Mozilla/5.0 AppleWebKit/537.36 (KHTML, like Gecko; compatible; GPTBot/1.4; +https://openai.com/gptbot)"
45.92.229.137 - - [14/Jul/2026:21:20:01 -0300] "POST /wp-login.php HTTP/1.1" 200 62780 "http://jforte.com.br/wp-login.php" "Mozilla/5.0 (Windows NT 10.0; Win64; x64) AppleWebKit/537.36 (KHTML, like Gecko) Chrome/118.0.0.0 Safari/537.36"
74.7.227.9 - - [14/Jul/2026:21:20:01 -0300] "GET /index.php?lokasie=/proc/790049/net/raw6&loknya=/proc/790049/net HTTP/1.1" 200 4249 "http://jforte.com.br/index.php?loknya=/proc/790049/net" "Mozilla/5.0 AppleWebKit/537.36 (KHTML, like Gecko; compatible; GPTBot/1.4; +https://openai.com/gptbot)"
74.7.227.9 - - [14/Jul/2026:21:20:01 -0300] "GET /index.php?lokasie=/proc/240260/net/raw6&loknya=/proc/240260/net HTTP/1.1" 200 4249 "http://jforte.com.br/index.php?loknya=/proc/240260/net" "Mozilla/5.0 AppleWebKit/537.36 (KHTML, like Gecko; compatible; GPTBot/1.4; +https://openai.com/gptbot)"
74.7.227.9 - - [14/Jul/2026:21:20:02 -0300] "GET /index.php?lokasie=/proc/790049/net/udplite6&loknya=/proc/790049/net HTTP/1.1" 200 4253 "http://jforte.com.br/index.php?loknya=/proc/790049/net" "Mozilla/5.0 AppleWebKit/537.36 (KHTML, like Gecko; compatible; GPTBot/1.4; +https://openai.com/gptbot)"
74.7.227.9 - - [14/Jul/2026:21:20:02 -0300] "GET /index.php?lokasie=/proc/240260/net/anycast6&loknya=/proc/240260/net HTTP/1.1" 200 4087 "http://jforte.com.br/index.php?loknya=/proc/240260/net" "Mozilla/5.0 AppleWebKit/537.36 (KHTML, like Gecko; compatible; GPTBot/1.4; +https://openai.com/gptbot)"
74.7.227.9 - - [14/Jul/2026:21:20:03 -0300] "GET /index.php?lokasie=/proc/790049/net/sockstat6&loknya=/proc/790049/net HTTP/1.1" 200 4172 "http://jforte.com.br/index.php?loknya=/proc/790049/net" "Mozilla/5.0 AppleWebKit/537.36 (KHTML, like Gecko; compatible; GPTBot/1.4; +https://openai.com/gptbot)"
74.7.227.9 - - [14/Jul/2026:21:20:03 -0300] "GET /index.php?lokasie=/proc/240260/net/sockstat6&loknya=/proc/240260/net HTTP/1.1" 200 4172 "http://jforte.com.br/index.php?loknya=/proc/240260/net" "Mozilla/5.0 AppleWebKit/537.36 (KHTML, like Gecko; compatible; GPTBot/1.4; +https://openai.com/gptbot)"
45.92.229.137 - - [14/Jul/2026:21:20:04 -0300] "GET /wp-admin/index.php HTTP/1.1" 200 149661 "http://jforte.com.br/wp-login.php" "Mozilla/5.0 (Macintosh; Intel Mac OS X 10_15_7) AppleWebKit/605.1.15 (KHTML, like Gecko) Version/17.0 Safari/605.1.15"
74.7.227.9 - - [14/Jul/2026:21:20:04 -0300] "GET /index.php?lokasie=/proc/240260/net/mcfilter6&loknya=/proc/240260/net HTTP/1.1" 200 4179 "http://jforte.com.br/index.php?loknya=/proc/240260/net" "Mozilla/5.0 AppleWebKit/537.36 (KHTML, like Gecko; compatible; GPTBot/1.4; +https://openai.com/gptbot)"
74.7.227.9 - - [14/Jul/2026:21:20:04 -0300] "GET /index.php?lokasie=/proc/790049/net/anycast6&loknya=/proc/790049/net HTTP/1.1" 200 4087 "http://jforte.com.br/index.php?loknya=/proc/790049/net" "Mozilla/5.0 AppleWebKit/537.36 (KHTML, like Gecko; compatible; GPTBot/1.4; +https://openai.com/gptbot)"
74.7.227.9 - - [14/Jul/2026:21:20:05 -0300] "GET /index.php?lokasie=/proc/240260/net/udplite6&loknya=/proc/240260/net HTTP/1.1" 200 4253 "http://jforte.com.br/index.php?loknya=/proc/240260/net" "Mozilla/5.0 AppleWebKit/537.36 (KHTML, like Gecko; compatible; GPTBot/1.4; +https://openai.com/gptbot)"
74.7.227.9 - - [14/Jul/2026:21:20:06 -0300] "GET /index.php?lokasie=/proc/790049/net/softnet_stat&loknya=/proc/790049/net HTTP/1.1" 200 5963 "http://jforte.com.br/index.php?loknya=/proc/790049/net" "Mozilla/5.0 AppleWebKit/537.36 (KHTML, like Gecko; compatible; GPTBot/1.4; +https://openai.com/gptbot)"
74.7.227.9 - - [14/Jul/2026:21:20:06 -0300] "GET /index.php?lokasie=/proc/790049/net/ipv6_route&loknya=/proc/790049/net HTTP/1.1" 200 4389 "http://jforte.com.br/index.php?loknya=/proc/790049/net" "Mozilla/5.0 AppleWebKit/537.36 (KHTML, like Gecko; compatible; GPTBot/1.4; +https://openai.com/gptbot)"
74.7.227.9 - - [14/Jul/2026:21:20:07 -0300] "GET /index.php?lokasie=/proc/790049/net/fib_trie&loknya=/proc/790049/net HTTP/1.1" 200 5392 "http://jforte.com.br/index.php?loknya=/proc/790049/net" "Mozilla/5.0 AppleWebKit/537.36 (KHTML, like Gecko; compatible; GPTBot/1.4; +https://openai.com/gptbot)"
74.7.227.9 - - [14/Jul/2026:21:20:07 -0300] "GET /index.php?lokasie=/proc/240260/net/fib_trie&loknya=/proc/240260/net HTTP/1.1" 200 5392 "http://jforte.com.br/index.php?loknya=/proc/240260/net" "Mozilla/5.0 AppleWebKit/537.36 (KHTML, like Gecko; compatible; GPTBot/1.4; +https://openai.com/gptbot)"
74.7.227.9 - - [14/Jul/2026:21:20:08 -0300] "GET /index.php?lokasie=/proc/790049/net/igmp6&loknya=/proc/790049/net HTTP/1.1" 200 4368 "http://jforte.com.br/index.php?loknya=/proc/790049/net" "Mozilla/5.0 AppleWebKit/537.36 (KHTML, like Gecko; compatible; GPTBot/1.4; +https://openai.com/gptbot)"
74.7.227.9 - - [14/Jul/2026:21:20:08 -0300] "GET /index.php?lokasie=/proc/790049/net/mcfilter6&loknya=/proc/790049/net HTTP/1.1" 200 4179 "http://jforte.com.br/index.php?loknya=/proc/790049/net" "Mozilla/5.0 AppleWebKit/537.36 (KHTML, like Gecko; compatible; GPTBot/1.4; +https://openai.com/gptbot)"
74.7.227.9 - - [14/Jul/2026:21:20:09 -0300] "GET /index.php?lokasie=/proc/790049/net/fib_triestat&loknya=/proc/790049/net HTTP/1.1" 200 4831 "http://jforte.com.br/index.php?loknya=/proc/790049/net" "Mozilla/5.0 AppleWebKit/537.36 (KHTML, like Gecko; compatible; GPTBot/1.4; +https://openai.com/gptbot)"
74.7.227.9 - - [14/Jul/2026:21:20:09 -0300] "GET /index.php?lokasie=/proc/240260/net/ip6_mr_vif&loknya=/proc/240260/net HTTP/1.1" 200 4144 "http://jforte.com.br/index.php?loknya=/proc/240260/net" "Mozilla/5.0 AppleWebKit/537.36 (KHTML, like Gecko; compatible; GPTBot/1.4; +https://openai.com/gptbot)"
74.7.227.9 - - [14/Jul/2026:21:20:10 -0300] "GET /index.php?lokasie=/proc/790049/net/ip6_mr_vif&loknya=/proc/790049/net HTTP/1.1" 200 4144 "http://jforte.com.br/index.php?loknya=/proc/790049/net" "Mozilla/5.0 AppleWebKit/537.36 (KHTML, like Gecko; compatible; GPTBot/1.4; +https://openai.com/gptbot)"
74.7.227.9 - - [14/Jul/2026:21:20:10 -0300] "GET /index.php?lokasie=/proc/240260/net/ip_mr_vif&loknya=/proc/240260/net HTTP/1.1" 200 4159 "http://jforte.com.br/index.php?loknya=/proc/240260/net" "Mozilla/5.0 AppleWebKit/537.36 (KHTML, like Gecko; compatible; GPTBot/1.4; +https://openai.com/gptbot)"
74.7.227.9 - - [14/Jul/2026:21:20:11 -0300] "GET /index.php?lokasie=/proc/790049/net/ip_mr_vif&loknya=/proc/790049/net HTTP/1.1" 200 4159 "http://jforte.com.br/index.php?loknya=/proc/790049/net" "Mozilla/5.0 AppleWebKit/537.36 (KHTML, like Gecko; compatible; GPTBot/1.4; +https://openai.com/gptbot)"
74.7.227.9 - - [14/Jul/2026:21:20:12 -0300] "GET /index.php?lokasie=/proc/790049/net/ip6_mr_cache&loknya=/proc/790049/net HTTP/1.1" 200 4194 "http://jforte.com.br/index.php?loknya=/proc/790049/net" "Mozilla/5.0 AppleWebKit/537.36 (KHTML, like Gecko; compatible; GPTBot/1.4; +https://openai.com/gptbot)"
74.7.227.9 - - [14/Jul/2026:21:20:12 -0300] "GET /index.php?lokasie=/proc/240260/net/softnet_stat&loknya=/proc/240260/net HTTP/1.1" 200 5963 "http://jforte.com.br/index.php?loknya=/proc/240260/net" "Mozilla/5.0 AppleWebKit/537.36 (KHTML, like Gecko; compatible; GPTBot/1.4; +https://openai.com/gptbot)"
74.7.227.9 - - [14/Jul/2026:21:20:13 -0300] "GET /index.php?lokasie=/proc/790049/net/nf_conntrack&loknya=/proc/790049/net HTTP/1.1" 200 4091 "http://jforte.com.br/index.php?loknya=/proc/790049/net" "Mozilla/5.0 AppleWebKit/537.36 (KHTML, like Gecko; compatible; GPTBot/1.4; +https://openai.com/gptbot)"
74.7.227.9 - - [14/Jul/2026:21:20:13 -0300] "GET /index.php?lokasie=/proc/240260/net/nf_conntrack&loknya=/proc/240260/net HTTP/1.1" 200 4091 "http://jforte.com.br/index.php?loknya=/proc/240260/net" "Mozilla/5.0 AppleWebKit/537.36 (KHTML, like Gecko; compatible; GPTBot/1.4; +https://openai.com/gptbot)"
45.130.83.115 - - [14/Jul/2026:21:20:13 -0300] "GET /wp-admin/profile.php HTTP/1.1" 200 149663 "http://jforte.com.br/wp-login.php" "Mozilla/5.0 (Macintosh; Intel Mac OS X 10_15_7) AppleWebKit/605.1.15 (KHTML, like Gecko) Version/17.0 Safari/605.1.15"
74.7.227.9 - - [14/Jul/2026:21:20:14 -0300] "GET /index.php?lokasie=/proc/240260/net/ip6_mr_cache&loknya=/proc/240260/net HTTP/1.1" 200 4194 "http://jforte.com.br/index.php?loknya=/proc/240260/net" "Mozilla/5.0 AppleWebKit/537.36 (KHTML, like Gecko; compatible; GPTBot/1.4; +https://openai.com/gptbot)"
74.7.227.9 - - [14/Jul/2026:21:20:14 -0300] "GET /index.php?lokasie=/proc/790049/net/nf_conntrack_expect&loknya=/proc/790049/net HTTP/1.1" 200 4098 "http://jforte.com.br/index.php?loknya=/proc/790049/net" "Mozilla/5.0 AppleWebKit/537.36 (KHTML, like Gecko; compatible; GPTBot/1.4; +https://openai.com/gptbot)"
74.7.227.9 - - [14/Jul/2026:21:20:15 -0300] "GET /index.php?lokasie=/proc/240260/net/nf_conntrack_expect&loknya=/proc/240260/net HTTP/1.1" 200 4098 "http://jforte.com.br/index.php?loknya=/proc/240260/net" "Mozilla/5.0 AppleWebKit/537.36 (KHTML, like Gecko; compatible; GPTBot/1.4; +https://openai.com/gptbot)"
74.7.227.9 - - [14/Jul/2026:21:20:15 -0300] "GET /index.php?lokasie=/proc/790049/net/ip_tables_names&loknya=/proc/790049/net HTTP/1.1" 200 4094 "http://jforte.com.br/index.php?loknya=/proc/790049/net" "Mozilla/5.0 AppleWebKit/537.36 (KHTML, like Gecko; compatible; GPTBot/1.4; +https://openai.com/gptbot)"
74.7.227.9 - - [14/Jul/2026:21:20:16 -0300] "GET /index.php?lokasie=/proc/240260/net/ip_tables_names&loknya=/proc/240260/net HTTP/1.1" 200 4094 "http://jforte.com.br/index.php?loknya=/proc/240260/net" "Mozilla/5.0 AppleWebKit/537.36 (KHTML, like Gecko; compatible; GPTBot/1.4; +https://openai.com/gptbot)"
74.7.227.9 - - [14/Jul/2026:21:20:16 -0300] "GET /index.php?lokasie=/proc/240260/net/fib_triestat&loknya=/proc/240260/net HTTP/1.1" 200 4831 "http://jforte.com.br/index.php?loknya=/proc/240260/net" "Mozilla/5.0 AppleWebKit/537.36 (KHTML, like Gecko; compatible; GPTBot/1.4; +https://openai.com/gptbot)"
74.7.227.9 - - [14/Jul/2026:21:20:17 -0300] "GET /index.php?lokasie=/proc/240260/net/ip_tables_targets&loknya=/proc/240260/net HTTP/1.1" 200 4096 "http://jforte.com.br/index.php?loknya=/proc/240260/net" "Mozilla/5.0 AppleWebKit/537.36 (KHTML, like Gecko; compatible; GPTBot/1.4; +https://openai.com/gptbot)"
74.7.227.9 - - [14/Jul/2026:21:20:18 -0300] "GET /index.php?lokasie=/proc/790049/net/ip_tables_targets&loknya=/proc/790049/net HTTP/1.1" 200 4096 "http://jforte.com.br/index.php?loknya=/proc/790049/net" "Mozilla/5.0 AppleWebKit/537.36 (KHTML, like Gecko; compatible; GPTBot/1.4; +https://openai.com/gptbot)"
45.130.83.115 - - [14/Jul/2026:21:20:18 -0300] "GET /wp-admin/edit.php HTTP/1.1" 200 149660 "http://jforte.com.br/wp-login.php" "Mozilla/5.0 (Macintosh; Intel Mac OS X 10_15_7) AppleWebKit/605.1.15 (KHTML, like Gecko) Version/17.0 Safari/605.1.15"
74.7.227.9 - - [14/Jul/2026:21:20:18 -0300] "GET /index.php?lokasie=/proc/240260/net/ip_tables_matches&loknya=/proc/240260/net HTTP/1.1" 200 4096 "http://jforte.com.br/index.php?loknya=/proc/240260/net" "Mozilla/5.0 AppleWebKit/537.36 (KHTML, like Gecko; compatible; GPTBot/1.4; +https://openai.com/gptbot)"
74.7.227.9 - - [14/Jul/2026:21:20:19 -0300] "GET /index.php?lokasie=/proc/790049/net/ip_tables_matches&loknya=/proc/790049/net HTTP/1.1" 200 4096 "http://jforte.com.br/index.php?loknya=/proc/790049/net" "Mozilla/5.0 AppleWebKit/537.36 (KHTML, like Gecko; compatible; GPTBot/1.4; +https://openai.com/gptbot)"
74.7.227.9 - - [14/Jul/2026:21:20:19 -0300] "GET /index.php?lokasie=/proc/342538/net/fib_triestat&loknya=/proc/342538/net HTTP/1.1" 200 4831 "http://jforte.com.br/index.php?loknya=/proc/342538/net" "Mozilla/5.0 AppleWebKit/537.36 (KHTML, like Gecko; compatible; GPTBot/1.4; +https://openai.com/gptbot)"
74.7.227.9 - - [14/Jul/2026:21:20:21 -0300] "GET /index.php?loknya=/proc/33304/net/xt_recent HTTP/1.1" 200 6588 "http://jforte.com.br/index.php?loknya=/proc/33304/net" "Mozilla/5.0 AppleWebKit/537.36 (KHTML, like Gecko; compatible; GPTBot/1.4; +https://openai.com/gptbot)"
74.7.227.9 - - [14/Jul/2026:21:20:22 -0300] "GET /index.php?lokasie=/proc/1990/maps&loknya=/proc/1990 HTTP/1.1" 200 4030 "http://jforte.com.br/index.php?loknya=/proc/1990" "Mozilla/5.0 AppleWebKit/537.36 (KHTML, like Gecko; compatible; GPTBot/1.4; +https://openai.com/gptbot)"
74.7.227.9 - - [14/Jul/2026:21:20:23 -0300] "GET /index.php?lokasie=/proc/240260/net/ip6_flowlabel&loknya=/proc/240260/net HTTP/1.1" 200 4167 "http://jforte.com.br/index.php?loknya=/proc/240260/net" "Mozilla/5.0 AppleWebKit/537.36 (KHTML, like Gecko; compatible; GPTBot/1.4; +https://openai.com/gptbot)"
74.7.227.9 - - [14/Jul/2026:21:20:23 -0300] "GET /index.php?lokasie=/proc/867031/net/ip_tables_targets&loknya=/proc/867031/net HTTP/1.1" 200 4096 "http://jforte.com.br/index.php?loknya=/proc/867031/net" "Mozilla/5.0 AppleWebKit/537.36 (KHTML, like Gecko; compatible; GPTBot/1.4; +https://openai.com/gptbot)"
74.7.227.9 - - [14/Jul/2026:21:20:24 -0300] "GET /index.php?lokasie=/proc/342538/net/ip_tables_matches&loknya=/proc/342538/net HTTP/1.1" 200 4096 "http://jforte.com.br/index.php?loknya=/proc/342538/net" "Mozilla/5.0 AppleWebKit/537.36 (KHTML, like Gecko; compatible; GPTBot/1.4; +https://openai.com/gptbot)"
74.7.227.9 - - [14/Jul/2026:21:20:24 -0300] "GET /index.php?lokasie=/proc/342538/net/ip_tables_targets&loknya=/proc/342538/net HTTP/1.1" 200 4096 "http://jforte.com.br/index.php?loknya=/proc/342538/net" "Mozilla/5.0 AppleWebKit/537.36 (KHTML, like Gecko; compatible; GPTBot/1.4; +https://openai.com/gptbot)"
74.7.227.9 - - [14/Jul/2026:21:20:25 -0300] "GET /index.php?lokasie=/proc/138850/net/ip_tables_matches&loknya=/proc/138850/net HTTP/1.1" 200 4096 "http://jforte.com.br/index.php?loknya=/proc/138850/net" "Mozilla/5.0 AppleWebKit/537.36 (KHTML, like Gecko; compatible; GPTBot/1.4; +https://openai.com/gptbot)"
74.7.227.9 - - [14/Jul/2026:21:20:25 -0300] "GET /index.php?lokasie=/proc/867031/net/ip_tables_matches&loknya=/proc/867031/net HTTP/1.1" 200 4096 "http://jforte.com.br/index.php?loknya=/proc/867031/net" "Mozilla/5.0 AppleWebKit/537.36 (KHTML, like Gecko; compatible; GPTBot/1.4; +https://openai.com/gptbot)"
74.7.227.9 - - [14/Jul/2026:21:20:26 -0300] "GET /index.php?lokasie=/proc/138850/net/ip_tables_targets&loknya=/proc/138850/net HTTP/1.1" 200 4096 "http://jforte.com.br/index.php?loknya=/proc/138850/net" "Mozilla/5.0 AppleWebKit/537.36 (KHTML, like Gecko; compatible; GPTBot/1.4; +https://openai.com/gptbot)"
74.7.227.9 - - [14/Jul/2026:21:20:26 -0300] "GET /index.php?lokasie=/lib64/libldap.so.2&loknya=/lib64 HTTP/1.1" 200 642704 "http://jforte.com.br/index.php?loknya=/lib64" "Mozilla/5.0 AppleWebKit/537.36 (KHTML, like Gecko; compatible; GPTBot/1.4; +https://openai.com/gptbot)"
45.92.229.117 - - [14/Jul/2026:21:20:27 -0300] "GET /wp-admin/plugins.php HTTP/1.1" 200 149663 "http://jforte.com.br/wp-login.php" "Mozilla/5.0 (Macintosh; Intel Mac OS X 10_15_7) AppleWebKit/605.1.15 (KHTML, like Gecko) Version/17.0 Safari/605.1.15"
74.7.227.9 - - [14/Jul/2026:21:20:27 -0300] "GET /index.php?loknya=/proc/1881 HTTP/1.1" 200 70830 "http://jforte.com.br/index.php?loknya=/proc" "Mozilla/5.0 AppleWebKit/537.36 (KHTML, like Gecko; compatible; GPTBot/1.4; +https://openai.com/gptbot)"
74.7.227.9 - - [14/Jul/2026:21:20:28 -0300] "GET /index.php?lokasie=/proc/33304/net/xt_recent/DEFAULT&loknya=/proc/33304/net/xt_recent HTTP/1.1" 200 21019 "http://jforte.com.br/index.php?loknya=/proc/33304/net/xt_recent" "Mozilla/5.0 AppleWebKit/537.36 (KHTML, like Gecko; compatible; GPTBot/1.4; +https://openai.com/gptbot)"
74.7.227.9 - - [14/Jul/2026:21:20:29 -0300] "GET /index.php?loknya=/proc/1001 HTTP/1.1" 200 70830 "http://jforte.com.br/index.php?loknya=/proc" "Mozilla/5.0 AppleWebKit/537.36 (KHTML, like Gecko; compatible; GPTBot/1.4; +https://openai.com/gptbot)"
74.7.227.9 - - [14/Jul/2026:21:20:30 -0300] "GET /index.php?lokasie=/proc/342538/net/ip6_flowlabel&loknya=/proc/342538/net HTTP/1.1" 200 4167 "http://jforte.com.br/index.php?loknya=/proc/342538/net" "Mozilla/5.0 AppleWebKit/537.36 (KHTML, like Gecko; compatible; GPTBot/1.4; +https://openai.com/gptbot)"
74.7.227.9 - - [14/Jul/2026:21:20:30 -0300] "GET /index.php?lokasie=/proc/790049/net/ip6_flowlabel&loknya=/proc/790049/net HTTP/1.1" 200 4167 "http://jforte.com.br/index.php?loknya=/proc/790049/net" "Mozilla/5.0 AppleWebKit/537.36 (KHTML, like Gecko; compatible; GPTBot/1.4; +https://openai.com/gptbot)"
74.7.227.9 - - [14/Jul/2026:21:20:31 -0300] "GET /index.php?lokasie=/proc/138850/net/ip6_flowlabel&loknya=/proc/138850/net HTTP/1.1" 200 4167 "http://jforte.com.br/index.php?loknya=/proc/138850/net" "Mozilla/5.0 AppleWebKit/537.36 (KHTML, like Gecko; compatible; GPTBot/1.4; +https://openai.com/gptbot)"
74.7.227.9 - - [14/Jul/2026:21:20:32 -0300] "GET /index.php?lokasie=/proc/867031/net/ip6_flowlabel&loknya=/proc/867031/net HTTP/1.1" 200 4167 "http://jforte.com.br/index.php?loknya=/proc/867031/net" "Mozilla/5.0 AppleWebKit/537.36 (KHTML, like Gecko; compatible; GPTBot/1.4; +https://openai.com/gptbot)"
74.7.227.9 - - [14/Jul/2026:21:20:32 -0300] "GET /index.php?loknya=/proc/33304/net/stat HTTP/1.1" 200 10502 "http://jforte.com.br/index.php?loknya=/proc/33304/net" "Mozilla/5.0 AppleWebKit/537.36 (KHTML, like Gecko; compatible; GPTBot/1.4; +https://openai.com/gptbot)"
45.92.229.117 - - [14/Jul/2026:21:20:33 -0300] "POST /wp-login.php HTTP/1.1" 200 62780 "http://jforte.com.br/wp-login.php" "Mozilla/5.0 (X11; Ubuntu; Linux x86_64) AppleWebKit/537.36 (KHTML, like Gecko) Chrome/120.0.0.0 Safari/537.36"
74.7.227.9 - - [14/Jul/2026:21:20:33 -0300] "GET /index.php?loknya=/proc/1124122/net HTTP/1.1" 200 5207 "http://jforte.com.br/index.php?loknya=/proc/1124122" "Mozilla/5.0 AppleWebKit/537.36 (KHTML, like Gecko; compatible; GPTBot/1.4; +https://openai.com/gptbot)"
74.7.227.9 - - [14/Jul/2026:21:20:34 -0300] "GET /index.php?loknya=/proc/1002/net HTTP/1.1" 200 76610 "http://jforte.com.br/index.php?loknya=/proc/1002" "Mozilla/5.0 AppleWebKit/537.36 (KHTML, like Gecko; compatible; GPTBot/1.4; +https://openai.com/gptbot)"
74.7.227.9 - - [14/Jul/2026:21:20:35 -0300] "GET /index.php?loknya=/proc/1686/net HTTP/1.1" 200 76610 "http://jforte.com.br/index.php?loknya=/proc/1686" "Mozilla/5.0 AppleWebKit/537.36 (KHTML, like Gecko; compatible; GPTBot/1.4; +https://openai.com/gptbot)"
45.92.229.117 - - [14/Jul/2026:21:20:35 -0300] "GET /wp-admin/index.php HTTP/1.1" 200 149661 "http://jforte.com.br/wp-login.php" "Mozilla/5.0 (Macintosh; Intel Mac OS X 10_15_7) AppleWebKit/537.36 (KHTML, like Gecko) Chrome/119.0.0.0 Safari/537.36"
74.7.227.9 - - [14/Jul/2026:21:20:36 -0300] "GET /index.php?lokasie=/proc/1881/clear_refs&loknya=/proc/1881 HTTP/1.1" 200 4036 "http://jforte.com.br/index.php?loknya=/proc/1881" "Mozilla/5.0 AppleWebKit/537.36 (KHTML, like Gecko; compatible; GPTBot/1.4; +https://openai.com/gptbot)"
74.7.227.9 - - [14/Jul/2026:21:20:37 -0300] "GET /index.php?loknya=/proc/1881/net HTTP/1.1" 200 76610 "http://jforte.com.br/index.php?loknya=/proc/1881" "Mozilla/5.0 AppleWebKit/537.36 (KHTML, like Gecko; compatible; GPTBot/1.4; +https://openai.com/gptbot)"
74.7.227.9 - - [14/Jul/2026:21:20:38 -0300] "GET /index.php?loknya=/proc/1001/net HTTP/1.1" 200 76610 "http://jforte.com.br/index.php?loknya=/proc/1001" "Mozilla/5.0 AppleWebKit/537.36 (KHTML, like Gecko; compatible; GPTBot/1.4; +https://openai.com/gptbot)"
74.7.227.9 - - [14/Jul/2026:21:20:38 -0300] "GET /index.php?loknya=/proc/1631/net HTTP/1.1" 200 76610 "http://jforte.com.br/index.php?loknya=/proc/1631" "Mozilla/5.0 AppleWebKit/537.36 (KHTML, like Gecko; compatible; GPTBot/1.4; +https://openai.com/gptbot)"
45.92.229.117 - - [14/Jul/2026:21:20:39 -0300] "GET /wp-admin/profile.php HTTP/1.1" 200 149663 "http://jforte.com.br/wp-login.php" "Mozilla/5.0 (Macintosh; Intel Mac OS X 10_15_7) AppleWebKit/537.36 (KHTML, like Gecko) Chrome/119.0.0.0 Safari/537.36"
74.7.227.9 - - [14/Jul/2026:21:20:39 -0300] "GET /index.php?loknya=/proc/1186/net HTTP/1.1" 200 76610 "http://jforte.com.br/index.php?loknya=/proc/1186" "Mozilla/5.0 AppleWebKit/537.36 (KHTML, like Gecko; compatible; GPTBot/1.4; +https://openai.com/gptbot)"
74.7.227.9 - - [14/Jul/2026:21:20:40 -0300] "GET /index.php?loknya=/proc/1990/net HTTP/1.1" 200 76610 "http://jforte.com.br/index.php?loknya=/proc/1990" "Mozilla/5.0 AppleWebKit/537.36 (KHTML, like Gecko; compatible; GPTBot/1.4; +https://openai.com/gptbot)"
74.7.227.9 - - [14/Jul/2026:21:20:41 -0300] "GET /index.php?loknya=/proc/1713/net HTTP/1.1" 200 76610 "http://jforte.com.br/index.php?loknya=/proc/1713" "Mozilla/5.0 AppleWebKit/537.36 (KHTML, like Gecko; compatible; GPTBot/1.4; +https://openai.com/gptbot)"
74.7.227.9 - - [14/Jul/2026:21:20:42 -0300] "GET /index.php?lokasie=/proc/33304/net/stat/arp_cache&loknya=/proc/33304/net/stat HTTP/1.1" 200 6251 "http://jforte.com.br/index.php?loknya=/proc/33304/net/stat" "Mozilla/5.0 AppleWebKit/537.36 (KHTML, like Gecko; compatible; GPTBot/1.4; +https://openai.com/gptbot)"
74.7.227.9 - - [14/Jul/2026:21:20:42 -0300] "GET /index.php?lokasie=/proc/33304/net/stat/rt_cache&loknya=/proc/33304/net/stat HTTP/1.1" 200 6837 "http://jforte.com.br/index.php?loknya=/proc/33304/net/stat" "Mozilla/5.0 AppleWebKit/537.36 (KHTML, like Gecko; compatible; GPTBot/1.4; +https://openai.com/gptbot)"
74.7.227.9 - - [14/Jul/2026:21:20:43 -0300] "GET /index.php?lokasie=/proc/1002/net/nf_conntrack_expect&loknya=/proc/1002/net HTTP/1.1" 200 4090 "http://jforte.com.br/index.php?loknya=/proc/1002/net" "Mozilla/5.0 AppleWebKit/537.36 (KHTML, like Gecko; compatible; GPTBot/1.4; +https://openai.com/gptbot)"
45.92.229.117 - - [14/Jul/2026:21:20:44 -0300] "GET /wp-admin/edit.php HTTP/1.1" 200 149660 "http://jforte.com.br/wp-login.php" "Mozilla/5.0 (Macintosh; Intel Mac OS X 10_15_7) AppleWebKit/537.36 (KHTML, like Gecko) Chrome/119.0.0.0 Safari/537.36"
74.7.227.9 - - [14/Jul/2026:21:20:44 -0300] "GET /index.php?lokasie=/proc/1686/net/connector&loknya=/proc/1686/net HTTP/1.1" 200 4119 "http://jforte.com.br/index.php?loknya=/proc/1686/net" "Mozilla/5.0 AppleWebKit/537.36 (KHTML, like Gecko; compatible; GPTBot/1.4; +https://openai.com/gptbot)"
74.7.227.9 - - [14/Jul/2026:21:20:45 -0300] "GET /index.php?lokasie=/proc/1002/net/connector&loknya=/proc/1002/net HTTP/1.1" 200 4119 "http://jforte.com.br/index.php?loknya=/proc/1002/net" "Mozilla/5.0 AppleWebKit/537.36 (KHTML, like Gecko; compatible; GPTBot/1.4; +https://openai.com/gptbot)"
74.7.227.9 - - [14/Jul/2026:21:20:46 -0300] "GET /index.php?lokasie=/proc/1881/net/psched&loknya=/proc/1881/net HTTP/1.1" 200 4113 "http://jforte.com.br/index.php?loknya=/proc/1881/net" "Mozilla/5.0 AppleWebKit/537.36 (KHTML, like Gecko; compatible; GPTBot/1.4; +https://openai.com/gptbot)"
74.7.227.9 - - [14/Jul/2026:21:20:47 -0300] "GET /index.php?lokasie=/proc/1001/net/sockstat6&loknya=/proc/1001/net HTTP/1.1" 200 4164 "http://jforte.com.br/index.php?loknya=/proc/1001/net" "Mozilla/5.0 AppleWebKit/537.36 (KHTML, like Gecko; compatible; GPTBot/1.4; +https://openai.com/gptbot)"
74.7.227.9 - - [14/Jul/2026:21:20:47 -0300] "GET /index.php?lokasie=/proc/1001/net/rt_acct&loknya=/proc/1001/net HTTP/1.1" 200 8174 "http://jforte.com.br/index.php?loknya=/proc/1001/net" "Mozilla/5.0 AppleWebKit/537.36 (KHTML, like Gecko; compatible; GPTBot/1.4; +https://openai.com/gptbot)"
74.7.227.9 - - [14/Jul/2026:21:20:48 -0300] "GET /index.php?lokasie=/proc/1186/net/nf_conntrack&loknya=/proc/1186/net HTTP/1.1" 200 4083 "http://jforte.com.br/index.php?loknya=/proc/1186/net" "Mozilla/5.0 AppleWebKit/537.36 (KHTML, like Gecko; compatible; GPTBot/1.4; +https://openai.com/gptbot)"
45.92.229.117 - - [14/Jul/2026:21:20:48 -0300] "GET /wp-admin/plugins.php HTTP/1.1" 200 149663 "http://jforte.com.br/wp-login.php" "Mozilla/5.0 (Macintosh; Intel Mac OS X 10_15_7) AppleWebKit/537.36 (KHTML, like Gecko) Chrome/119.0.0.0 Safari/537.36"
74.7.227.9 - - [14/Jul/2026:21:20:49 -0300] "GET /index.php?lokasie=/proc/1001/net/psched&loknya=/proc/1001/net HTTP/1.1" 200 4113 "http://jforte.com.br/index.php?loknya=/proc/1001/net" "Mozilla/5.0 AppleWebKit/537.36 (KHTML, like Gecko; compatible; GPTBot/1.4; +https://openai.com/gptbot)"
74.7.227.9 - - [14/Jul/2026:21:20:49 -0300] "GET /index.php?lokasie=/proc/1001/net/route&loknya=/proc/1001/net HTTP/1.1" 200 4588 "http://jforte.com.br/index.php?loknya=/proc/1001/net" "Mozilla/5.0 AppleWebKit/537.36 (KHTML, like Gecko; compatible; GPTBot/1.4; +https://openai.com/gptbot)"
74.7.227.9 - - [14/Jul/2026:21:20:50 -0300] "GET /index.php?lokasie=/proc/1881/net/route&loknya=/proc/1881/net HTTP/1.1" 200 4588 "http://jforte.com.br/index.php?loknya=/proc/1881/net" "Mozilla/5.0 AppleWebKit/537.36 (KHTML, like Gecko; compatible; GPTBot/1.4; +https://openai.com/gptbot)"
74.7.227.9 - - [14/Jul/2026:21:20:51 -0300] "GET /index.php?lokasie=/proc/1001/net/tcp&loknya=/proc/1001/net HTTP/1.1" 200 139227 "http://jforte.com.br/index.php?loknya=/proc/1001/net" "Mozilla/5.0 AppleWebKit/537.36 (KHTML, like Gecko; compatible; GPTBot/1.4; +https://openai.com/gptbot)"
74.7.227.9 - - [14/Jul/2026:21:20:52 -0300] "GET /index.php?lokasie=/proc/1881/net/tcp&loknya=/proc/1881/net HTTP/1.1" 200 140577 "http://jforte.com.br/index.php?loknya=/proc/1881/net" "Mozilla/5.0 AppleWebKit/537.36 (KHTML, like Gecko; compatible; GPTBot/1.4; +https://openai.com/gptbot)"
74.7.227.9 - - [14/Jul/2026:21:20:53 -0300] "GET /index.php?lokasie=/proc/1001/net/arp&loknya=/proc/1001/net HTTP/1.1" 200 4384 "http://jforte.com.br/index.php?loknya=/proc/1001/net" "Mozilla/5.0 AppleWebKit/537.36 (KHTML, like Gecko; compatible; GPTBot/1.4; +https://openai.com/gptbot)"
45.92.229.117 - - [14/Jul/2026:21:20:53 -0300] "POST /wp-login.php HTTP/1.1" 200 62780 "http://jforte.com.br/wp-login.php" "Mozilla/5.0 (Macintosh; Intel Mac OS X 10_15_7; rv:121.0) Gecko/20100101 Firefox/121.0"
74.7.227.9 - - [14/Jul/2026:21:20:53 -0300] "GET /index.php?lokasie=/proc/1881/net/arp&loknya=/proc/1881/net HTTP/1.1" 200 4384 "http://jforte.com.br/index.php?loknya=/proc/1881/net" "Mozilla/5.0 AppleWebKit/537.36 (KHTML, like Gecko; compatible; GPTBot/1.4; +https://openai.com/gptbot)"
74.7.227.9 - - [14/Jul/2026:21:20:54 -0300] "GET /index.php?lokasie=/proc/1001/net/packet&loknya=/proc/1001/net HTTP/1.1" 200 4271 "http://jforte.com.br/index.php?loknya=/proc/1001/net" "Mozilla/5.0 AppleWebKit/537.36 (KHTML, like Gecko; compatible; GPTBot/1.4; +https://openai.com/gptbot)"
45.92.229.117 - - [14/Jul/2026:21:20:55 -0300] "GET /wp-admin/index.php HTTP/1.1" 200 149661 "http://jforte.com.br/wp-login.php" "Mozilla/5.0 (X11; Ubuntu; Linux x86_64) AppleWebKit/537.36 (KHTML, like Gecko) Chrome/119.0.0.0 Safari/537.36"
74.7.227.9 - - [14/Jul/2026:21:20:55 -0300] "GET /index.php?lokasie=/proc/1001/net/ptype&loknya=/proc/1001/net HTTP/1.1" 200 4194 "http://jforte.com.br/index.php?loknya=/proc/1001/net" "Mozilla/5.0 AppleWebKit/537.36 (KHTML, like Gecko; compatible; GPTBot/1.4; +https://openai.com/gptbot)"
74.7.227.9 - - [14/Jul/2026:21:20:56 -0300] "GET /index.php?lokasie=/proc/1881/net/packet&loknya=/proc/1881/net HTTP/1.1" 200 4271 "http://jforte.com.br/index.php?loknya=/proc/1881/net" "Mozilla/5.0 AppleWebKit/537.36 (KHTML, like Gecko; compatible; GPTBot/1.4; +https://openai.com/gptbot)"
74.7.227.9 - - [14/Jul/2026:21:20:57 -0300] "GET /index.php?lokasie=/proc/1881/net/ptype&loknya=/proc/1881/net HTTP/1.1" 200 4194 "http://jforte.com.br/index.php?loknya=/proc/1881/net" "Mozilla/5.0 AppleWebKit/537.36 (KHTML, like Gecko; compatible; GPTBot/1.4; +https://openai.com/gptbot)"
74.7.227.9 - - [14/Jul/2026:21:20:58 -0300] "GET /index.php?lokasie=/proc/1881/net/sockstat&loknya=/proc/1881/net HTTP/1.1" 200 4222 "http://jforte.com.br/index.php?loknya=/proc/1881/net" "Mozilla/5.0 AppleWebKit/537.36 (KHTML, like Gecko; compatible; GPTBot/1.4; +https://openai.com/gptbot)"
74.7.227.9 - - [14/Jul/2026:21:20:59 -0300] "GET /index.php?lokasie=/proc/1713/net/connector&loknya=/proc/1713/net HTTP/1.1" 200 4119 "http://jforte.com.br/index.php?loknya=/proc/1713/net" "Mozilla/5.0 AppleWebKit/537.36 (KHTML, like Gecko; compatible; GPTBot/1.4; +https://openai.com/gptbot)"
74.7.227.9 - - [14/Jul/2026:21:21:00 -0300] "GET /index.php?lokasie=/proc/1631/net/connector&loknya=/proc/1631/net HTTP/1.1" 200 4119 "http://jforte.com.br/index.php?loknya=/proc/1631/net" "Mozilla/5.0 AppleWebKit/537.36 (KHTML, like Gecko; compatible; GPTBot/1.4; +https://openai.com/gptbot)"
74.7.227.9 - - [14/Jul/2026:21:21:00 -0300] "GET /index.php?lokasie=/proc/1990/net/connector&loknya=/proc/1990/net HTTP/1.1" 200 4119 "http://jforte.com.br/index.php?loknya=/proc/1990/net" "Mozilla/5.0 AppleWebKit/537.36 (KHTML, like Gecko; compatible; GPTBot/1.4; +https://openai.com/gptbot)"
74.7.227.9 - - [14/Jul/2026:21:21:01 -0300] "GET /index.php?lokasie=/proc/1186/net/connector&loknya=/proc/1186/net HTTP/1.1" 200 4119 "http://jforte.com.br/index.php?loknya=/proc/1186/net" "Mozilla/5.0 AppleWebKit/537.36 (KHTML, like Gecko; compatible; GPTBot/1.4; +https://openai.com/gptbot)"
74.7.227.9 - - [14/Jul/2026:21:21:02 -0300] "GET /index.php?lokasie=/proc/1001/net/sockstat&loknya=/proc/1001/net HTTP/1.1" 200 4222 "http://jforte.com.br/index.php?loknya=/proc/1001/net" "Mozilla/5.0 AppleWebKit/537.36 (KHTML, like Gecko; compatible; GPTBot/1.4; +https://openai.com/gptbot)"
74.7.227.9 - - [14/Jul/2026:21:21:03 -0300] "GET /index.php?lokasie=/proc/1881/net/protocols&loknya=/proc/1881/net HTTP/1.1" 200 6324 "http://jforte.com.br/index.php?loknya=/proc/1881/net" "Mozilla/5.0 AppleWebKit/537.36 (KHTML, like Gecko; compatible; GPTBot/1.4; +https://openai.com/gptbot)"
74.7.227.9 - - [14/Jul/2026:21:21:04 -0300] "GET /index.php?lokasie=/proc/1001/net/connector&loknya=/proc/1001/net HTTP/1.1" 200 4119 "http://jforte.com.br/index.php?loknya=/proc/1001/net" "Mozilla/5.0 AppleWebKit/537.36 (KHTML, like Gecko; compatible; GPTBot/1.4; +https://openai.com/gptbot)"
45.130.83.112 - - [14/Jul/2026:21:21:03 -0300] "GET /wp-admin/edit.php HTTP/1.1" 200 149660 "http://jforte.com.br/wp-login.php" "Mozilla/5.0 (X11; Ubuntu; Linux x86_64) AppleWebKit/537.36 (KHTML, like Gecko) Chrome/119.0.0.0 Safari/537.36"
74.7.227.9 - - [14/Jul/2026:21:21:04 -0300] "GET /index.php?lokasie=/proc/1881/net/netstat&loknya=/proc/1881/net HTTP/1.1" 200 8044 "http://jforte.com.br/index.php?loknya=/proc/1881/net" "Mozilla/5.0 AppleWebKit/537.36 (KHTML, like Gecko; compatible; GPTBot/1.4; +https://openai.com/gptbot)"
74.7.227.9 - - [14/Jul/2026:21:21:05 -0300] "GET /index.php?lokasie=/proc/1881/net/netlink&loknya=/proc/1881/net HTTP/1.1" 200 8399 "http://jforte.com.br/index.php?loknya=/proc/1881/net" "Mozilla/5.0 AppleWebKit/537.36 (KHTML, like Gecko; compatible; GPTBot/1.4; +https://openai.com/gptbot)"
74.7.227.9 - - [14/Jul/2026:21:21:06 -0300] "GET /index.php?lokasie=/proc/1001/net/netstat&loknya=/proc/1001/net HTTP/1.1" 200 8044 "http://jforte.com.br/index.php?loknya=/proc/1001/net" "Mozilla/5.0 AppleWebKit/537.36 (KHTML, like Gecko; compatible; GPTBot/1.4; +https://openai.com/gptbot)"
74.7.227.9 - - [14/Jul/2026:21:21:06 -0300] "GET /index.php?lokasie=/proc/1881/net/connector&loknya=/proc/1881/net HTTP/1.1" 200 4119 "http://jforte.com.br/index.php?loknya=/proc/1881/net" "Mozilla/5.0 AppleWebKit/537.36 (KHTML, like Gecko; compatible; GPTBot/1.4; +https://openai.com/gptbot)"
74.7.227.9 - - [14/Jul/2026:21:21:07 -0300] "GET /index.php?lokasie=/proc/1881/net/snmp6&loknya=/proc/1881/net HTTP/1.1" 200 7099 "http://jforte.com.br/index.php?loknya=/proc/1881/net" "Mozilla/5.0 AppleWebKit/537.36 (KHTML, like Gecko; compatible; GPTBot/1.4; +https://openai.com/gptbot)"
45.130.83.112 - - [14/Jul/2026:21:21:07 -0300] "GET /wp-admin/plugins.php HTTP/1.1" 200 149663 "http://jforte.com.br/wp-login.php" "Mozilla/5.0 (X11; Ubuntu; Linux x86_64) AppleWebKit/537.36 (KHTML, like Gecko) Chrome/119.0.0.0 Safari/537.36"
74.7.227.9 - - [14/Jul/2026:21:21:08 -0300] "GET /index.php?lokasie=/proc/1686/net/snmp6&loknya=/proc/1686/net HTTP/1.1" 200 7099 "http://jforte.com.br/index.php?loknya=/proc/1686/net" "Mozilla/5.0 AppleWebKit/537.36 (KHTML, like Gecko; compatible; GPTBot/1.4; +https://openai.com/gptbot)"
74.7.227.9 - - [14/Jul/2026:21:21:09 -0300] "GET /index.php?lokasie=/proc/1881/net/icmp6&loknya=/proc/1881/net HTTP/1.1" 200 4242 "http://jforte.com.br/index.php?loknya=/proc/1881/net" "Mozilla/5.0 AppleWebKit/537.36 (KHTML, like Gecko; compatible; GPTBot/1.4; +https://openai.com/gptbot)"
74.7.227.9 - - [14/Jul/2026:21:21:10 -0300] "GET /index.php?lokasie=/proc/1001/net/icmp6&loknya=/proc/1001/net HTTP/1.1" 200 4242 "http://jforte.com.br/index.php?loknya=/proc/1001/net" "Mozilla/5.0 AppleWebKit/537.36 (KHTML, like Gecko; compatible; GPTBot/1.4; +https://openai.com/gptbot)"
74.7.227.9 - - [14/Jul/2026:21:21:10 -0300] "GET /index.php?lokasie=/proc/1686/net/icmp6&loknya=/proc/1686/net HTTP/1.1" 200 4242 "http://jforte.com.br/index.php?loknya=/proc/1686/net" "Mozilla/5.0 AppleWebKit/537.36 (KHTML, like Gecko; compatible; GPTBot/1.4; +https://openai.com/gptbot)"
74.7.227.9 - - [14/Jul/2026:21:21:11 -0300] "GET /index.php?lokasie=/proc/1186/net/snmp6&loknya=/proc/1186/net HTTP/1.1" 200 7099 "http://jforte.com.br/index.php?loknya=/proc/1186/net" "Mozilla/5.0 AppleWebKit/537.36 (KHTML, like Gecko; compatible; GPTBot/1.4; +https://openai.com/gptbot)"
74.7.227.9 - - [14/Jul/2026:21:21:12 -0300] "GET /index.php?lokasie=/proc/1631/net/icmp6&loknya=/proc/1631/net HTTP/1.1" 200 4242 "http://jforte.com.br/index.php?loknya=/proc/1631/net" "Mozilla/5.0 AppleWebKit/537.36 (KHTML, like Gecko; compatible; GPTBot/1.4; +https://openai.com/gptbot)"
74.7.227.9 - - [14/Jul/2026:21:21:12 -0300] "GET /index.php?lokasie=/proc/1186/net/icmp6&loknya=/proc/1186/net HTTP/1.1" 200 4242 "http://jforte.com.br/index.php?loknya=/proc/1186/net" "Mozilla/5.0 AppleWebKit/537.36 (KHTML, like Gecko; compatible; GPTBot/1.4; +https://openai.com/gptbot)"
74.7.227.9 - - [14/Jul/2026:21:21:13 -0300] "GET /index.php?lokasie=/proc/1686/net/igmp6&loknya=/proc/1686/net HTTP/1.1" 200 4360 "http://jforte.com.br/index.php?loknya=/proc/1686/net" "Mozilla/5.0 AppleWebKit/537.36 (KHTML, like Gecko; compatible; GPTBot/1.4; +https://openai.com/gptbot)"
74.7.227.9 - - [14/Jul/2026:21:21:14 -0300] "GET /index.php?lokasie=/proc/1631/net/snmp6&loknya=/proc/1631/net HTTP/1.1" 200 7099 "http://jforte.com.br/index.php?loknya=/proc/1631/net" "Mozilla/5.0 AppleWebKit/537.36 (KHTML, like Gecko; compatible; GPTBot/1.4; +https://openai.com/gptbot)"
74.7.227.9 - - [14/Jul/2026:21:21:15 -0300] "GET /index.php?lokasie=/proc/1881/net/igmp6&loknya=/proc/1881/net HTTP/1.1" 200 4360 "http://jforte.com.br/index.php?loknya=/proc/1881/net" "Mozilla/5.0 AppleWebKit/537.36 (KHTML, like Gecko; compatible; GPTBot/1.4; +https://openai.com/gptbot)"
74.7.227.9 - - [14/Jul/2026:21:21:15 -0300] "GET /index.php?lokasie=/proc/1001/net/igmp6&loknya=/proc/1001/net HTTP/1.1" 200 4360 "http://jforte.com.br/index.php?loknya=/proc/1001/net" "Mozilla/5.0 AppleWebKit/537.36 (KHTML, like Gecko; compatible; GPTBot/1.4; +https://openai.com/gptbot)"
74.7.227.9 - - [14/Jul/2026:21:21:16 -0300] "GET /index.php?lokasie=/proc/1186/net/raw&loknya=/proc/1186/net HTTP/1.1" 200 4192 "http://jforte.com.br/index.php?loknya=/proc/1186/net" "Mozilla/5.0 AppleWebKit/537.36 (KHTML, like Gecko; compatible; GPTBot/1.4; +https://openai.com/gptbot)"
74.7.227.9 - - [14/Jul/2026:21:21:17 -0300] "GET /index.php?lokasie=/proc/1002/net/raw&loknya=/proc/1002/net HTTP/1.1" 200 4192 "http://jforte.com.br/index.php?loknya=/proc/1002/net" "Mozilla/5.0 AppleWebKit/537.36 (KHTML, like Gecko; compatible; GPTBot/1.4; +https://openai.com/gptbot)"
74.7.227.9 - - [14/Jul/2026:21:21:18 -0300] "GET /index.php?lokasie=/proc/1713/net/raw&loknya=/proc/1713/net HTTP/1.1" 200 4192 "http://jforte.com.br/index.php?loknya=/proc/1713/net" "Mozilla/5.0 AppleWebKit/537.36 (KHTML, like Gecko; compatible; GPTBot/1.4; +https://openai.com/gptbot)"
74.7.227.9 - - [14/Jul/2026:21:21:20 -0300] "GET /index.php?lokasie=/proc/1002/net/udp&loknya=/proc/1002/net HTTP/1.1" 200 5101 "http://jforte.com.br/index.php?loknya=/proc/1002/net" "Mozilla/5.0 AppleWebKit/537.36 (KHTML, like Gecko; compatible; GPTBot/1.4; +https://openai.com/gptbot)"
74.7.227.9 - - [14/Jul/2026:21:21:21 -0300] "GET /index.php?lokasie=/proc/1990/net/udp&loknya=/proc/1990/net HTTP/1.1" 200 5101 "http://jforte.com.br/index.php?loknya=/proc/1990/net" "Mozilla/5.0 AppleWebKit/537.36 (KHTML, like Gecko; compatible; GPTBot/1.4; +https://openai.com/gptbot)"
74.7.227.9 - - [14/Jul/2026:21:21:21 -0300] "GET /index.php?lokasie=/proc/1990/net/raw&loknya=/proc/1990/net HTTP/1.1" 200 4192 "http://jforte.com.br/index.php?loknya=/proc/1990/net" "Mozilla/5.0 AppleWebKit/537.36 (KHTML, like Gecko; compatible; GPTBot/1.4; +https://openai.com/gptbot)"
74.7.227.9 - - [14/Jul/2026:21:21:22 -0300] "GET /index.php?lokasie=/proc/1186/net/udp&loknya=/proc/1186/net HTTP/1.1" 200 5101 "http://jforte.com.br/index.php?loknya=/proc/1186/net" "Mozilla/5.0 AppleWebKit/537.36 (KHTML, like Gecko; compatible; GPTBot/1.4; +https://openai.com/gptbot)"
